{"version":"1.0","provider_name":"Haute-Ecole Arc","provider_url":"https:\/\/www.he-arc.ch\/en\/","title":"Journ\u00e9e de formation ERMP : Biais - V\u00e9rit\u00e9s (re)construites - Haute-Ecole Arc","type":"rich","width":600,"height":338,"html":"<blockquote class=\"wp-embedded-content\" data-secret=\"0Jbdps9ykY\"><a href=\"https:\/\/www.he-arc.ch\/en\/agenda\/journee-de-formation-ermp-biais-verites-reconstruites\/\">Journ\u00e9e de formation ERMP : Biais &#8211; V\u00e9rit\u00e9s (re)construites<\/a><\/blockquote><iframe sandbox=\"allow-scripts\" security=\"restricted\" src=\"https:\/\/www.he-arc.ch\/en\/agenda\/journee-de-formation-ermp-biais-verites-reconstruites\/embed\/#?secret=0Jbdps9ykY\" width=\"600\" height=\"338\" title=\"&#8220;Journ\u00e9e de formation ERMP : Biais &#8211; V\u00e9rit\u00e9s (re)construites&#8221; &#8212; Haute-Ecole Arc\" data-secret=\"0Jbdps9ykY\" frameborder=\"0\" marginwidth=\"0\" marginheight=\"0\" scrolling=\"no\" class=\"wp-embedded-content\"><\/iframe><script type=\"text\/javascript\">\n\/* <![CDATA[ *\/\n\/*! This file is auto-generated *\/\n!function(d,l){\"use strict\";l.querySelector&&d.addEventListener&&\"undefined\"!=typeof URL&&(d.wp=d.wp||{},d.wp.receiveEmbedMessage||(d.wp.receiveEmbedMessage=function(e){var t=e.data;if((t||t.secret||t.message||t.value)&&!\/[^a-zA-Z0-9]\/.test(t.secret)){for(var s,r,n,a=l.querySelectorAll('iframe[data-secret=\"'+t.secret+'\"]'),o=l.querySelectorAll('blockquote[data-secret=\"'+t.secret+'\"]'),c=new RegExp(\"^https?:$\",\"i\"),i=0;i<o.length;i++)o[i].style.display=\"none\";for(i=0;i<a.length;i++)s=a[i],e.source===s.contentWindow&&(s.removeAttribute(\"style\"),\"height\"===t.message?(1e3<(r=parseInt(t.value,10))?r=1e3:~~r<200&&(r=200),s.height=r):\"link\"===t.message&&(r=new URL(s.getAttribute(\"src\")),n=new URL(t.value),c.test(n.protocol))&&n.host===r.host&&l.activeElement===s&&(d.top.location.href=t.value))}},d.addEventListener(\"message\",d.wp.receiveEmbedMessage,!1),l.addEventListener(\"DOMContentLoaded\",function(){for(var e,t,s=l.querySelectorAll(\"iframe.wp-embedded-content\"),r=0;r<s.length;r++)(t=(e=s[r]).getAttribute(\"data-secret\"))||(t=Math.random().toString(36).substring(2,12),e.src+=\"#?secret=\"+t,e.setAttribute(\"data-secret\",t)),e.contentWindow.postMessage({message:\"ready\",secret:t},\"*\")},!1)))}(window,document);\n\/\/# sourceURL=https:\/\/www.he-arc.ch\/wp-includes\/js\/wp-embed.min.js\n\/* ]]> *\/\n<\/script>\n","thumbnail_url":"https:\/\/www.he-arc.ch\/wp-content\/uploads\/2021\/10\/Agenda-Conference-Colloque-Seminaire.jpg","thumbnail_width":2500,"thumbnail_height":1375,"description":"L\u2019accent sera mis sur la recherche, la s\u00e9lection et l\u2019\u00e9valuation des traces. Dans un premier temps, un regard sera port\u00e9 sur le fonctionnement du cerveau et les m\u00e9canismes de traitement de l\u2019information. Dans un deuxi\u00e8me temps, il s\u2019agira de discuter, dans le cadre d\u2019un \u00e9change commun, de m\u00e9thodes et d\u2019approches appropri\u00e9es pour r\u00e9duire efficacement les [&hellip;]"}

Journée de formation ERMP : Biais - Vérités (re)construites - Haute-Ecole Arc

<blockquote class="wp-embedded-content" data-secret="0Jbdps9ykY"><a href="https://www.he-arc.ch/en/agenda/journee-de-formation-ermp-biais-verites-reconstruites/">Journée de formation ERMP : Biais &#8211; Vérités (re)construites</a></blockquote><iframe sandbox="allow-scripts" security="restricted" src="https://www.he-arc.ch/en/agenda/journee-de-formation-ermp-biais-verites-reconstruites/embed/#?secret=0Jbdps9ykY" width="600" height="338" title="&#8220;Journée de formation ERMP : Biais &#8211; Vérités (re)construites&#8221; &#8212; Haute-Ecole Arc" data-secret="0Jbdps9ykY" frameborder="0" marginwidth="0" marginheight="0" scrolling="no" class="wp-embedded-content"></iframe><script type="text/javascript">
/* <![CDATA[ */
/*! This file is auto-generated */
!function(d,l){"use strict";l.querySelector&&d.addEventListener&&"undefined"!=typeof URL&&(d.wp=d.wp||{},d.wp.receiveEmbedMessage||(d.wp.receiveEmbedMessage=function(e){var t=e.data;if((t||t.secret||t.message||t.value)&&!/[^a-zA-Z0-9]/.test(t.secret)){for(var s,r,n,a=l.querySelectorAll('iframe[data-secret="'+t.secret+'"]'),o=l.querySelectorAll('blockquote[data-secret="'+t.secret+'"]'),c=new RegExp("^https?:$","i"),i=0;i<o.length;i++)o[i].style.display="none";for(i=0;i<a.length;i++)s=a[i],e.source===s.contentWindow&&(s.removeAttribute("style"),"height"===t.message?(1e3<(r=parseInt(t.value,10))?r=1e3:~~r<200&&(r=200),s.height=r):"link"===t.message&&(r=new URL(s.getAttribute("src")),n=new URL(t.value),c.test(n.protocol))&&n.host===r.host&&l.activeElement===s&&(d.top.location.href=t.value))}},d.addEventListener("message",d.wp.receiveEmbedMessage,!1),l.addEventListener("DOMContentLoaded",function(){for(var e,t,s=l.querySelectorAll("iframe.wp-embedded-content"),r=0;r<s.length;r++)(t=(e=s[r]).getAttribute("data-secret"))||(t=Math.random().toString(36).substring(2,12),e.src+="#?secret="+t,e.setAttribute("data-secret",t)),e.contentWindow.postMessage({message:"ready",secret:t},"*")},!1)))}(window,document);
//# sourceURL=https://www.he-arc.ch/wp-includes/js/wp-embed.min.js
/* ]]> */
</script>

L’accent sera mis sur la recherche, la sélection et l’évaluation des traces. Dans un premier temps, un regard sera porté sur le fonctionnement du cerveau et les mécanismes de traitement de l’information. Dans un deuxième temps, il s’agira de discuter, dans le cadre d’un échange commun, de méthodes et d’approches appropriées pour réduire efficacement les [&hellip;]
