{"id":13014,"date":"2021-12-09T07:28:54","date_gmt":"2021-12-09T07:28:54","guid":{"rendered":"https:\/\/www.he-arc.ch\/?post_type=he-arc_event&#038;p=13014"},"modified":"2021-12-09T07:36:16","modified_gmt":"2021-12-09T07:36:16","slug":"reseaux-sociaux-quelles-tendances-en-2022","status":"publish","type":"he-arc_event","link":"https:\/\/www.he-arc.ch\/en\/agenda\/reseaux-sociaux-quelles-tendances-en-2022\/","title":{"rendered":"R\u00e9seaux sociaux: quelles tendances en 2022?"},"content":{"rendered":"\n<p>Ev\u00e9nement&nbsp;en ligne gratuit qui pr\u00e9sente les grandes tendances 2022 pour Facebook, Instagram, LinkedIn et TikTok.<\/p>\n\n\n\n<p>Public cible : Professionnels du marketing et de la communication, community managers<\/p>\n\n\n\n<p>Intervenant-e-s : Valentine Delacrausaz et Michael Perret, sp\u00e9cialistes m\u00e9dias sociaux et membres de l\u2019<a href=\"https:\/\/www.he-arc.ch\/gestion\/institut-de-la-communication-et-du-marketing-experientiel-icme\/\">ICME<\/a><\/p>\n\n\n\n<p>Les modalit\u00e9s de participation au webinaire seront communiqu\u00e9es par mail.<\/p>\n\n\n\n<ul class=\"wp-block-list\"><li><a href=\"https:\/\/www.ig.he-arc.ch\/socialnetwork2022\/\" target=\"_blank\" rel=\"noreferrer noopener\">Inscription<\/a><\/li><li><a href=\"mailto:melissa.lopez-garcia@he-arc.ch\" target=\"_blank\" rel=\"noreferrer noopener\">Contact<\/a><\/li><\/ul>\n","protected":false},"author":12,"featured_media":5166,"template":"","he-arc_domain":[2],"he-arc_event_category":[16],"class_list":["post-13014","he-arc_event","type-he-arc_event","status-publish","has-post-thumbnail","hentry","he-arc_domain-gestion","he-arc_event_category-seminaire-conference"],"acf":[],"yoast_head":"<!-- This site is optimized with the Yoast SEO plugin v26.6 - https:\/\/yoast.com\/wordpress\/plugins\/seo\/ -->\n<title>R\u00e9seaux sociaux: quelles tendances en 2022? - Haute-Ecole Arc<\/title>\n<meta name=\"robots\" content=\"index, follow, max-snippet:-1, max-image-preview:large, max-video-preview:-1\" \/>\n<link rel=\"canonical\" href=\"https:\/\/www.he-arc.ch\/en\/agenda\/reseaux-sociaux-quelles-tendances-en-2022\/\" \/>\n<meta property=\"og:locale\" content=\"en_US\" \/>\n<meta property=\"og:type\" content=\"article\" \/>\n<meta property=\"og:title\" content=\"R\u00e9seaux sociaux: quelles tendances en 2022? - Haute-Ecole Arc\" \/>\n<meta property=\"og:description\" content=\"Ev\u00e9nement&nbsp;en ligne gratuit qui pr\u00e9sente les grandes tendances 2022 pour Facebook, Instagram, LinkedIn et TikTok. Public cible : Professionnels du marketing et de la communication, community managers Intervenant-e-s : Valentine Delacrausaz et Michael Perret, sp\u00e9cialistes m\u00e9dias sociaux et membres de l\u2019ICME Les modalit\u00e9s de participation au webinaire seront communiqu\u00e9es par mail. Inscription Contact\" \/>\n<meta property=\"og:url\" content=\"https:\/\/www.he-arc.ch\/en\/agenda\/reseaux-sociaux-quelles-tendances-en-2022\/\" \/>\n<meta property=\"og:site_name\" content=\"Haute-Ecole Arc\" \/>\n<meta property=\"article:modified_time\" content=\"2021-12-09T07:36:16+00:00\" \/>\n<meta property=\"og:image\" content=\"https:\/\/www.he-arc.ch\/wp-content\/uploads\/2021\/10\/Agenda-Conference-Colloque-Seminaire.jpg\" \/>\n\t<meta property=\"og:image:width\" content=\"2500\" \/>\n\t<meta property=\"og:image:height\" content=\"1375\" \/>\n\t<meta property=\"og:image:type\" content=\"image\/jpeg\" \/>\n<meta name=\"twitter:card\" content=\"summary_large_image\" \/>\n<meta name=\"twitter:label1\" content=\"Est. reading time\" \/>\n\t<meta name=\"twitter:data1\" content=\"1 minute\" \/>\n<script type=\"application\/ld+json\" class=\"yoast-schema-graph\">{\"@context\":\"https:\/\/schema.org\",\"@graph\":[{\"@type\":\"WebPage\",\"@id\":\"https:\/\/www.he-arc.ch\/en\/agenda\/reseaux-sociaux-quelles-tendances-en-2022\/\",\"url\":\"https:\/\/www.he-arc.ch\/en\/agenda\/reseaux-sociaux-quelles-tendances-en-2022\/\",\"name\":\"R\u00e9seaux sociaux: quelles tendances en 2022? - Haute-Ecole Arc\",\"isPartOf\":{\"@id\":\"https:\/\/www.he-arc.ch\/en\/#website\"},\"primaryImageOfPage\":{\"@id\":\"https:\/\/www.he-arc.ch\/en\/agenda\/reseaux-sociaux-quelles-tendances-en-2022\/#primaryimage\"},\"image\":{\"@id\":\"https:\/\/www.he-arc.ch\/en\/agenda\/reseaux-sociaux-quelles-tendances-en-2022\/#primaryimage\"},\"thumbnailUrl\":\"https:\/\/www.he-arc.ch\/wp-content\/uploads\/2021\/10\/Agenda-Conference-Colloque-Seminaire.jpg\",\"datePublished\":\"2021-12-09T07:28:54+00:00\",\"dateModified\":\"2021-12-09T07:36:16+00:00\",\"breadcrumb\":{\"@id\":\"https:\/\/www.he-arc.ch\/en\/agenda\/reseaux-sociaux-quelles-tendances-en-2022\/#breadcrumb\"},\"inLanguage\":\"en-US\",\"potentialAction\":[{\"@type\":\"ReadAction\",\"target\":[\"https:\/\/www.he-arc.ch\/en\/agenda\/reseaux-sociaux-quelles-tendances-en-2022\/\"]}]},{\"@type\":\"ImageObject\",\"inLanguage\":\"en-US\",\"@id\":\"https:\/\/www.he-arc.ch\/en\/agenda\/reseaux-sociaux-quelles-tendances-en-2022\/#primaryimage\",\"url\":\"https:\/\/www.he-arc.ch\/wp-content\/uploads\/2021\/10\/Agenda-Conference-Colloque-Seminaire.jpg\",\"contentUrl\":\"https:\/\/www.he-arc.ch\/wp-content\/uploads\/2021\/10\/Agenda-Conference-Colloque-Seminaire.jpg\",\"width\":2500,\"height\":1375,\"caption\":\"Speaker face \u00e0 un public\"},{\"@type\":\"BreadcrumbList\",\"@id\":\"https:\/\/www.he-arc.ch\/en\/agenda\/reseaux-sociaux-quelles-tendances-en-2022\/#breadcrumb\",\"itemListElement\":[{\"@type\":\"ListItem\",\"position\":1,\"name\":\"Accueil\",\"item\":\"https:\/\/www.he-arc.ch\/en\/\"},{\"@type\":\"ListItem\",\"position\":2,\"name\":\"Events\",\"item\":\"https:\/\/www.he-arc.ch\/en\/events\/\"},{\"@type\":\"ListItem\",\"position\":3,\"name\":\"R\u00e9seaux sociaux: quelles tendances en 2022?\"}]},{\"@type\":\"WebSite\",\"@id\":\"https:\/\/www.he-arc.ch\/en\/#website\",\"url\":\"https:\/\/www.he-arc.ch\/en\/\",\"name\":\"Haute-Ecole Arc\",\"description\":\"Haute \u00e9cole sp\u00e9cialis\u00e9e Suisse. Gestion, Ing\u00e9nierie, Sant\u00e9, Conservation-\u200brestauration.\",\"publisher\":{\"@id\":\"https:\/\/www.he-arc.ch\/en\/#organization\"},\"potentialAction\":[{\"@type\":\"SearchAction\",\"target\":{\"@type\":\"EntryPoint\",\"urlTemplate\":\"https:\/\/www.he-arc.ch\/en\/?s={search_term_string}\"},\"query-input\":{\"@type\":\"PropertyValueSpecification\",\"valueRequired\":true,\"valueName\":\"search_term_string\"}}],\"inLanguage\":\"en-US\"},{\"@type\":\"Organization\",\"@id\":\"https:\/\/www.he-arc.ch\/en\/#organization\",\"name\":\"Haute Ecole Arc\",\"url\":\"https:\/\/www.he-arc.ch\/en\/\",\"logo\":{\"@type\":\"ImageObject\",\"inLanguage\":\"en-US\",\"@id\":\"https:\/\/www.he-arc.ch\/en\/#\/schema\/logo\/image\/\",\"url\":\"https:\/\/www.he-arc.ch\/wp-content\/uploads\/2022\/01\/logo-he-arc.svg\",\"contentUrl\":\"https:\/\/www.he-arc.ch\/wp-content\/uploads\/2022\/01\/logo-he-arc.svg\",\"width\":140,\"height\":42,\"caption\":\"Haute Ecole Arc\"},\"image\":{\"@id\":\"https:\/\/www.he-arc.ch\/en\/#\/schema\/logo\/image\/\"}}]}<\/script>\n<!-- \/ Yoast SEO plugin. -->","yoast_head_json":{"title":"R\u00e9seaux sociaux: quelles tendances en 2022? - Haute-Ecole Arc","robots":{"index":"index","follow":"follow","max-snippet":"max-snippet:-1","max-image-preview":"max-image-preview:large","max-video-preview":"max-video-preview:-1"},"canonical":"https:\/\/www.he-arc.ch\/en\/agenda\/reseaux-sociaux-quelles-tendances-en-2022\/","og_locale":"en_US","og_type":"article","og_title":"R\u00e9seaux sociaux: quelles tendances en 2022? - Haute-Ecole Arc","og_description":"Ev\u00e9nement&nbsp;en ligne gratuit qui pr\u00e9sente les grandes tendances 2022 pour Facebook, Instagram, LinkedIn et TikTok. Public cible : Professionnels du marketing et de la communication, community managers Intervenant-e-s : Valentine Delacrausaz et Michael Perret, sp\u00e9cialistes m\u00e9dias sociaux et membres de l\u2019ICME Les modalit\u00e9s de participation au webinaire seront communiqu\u00e9es par mail. Inscription Contact","og_url":"https:\/\/www.he-arc.ch\/en\/agenda\/reseaux-sociaux-quelles-tendances-en-2022\/","og_site_name":"Haute-Ecole Arc","article_modified_time":"2021-12-09T07:36:16+00:00","og_image":[{"width":2500,"height":1375,"url":"https:\/\/www.he-arc.ch\/wp-content\/uploads\/2021\/10\/Agenda-Conference-Colloque-Seminaire.jpg","type":"image\/jpeg"}],"twitter_card":"summary_large_image","twitter_misc":{"Est. reading time":"1 minute"},"schema":{"@context":"https:\/\/schema.org","@graph":[{"@type":"WebPage","@id":"https:\/\/www.he-arc.ch\/en\/agenda\/reseaux-sociaux-quelles-tendances-en-2022\/","url":"https:\/\/www.he-arc.ch\/en\/agenda\/reseaux-sociaux-quelles-tendances-en-2022\/","name":"R\u00e9seaux sociaux: quelles tendances en 2022? - Haute-Ecole Arc","isPartOf":{"@id":"https:\/\/www.he-arc.ch\/en\/#website"},"primaryImageOfPage":{"@id":"https:\/\/www.he-arc.ch\/en\/agenda\/reseaux-sociaux-quelles-tendances-en-2022\/#primaryimage"},"image":{"@id":"https:\/\/www.he-arc.ch\/en\/agenda\/reseaux-sociaux-quelles-tendances-en-2022\/#primaryimage"},"thumbnailUrl":"https:\/\/www.he-arc.ch\/wp-content\/uploads\/2021\/10\/Agenda-Conference-Colloque-Seminaire.jpg","datePublished":"2021-12-09T07:28:54+00:00","dateModified":"2021-12-09T07:36:16+00:00","breadcrumb":{"@id":"https:\/\/www.he-arc.ch\/en\/agenda\/reseaux-sociaux-quelles-tendances-en-2022\/#breadcrumb"},"inLanguage":"en-US","potentialAction":[{"@type":"ReadAction","target":["https:\/\/www.he-arc.ch\/en\/agenda\/reseaux-sociaux-quelles-tendances-en-2022\/"]}]},{"@type":"ImageObject","inLanguage":"en-US","@id":"https:\/\/www.he-arc.ch\/en\/agenda\/reseaux-sociaux-quelles-tendances-en-2022\/#primaryimage","url":"https:\/\/www.he-arc.ch\/wp-content\/uploads\/2021\/10\/Agenda-Conference-Colloque-Seminaire.jpg","contentUrl":"https:\/\/www.he-arc.ch\/wp-content\/uploads\/2021\/10\/Agenda-Conference-Colloque-Seminaire.jpg","width":2500,"height":1375,"caption":"Speaker face \u00e0 un public"},{"@type":"BreadcrumbList","@id":"https:\/\/www.he-arc.ch\/en\/agenda\/reseaux-sociaux-quelles-tendances-en-2022\/#breadcrumb","itemListElement":[{"@type":"ListItem","position":1,"name":"Accueil","item":"https:\/\/www.he-arc.ch\/en\/"},{"@type":"ListItem","position":2,"name":"Events","item":"https:\/\/www.he-arc.ch\/en\/events\/"},{"@type":"ListItem","position":3,"name":"R\u00e9seaux sociaux: quelles tendances en 2022?"}]},{"@type":"WebSite","@id":"https:\/\/www.he-arc.ch\/en\/#website","url":"https:\/\/www.he-arc.ch\/en\/","name":"Haute-Ecole Arc","description":"Haute \u00e9cole sp\u00e9cialis\u00e9e Suisse. Gestion, Ing\u00e9nierie, Sant\u00e9, Conservation-\u200brestauration.","publisher":{"@id":"https:\/\/www.he-arc.ch\/en\/#organization"},"potentialAction":[{"@type":"SearchAction","target":{"@type":"EntryPoint","urlTemplate":"https:\/\/www.he-arc.ch\/en\/?s={search_term_string}"},"query-input":{"@type":"PropertyValueSpecification","valueRequired":true,"valueName":"search_term_string"}}],"inLanguage":"en-US"},{"@type":"Organization","@id":"https:\/\/www.he-arc.ch\/en\/#organization","name":"Haute Ecole Arc","url":"https:\/\/www.he-arc.ch\/en\/","logo":{"@type":"ImageObject","inLanguage":"en-US","@id":"https:\/\/www.he-arc.ch\/en\/#\/schema\/logo\/image\/","url":"https:\/\/www.he-arc.ch\/wp-content\/uploads\/2022\/01\/logo-he-arc.svg","contentUrl":"https:\/\/www.he-arc.ch\/wp-content\/uploads\/2022\/01\/logo-he-arc.svg","width":140,"height":42,"caption":"Haute Ecole Arc"},"image":{"@id":"https:\/\/www.he-arc.ch\/en\/#\/schema\/logo\/image\/"}}]}},"_links":{"self":[{"href":"https:\/\/www.he-arc.ch\/en\/wp-json\/wp\/v2\/he-arc_event\/13014","targetHints":{"allow":["GET"]}}],"collection":[{"href":"https:\/\/www.he-arc.ch\/en\/wp-json\/wp\/v2\/he-arc_event"}],"about":[{"href":"https:\/\/www.he-arc.ch\/en\/wp-json\/wp\/v2\/types\/he-arc_event"}],"author":[{"embeddable":true,"href":"https:\/\/www.he-arc.ch\/en\/wp-json\/wp\/v2\/users\/12"}],"version-history":[{"count":3,"href":"https:\/\/www.he-arc.ch\/en\/wp-json\/wp\/v2\/he-arc_event\/13014\/revisions"}],"predecessor-version":[{"id":13017,"href":"https:\/\/www.he-arc.ch\/en\/wp-json\/wp\/v2\/he-arc_event\/13014\/revisions\/13017"}],"wp:featuredmedia":[{"embeddable":true,"href":"https:\/\/www.he-arc.ch\/en\/wp-json\/wp\/v2\/media\/5166"}],"wp:attachment":[{"href":"https:\/\/www.he-arc.ch\/en\/wp-json\/wp\/v2\/media?parent=13014"}],"wp:term":[{"taxonomy":"he-arc_domain","embeddable":true,"href":"https:\/\/www.he-arc.ch\/en\/wp-json\/wp\/v2\/he-arc_domain?post=13014"},{"taxonomy":"he-arc_event_category","embeddable":true,"href":"https:\/\/www.he-arc.ch\/en\/wp-json\/wp\/v2\/he-arc_event_category?post=13014"}],"curies":[{"name":"wp","href":"https:\/\/api.w.org\/{rel}","templated":true}]}}

Réseaux sociaux: quelles tendances en 2022?

<p>Evénement&nbsp;en ligne gratuit qui présente les grandes tendances 2022 pour Facebook, Instagram, LinkedIn et TikTok.</p>



<p>Public cible : Professionnels du marketing et de la communication, community managers</p>



<p>Intervenant-e-s : Valentine Delacrausaz et Michael Perret, spécialistes médias sociaux et membres de l’<a href="https://www.he-arc.ch/gestion/institut-de-la-communication-et-du-marketing-experientiel-icme/">ICME</a></p>



<p>Les modalités de participation au webinaire seront communiquées par mail.</p>



<ul class="wp-block-list"><li><a href="https://www.ig.he-arc.ch/socialnetwork2022/" target="_blank" rel="noreferrer noopener">Inscription</a></li><li><a href="mailto:melissa.lopez-garcia@he-arc.ch" target="_blank" rel="noreferrer noopener">Contact</a></li></ul>

<!-- This site is optimized with the Yoast SEO plugin v26.6 - https://yoast.com/wordpress/plugins/seo/ -->
<title>Réseaux sociaux: quelles tendances en 2022? - Haute-Ecole Arc</title>
<meta name="robots" content="index, follow, max-snippet:-1, max-image-preview:large, max-video-preview:-1" />
<link rel="canonical" href="https://www.he-arc.ch/en/agenda/reseaux-sociaux-quelles-tendances-en-2022/" />
<meta property="og:locale" content="en_US" />
<meta property="og:type" content="article" />
<meta property="og:title" content="Réseaux sociaux: quelles tendances en 2022? - Haute-Ecole Arc" />
<meta property="og:description" content="Evénement&nbsp;en ligne gratuit qui présente les grandes tendances 2022 pour Facebook, Instagram, LinkedIn et TikTok. Public cible : Professionnels du marketing et de la communication, community managers Intervenant-e-s : Valentine Delacrausaz et Michael Perret, spécialistes médias sociaux et membres de l’ICME Les modalités de participation au webinaire seront communiquées par mail. Inscription Contact" />
<meta property="og:url" content="https://www.he-arc.ch/en/agenda/reseaux-sociaux-quelles-tendances-en-2022/" />
<meta property="og:site_name" content="Haute-Ecole Arc" />
<meta property="article:modified_time" content="2021-12-09T07:36:16+00:00" />
<meta property="og:image" content="https://www.he-arc.ch/wp-content/uploads/2021/10/Agenda-Conference-Colloque-Seminaire.jpg" />
	<meta property="og:image:width" content="2500" />
	<meta property="og:image:height" content="1375" />
	<meta property="og:image:type" content="image/jpeg" />
<meta name="twitter:card" content="summary_large_image" />
<meta name="twitter:label1" content="Est. reading time" />
	<meta name="twitter:data1" content="1 minute" />
<script type="application/ld+json" class="yoast-schema-graph">{"@context":"https://schema.org","@graph":[{"@type":"WebPage","@id":"https://www.he-arc.ch/en/agenda/reseaux-sociaux-quelles-tendances-en-2022/","url":"https://www.he-arc.ch/en/agenda/reseaux-sociaux-quelles-tendances-en-2022/","name":"Réseaux sociaux: quelles tendances en 2022? - Haute-Ecole Arc","isPartOf":{"@id":"https://www.he-arc.ch/en/#website"},"primaryImageOfPage":{"@id":"https://www.he-arc.ch/en/agenda/reseaux-sociaux-quelles-tendances-en-2022/#primaryimage"},"image":{"@id":"https://www.he-arc.ch/en/agenda/reseaux-sociaux-quelles-tendances-en-2022/#primaryimage"},"thumbnailUrl":"https://www.he-arc.ch/wp-content/uploads/2021/10/Agenda-Conference-Colloque-Seminaire.jpg","datePublished":"2021-12-09T07:28:54+00:00","dateModified":"2021-12-09T07:36:16+00:00","breadcrumb":{"@id":"https://www.he-arc.ch/en/agenda/reseaux-sociaux-quelles-tendances-en-2022/#breadcrumb"},"inLanguage":"en-US","potentialAction":[{"@type":"ReadAction","target":["https://www.he-arc.ch/en/agenda/reseaux-sociaux-quelles-tendances-en-2022/"]}]},{"@type":"ImageObject","inLanguage":"en-US","@id":"https://www.he-arc.ch/en/agenda/reseaux-sociaux-quelles-tendances-en-2022/#primaryimage","url":"https://www.he-arc.ch/wp-content/uploads/2021/10/Agenda-Conference-Colloque-Seminaire.jpg","contentUrl":"https://www.he-arc.ch/wp-content/uploads/2021/10/Agenda-Conference-Colloque-Seminaire.jpg","width":2500,"height":1375,"caption":"Speaker face à un public"},{"@type":"BreadcrumbList","@id":"https://www.he-arc.ch/en/agenda/reseaux-sociaux-quelles-tendances-en-2022/#breadcrumb","itemListElement":[{"@type":"ListItem","position":1,"name":"Accueil","item":"https://www.he-arc.ch/en/"},{"@type":"ListItem","position":2,"name":"Events","item":"https://www.he-arc.ch/en/events/"},{"@type":"ListItem","position":3,"name":"Réseaux sociaux: quelles tendances en 2022?"}]},{"@type":"WebSite","@id":"https://www.he-arc.ch/en/#website","url":"https://www.he-arc.ch/en/","name":"Haute-Ecole Arc","description":"Haute école spécialisée Suisse. Gestion, Ingénierie, Santé, Conservation-​restauration.","publisher":{"@id":"https://www.he-arc.ch/en/#organization"},"potentialAction":[{"@type":"SearchAction","target":{"@type":"EntryPoint","urlTemplate":"https://www.he-arc.ch/en/?s={search_term_string}"},"query-input":{"@type":"PropertyValueSpecification","valueRequired":true,"valueName":"search_term_string"}}],"inLanguage":"en-US"},{"@type":"Organization","@id":"https://www.he-arc.ch/en/#organization","name":"Haute Ecole Arc","url":"https://www.he-arc.ch/en/","logo":{"@type":"ImageObject","inLanguage":"en-US","@id":"https://www.he-arc.ch/en/#/schema/logo/image/","url":"https://www.he-arc.ch/wp-content/uploads/2022/01/logo-he-arc.svg","contentUrl":"https://www.he-arc.ch/wp-content/uploads/2022/01/logo-he-arc.svg","width":140,"height":42,"caption":"Haute Ecole Arc"},"image":{"@id":"https://www.he-arc.ch/en/#/schema/logo/image/"}}]}</script>
<!-- / Yoast SEO plugin. -->

Réseaux sociaux: quelles tendances en 2022? - Haute-Ecole Arc

Evénement&nbsp;en ligne gratuit qui présente les grandes tendances 2022 pour Facebook, Instagram, LinkedIn et TikTok. Public cible : Professionnels du marketing et de la communication, community managers Intervenant-e-s : Valentine Delacrausaz et Michael Perret, spécialistes médias sociaux et membres de l’ICME Les modalités de participation au webinaire seront communiquées par mail. Inscription Contact

Speaker face à un public

Haute école spécialisée Suisse. Gestion, Ingénierie, Santé, Conservation-​restauration.
