{"id":21769,"date":"2021-09-30T08:56:00","date_gmt":"2021-09-30T08:56:00","guid":{"rendered":"https:\/\/www.he-arc.ch\/agenda\/25e-jimh-journee-internationale-du-marketing-horloger\/"},"modified":"2021-09-30T08:56:00","modified_gmt":"2021-09-30T08:56:00","slug":"25e-jimh-journee-internationale-du-marketing-horloger","status":"publish","type":"he-arc_event","link":"https:\/\/www.he-arc.ch\/en\/agenda\/25e-jimh-journee-internationale-du-marketing-horloger\/","title":{"rendered":"25e JIMH &#8211; Journ\u00e9e internationale du Marketing horloger"},"content":{"rendered":"<p>La 25e JIMH se tiendra dans le cadre de la 10e Biennale du patrimoine horloger.<\/p>\n<p>Avec des intervenant-e-s ayant marqu\u00e9 les \u00e9ditions pr\u00e9c\u00e9dentes, le th\u00e8me \u00abR\u00e9troprospective\u00bb permettra de porter un coup d\u2019\u0153il horloger tant dans le r\u00e9troviseur que dans une longue vue sur les tables rondes suivantes :<\/p>\n<ul>\n<li>La nouvelle exp\u00e9rience client.<\/li>\n<li>Swiss Made, quo vadis ?<\/li>\n<li>O\u00f9 vont les points de vente ?<\/li>\n<li>Design et nouvelles mani\u00e8res de lire l\u2019heure.<\/li>\n<\/ul>\n<p>Th\u00e9\u00e2tre de L\u2019Heure bleue<br \/>\n2300 La Chaux-de-Fonds<\/p>\n<ul>\n<li><a href=\"https:\/\/www.marketinghorloger.ch\/\" target=\"_blank\" rel=\"noopener\">D\u00e9tails et inscription<\/a><\/li>\n<\/ul>\n","protected":false},"author":16,"featured_media":21561,"template":"","he-arc_domain":[2],"he-arc_event_category":[16],"class_list":["post-21769","he-arc_event","type-he-arc_event","status-publish","has-post-thumbnail","hentry","he-arc_domain-gestion","he-arc_event_category-seminaire-conference"],"acf":[],"yoast_head":"<!-- This site is optimized with the Yoast SEO plugin v26.6 - https:\/\/yoast.com\/wordpress\/plugins\/seo\/ -->\n<title>25e JIMH - Journ\u00e9e internationale du Marketing horloger - Haute-Ecole Arc<\/title>\n<meta name=\"robots\" content=\"index, follow, max-snippet:-1, max-image-preview:large, max-video-preview:-1\" \/>\n<link rel=\"canonical\" href=\"https:\/\/www.he-arc.ch\/en\/agenda\/25e-jimh-journee-internationale-du-marketing-horloger\/\" \/>\n<meta property=\"og:locale\" content=\"en_US\" \/>\n<meta property=\"og:type\" content=\"article\" \/>\n<meta property=\"og:title\" content=\"25e JIMH - Journ\u00e9e internationale du Marketing horloger - Haute-Ecole Arc\" \/>\n<meta property=\"og:description\" content=\"La 25e JIMH se tiendra dans le cadre de la 10e Biennale du patrimoine horloger. Avec des intervenant-e-s ayant marqu\u00e9 les \u00e9ditions pr\u00e9c\u00e9dentes, le th\u00e8me \u00abR\u00e9troprospective\u00bb permettra de porter un coup d\u2019\u0153il horloger tant dans le r\u00e9troviseur que dans une longue vue sur les tables rondes suivantes : La nouvelle exp\u00e9rience client. Swiss Made, quo [&hellip;]\" \/>\n<meta property=\"og:url\" content=\"https:\/\/www.he-arc.ch\/en\/agenda\/25e-jimh-journee-internationale-du-marketing-horloger\/\" \/>\n<meta property=\"og:site_name\" content=\"Haute-Ecole Arc\" \/>\n<meta property=\"og:image\" content=\"https:\/\/www.he-arc.ch\/wp-content\/uploads\/oldsite\/agenda\/agenda-jimh.jpg\" \/>\n\t<meta property=\"og:image:width\" content=\"258\" \/>\n\t<meta property=\"og:image:height\" content=\"100\" \/>\n\t<meta property=\"og:image:type\" content=\"image\/jpeg\" \/>\n<meta name=\"twitter:card\" content=\"summary_large_image\" \/>\n<script type=\"application\/ld+json\" class=\"yoast-schema-graph\">{\"@context\":\"https:\/\/schema.org\",\"@graph\":[{\"@type\":\"WebPage\",\"@id\":\"https:\/\/www.he-arc.ch\/en\/agenda\/25e-jimh-journee-internationale-du-marketing-horloger\/\",\"url\":\"https:\/\/www.he-arc.ch\/en\/agenda\/25e-jimh-journee-internationale-du-marketing-horloger\/\",\"name\":\"25e JIMH - Journ\u00e9e internationale du Marketing horloger - Haute-Ecole Arc\",\"isPartOf\":{\"@id\":\"https:\/\/www.he-arc.ch\/en\/#website\"},\"primaryImageOfPage\":{\"@id\":\"https:\/\/www.he-arc.ch\/en\/agenda\/25e-jimh-journee-internationale-du-marketing-horloger\/#primaryimage\"},\"image\":{\"@id\":\"https:\/\/www.he-arc.ch\/en\/agenda\/25e-jimh-journee-internationale-du-marketing-horloger\/#primaryimage\"},\"thumbnailUrl\":\"https:\/\/www.he-arc.ch\/wp-content\/uploads\/oldsite\/agenda\/agenda-jimh.jpg\",\"datePublished\":\"2021-09-30T08:56:00+00:00\",\"breadcrumb\":{\"@id\":\"https:\/\/www.he-arc.ch\/en\/agenda\/25e-jimh-journee-internationale-du-marketing-horloger\/#breadcrumb\"},\"inLanguage\":\"en-US\",\"potentialAction\":[{\"@type\":\"ReadAction\",\"target\":[\"https:\/\/www.he-arc.ch\/en\/agenda\/25e-jimh-journee-internationale-du-marketing-horloger\/\"]}]},{\"@type\":\"ImageObject\",\"inLanguage\":\"en-US\",\"@id\":\"https:\/\/www.he-arc.ch\/en\/agenda\/25e-jimh-journee-internationale-du-marketing-horloger\/#primaryimage\",\"url\":\"https:\/\/www.he-arc.ch\/wp-content\/uploads\/oldsite\/agenda\/agenda-jimh.jpg\",\"contentUrl\":\"https:\/\/www.he-arc.ch\/wp-content\/uploads\/oldsite\/agenda\/agenda-jimh.jpg\",\"width\":258,\"height\":100},{\"@type\":\"BreadcrumbList\",\"@id\":\"https:\/\/www.he-arc.ch\/en\/agenda\/25e-jimh-journee-internationale-du-marketing-horloger\/#breadcrumb\",\"itemListElement\":[{\"@type\":\"ListItem\",\"position\":1,\"name\":\"Accueil\",\"item\":\"https:\/\/www.he-arc.ch\/en\/\"},{\"@type\":\"ListItem\",\"position\":2,\"name\":\"Events\",\"item\":\"https:\/\/www.he-arc.ch\/en\/events\/\"},{\"@type\":\"ListItem\",\"position\":3,\"name\":\"25e JIMH &#8211; Journ\u00e9e internationale du Marketing horloger\"}]},{\"@type\":\"WebSite\",\"@id\":\"https:\/\/www.he-arc.ch\/en\/#website\",\"url\":\"https:\/\/www.he-arc.ch\/en\/\",\"name\":\"Haute-Ecole Arc\",\"description\":\"Haute \u00e9cole sp\u00e9cialis\u00e9e Suisse. Gestion, Ing\u00e9nierie, Sant\u00e9, Conservation-\u200brestauration.\",\"publisher\":{\"@id\":\"https:\/\/www.he-arc.ch\/en\/#organization\"},\"potentialAction\":[{\"@type\":\"SearchAction\",\"target\":{\"@type\":\"EntryPoint\",\"urlTemplate\":\"https:\/\/www.he-arc.ch\/en\/?s={search_term_string}\"},\"query-input\":{\"@type\":\"PropertyValueSpecification\",\"valueRequired\":true,\"valueName\":\"search_term_string\"}}],\"inLanguage\":\"en-US\"},{\"@type\":\"Organization\",\"@id\":\"https:\/\/www.he-arc.ch\/en\/#organization\",\"name\":\"Haute Ecole Arc\",\"url\":\"https:\/\/www.he-arc.ch\/en\/\",\"logo\":{\"@type\":\"ImageObject\",\"inLanguage\":\"en-US\",\"@id\":\"https:\/\/www.he-arc.ch\/en\/#\/schema\/logo\/image\/\",\"url\":\"https:\/\/www.he-arc.ch\/wp-content\/uploads\/2022\/01\/logo-he-arc.svg\",\"contentUrl\":\"https:\/\/www.he-arc.ch\/wp-content\/uploads\/2022\/01\/logo-he-arc.svg\",\"width\":140,\"height\":42,\"caption\":\"Haute Ecole Arc\"},\"image\":{\"@id\":\"https:\/\/www.he-arc.ch\/en\/#\/schema\/logo\/image\/\"}}]}<\/script>\n<!-- \/ Yoast SEO plugin. -->","yoast_head_json":{"title":"25e JIMH - Journ\u00e9e internationale du Marketing horloger - Haute-Ecole Arc","robots":{"index":"index","follow":"follow","max-snippet":"max-snippet:-1","max-image-preview":"max-image-preview:large","max-video-preview":"max-video-preview:-1"},"canonical":"https:\/\/www.he-arc.ch\/en\/agenda\/25e-jimh-journee-internationale-du-marketing-horloger\/","og_locale":"en_US","og_type":"article","og_title":"25e JIMH - Journ\u00e9e internationale du Marketing horloger - Haute-Ecole Arc","og_description":"La 25e JIMH se tiendra dans le cadre de la 10e Biennale du patrimoine horloger. Avec des intervenant-e-s ayant marqu\u00e9 les \u00e9ditions pr\u00e9c\u00e9dentes, le th\u00e8me \u00abR\u00e9troprospective\u00bb permettra de porter un coup d\u2019\u0153il horloger tant dans le r\u00e9troviseur que dans une longue vue sur les tables rondes suivantes : La nouvelle exp\u00e9rience client. Swiss Made, quo [&hellip;]","og_url":"https:\/\/www.he-arc.ch\/en\/agenda\/25e-jimh-journee-internationale-du-marketing-horloger\/","og_site_name":"Haute-Ecole Arc","og_image":[{"width":258,"height":100,"url":"https:\/\/www.he-arc.ch\/wp-content\/uploads\/oldsite\/agenda\/agenda-jimh.jpg","type":"image\/jpeg"}],"twitter_card":"summary_large_image","schema":{"@context":"https:\/\/schema.org","@graph":[{"@type":"WebPage","@id":"https:\/\/www.he-arc.ch\/en\/agenda\/25e-jimh-journee-internationale-du-marketing-horloger\/","url":"https:\/\/www.he-arc.ch\/en\/agenda\/25e-jimh-journee-internationale-du-marketing-horloger\/","name":"25e JIMH - Journ\u00e9e internationale du Marketing horloger - Haute-Ecole Arc","isPartOf":{"@id":"https:\/\/www.he-arc.ch\/en\/#website"},"primaryImageOfPage":{"@id":"https:\/\/www.he-arc.ch\/en\/agenda\/25e-jimh-journee-internationale-du-marketing-horloger\/#primaryimage"},"image":{"@id":"https:\/\/www.he-arc.ch\/en\/agenda\/25e-jimh-journee-internationale-du-marketing-horloger\/#primaryimage"},"thumbnailUrl":"https:\/\/www.he-arc.ch\/wp-content\/uploads\/oldsite\/agenda\/agenda-jimh.jpg","datePublished":"2021-09-30T08:56:00+00:00","breadcrumb":{"@id":"https:\/\/www.he-arc.ch\/en\/agenda\/25e-jimh-journee-internationale-du-marketing-horloger\/#breadcrumb"},"inLanguage":"en-US","potentialAction":[{"@type":"ReadAction","target":["https:\/\/www.he-arc.ch\/en\/agenda\/25e-jimh-journee-internationale-du-marketing-horloger\/"]}]},{"@type":"ImageObject","inLanguage":"en-US","@id":"https:\/\/www.he-arc.ch\/en\/agenda\/25e-jimh-journee-internationale-du-marketing-horloger\/#primaryimage","url":"https:\/\/www.he-arc.ch\/wp-content\/uploads\/oldsite\/agenda\/agenda-jimh.jpg","contentUrl":"https:\/\/www.he-arc.ch\/wp-content\/uploads\/oldsite\/agenda\/agenda-jimh.jpg","width":258,"height":100},{"@type":"BreadcrumbList","@id":"https:\/\/www.he-arc.ch\/en\/agenda\/25e-jimh-journee-internationale-du-marketing-horloger\/#breadcrumb","itemListElement":[{"@type":"ListItem","position":1,"name":"Accueil","item":"https:\/\/www.he-arc.ch\/en\/"},{"@type":"ListItem","position":2,"name":"Events","item":"https:\/\/www.he-arc.ch\/en\/events\/"},{"@type":"ListItem","position":3,"name":"25e JIMH &#8211; Journ\u00e9e internationale du Marketing horloger"}]},{"@type":"WebSite","@id":"https:\/\/www.he-arc.ch\/en\/#website","url":"https:\/\/www.he-arc.ch\/en\/","name":"Haute-Ecole Arc","description":"Haute \u00e9cole sp\u00e9cialis\u00e9e Suisse. Gestion, Ing\u00e9nierie, Sant\u00e9, Conservation-\u200brestauration.","publisher":{"@id":"https:\/\/www.he-arc.ch\/en\/#organization"},"potentialAction":[{"@type":"SearchAction","target":{"@type":"EntryPoint","urlTemplate":"https:\/\/www.he-arc.ch\/en\/?s={search_term_string}"},"query-input":{"@type":"PropertyValueSpecification","valueRequired":true,"valueName":"search_term_string"}}],"inLanguage":"en-US"},{"@type":"Organization","@id":"https:\/\/www.he-arc.ch\/en\/#organization","name":"Haute Ecole Arc","url":"https:\/\/www.he-arc.ch\/en\/","logo":{"@type":"ImageObject","inLanguage":"en-US","@id":"https:\/\/www.he-arc.ch\/en\/#\/schema\/logo\/image\/","url":"https:\/\/www.he-arc.ch\/wp-content\/uploads\/2022\/01\/logo-he-arc.svg","contentUrl":"https:\/\/www.he-arc.ch\/wp-content\/uploads\/2022\/01\/logo-he-arc.svg","width":140,"height":42,"caption":"Haute Ecole Arc"},"image":{"@id":"https:\/\/www.he-arc.ch\/en\/#\/schema\/logo\/image\/"}}]}},"_links":{"self":[{"href":"https:\/\/www.he-arc.ch\/en\/wp-json\/wp\/v2\/he-arc_event\/21769","targetHints":{"allow":["GET"]}}],"collection":[{"href":"https:\/\/www.he-arc.ch\/en\/wp-json\/wp\/v2\/he-arc_event"}],"about":[{"href":"https:\/\/www.he-arc.ch\/en\/wp-json\/wp\/v2\/types\/he-arc_event"}],"author":[{"embeddable":true,"href":"https:\/\/www.he-arc.ch\/en\/wp-json\/wp\/v2\/users\/16"}],"version-history":[{"count":0,"href":"https:\/\/www.he-arc.ch\/en\/wp-json\/wp\/v2\/he-arc_event\/21769\/revisions"}],"wp:featuredmedia":[{"embeddable":true,"href":"https:\/\/www.he-arc.ch\/en\/wp-json\/wp\/v2\/media\/21561"}],"wp:attachment":[{"href":"https:\/\/www.he-arc.ch\/en\/wp-json\/wp\/v2\/media?parent=21769"}],"wp:term":[{"taxonomy":"he-arc_domain","embeddable":true,"href":"https:\/\/www.he-arc.ch\/en\/wp-json\/wp\/v2\/he-arc_domain?post=21769"},{"taxonomy":"he-arc_event_category","embeddable":true,"href":"https:\/\/www.he-arc.ch\/en\/wp-json\/wp\/v2\/he-arc_event_category?post=21769"}],"curies":[{"name":"wp","href":"https:\/\/api.w.org\/{rel}","templated":true}]}}

25e JIMH &#8211; Journée internationale du Marketing horloger

<p>La 25e JIMH se tiendra dans le cadre de la 10e Biennale du patrimoine horloger.</p>
<p>Avec des intervenant-e-s ayant marqué les éditions précédentes, le thème «Rétroprospective» permettra de porter un coup d’œil horloger tant dans le rétroviseur que dans une longue vue sur les tables rondes suivantes :</p>
<ul>
<li>La nouvelle expérience client.</li>
<li>Swiss Made, quo vadis ?</li>
<li>Où vont les points de vente ?</li>
<li>Design et nouvelles manières de lire l’heure.</li>
</ul>
<p>Théâtre de L’Heure bleue<br />
2300 La Chaux-de-Fonds</p>
<ul>
<li><a href="https://www.marketinghorloger.ch/" target="_blank" rel="noopener">Détails et inscription</a></li>
</ul>

<!-- This site is optimized with the Yoast SEO plugin v26.6 - https://yoast.com/wordpress/plugins/seo/ -->
<title>25e JIMH - Journée internationale du Marketing horloger - Haute-Ecole Arc</title>
<meta name="robots" content="index, follow, max-snippet:-1, max-image-preview:large, max-video-preview:-1" />
<link rel="canonical" href="https://www.he-arc.ch/en/agenda/25e-jimh-journee-internationale-du-marketing-horloger/" />
<meta property="og:locale" content="en_US" />
<meta property="og:type" content="article" />
<meta property="og:title" content="25e JIMH - Journée internationale du Marketing horloger - Haute-Ecole Arc" />
<meta property="og:description" content="La 25e JIMH se tiendra dans le cadre de la 10e Biennale du patrimoine horloger. Avec des intervenant-e-s ayant marqué les éditions précédentes, le thème «Rétroprospective» permettra de porter un coup d’œil horloger tant dans le rétroviseur que dans une longue vue sur les tables rondes suivantes : La nouvelle expérience client. Swiss Made, quo [&hellip;]" />
<meta property="og:url" content="https://www.he-arc.ch/en/agenda/25e-jimh-journee-internationale-du-marketing-horloger/" />
<meta property="og:site_name" content="Haute-Ecole Arc" />
<meta property="og:image" content="https://www.he-arc.ch/wp-content/uploads/oldsite/agenda/agenda-jimh.jpg" />
	<meta property="og:image:width" content="258" />
	<meta property="og:image:height" content="100" />
	<meta property="og:image:type" content="image/jpeg" />
<meta name="twitter:card" content="summary_large_image" />
<script type="application/ld+json" class="yoast-schema-graph">{"@context":"https://schema.org","@graph":[{"@type":"WebPage","@id":"https://www.he-arc.ch/en/agenda/25e-jimh-journee-internationale-du-marketing-horloger/","url":"https://www.he-arc.ch/en/agenda/25e-jimh-journee-internationale-du-marketing-horloger/","name":"25e JIMH - Journée internationale du Marketing horloger - Haute-Ecole Arc","isPartOf":{"@id":"https://www.he-arc.ch/en/#website"},"primaryImageOfPage":{"@id":"https://www.he-arc.ch/en/agenda/25e-jimh-journee-internationale-du-marketing-horloger/#primaryimage"},"image":{"@id":"https://www.he-arc.ch/en/agenda/25e-jimh-journee-internationale-du-marketing-horloger/#primaryimage"},"thumbnailUrl":"https://www.he-arc.ch/wp-content/uploads/oldsite/agenda/agenda-jimh.jpg","datePublished":"2021-09-30T08:56:00+00:00","breadcrumb":{"@id":"https://www.he-arc.ch/en/agenda/25e-jimh-journee-internationale-du-marketing-horloger/#breadcrumb"},"inLanguage":"en-US","potentialAction":[{"@type":"ReadAction","target":["https://www.he-arc.ch/en/agenda/25e-jimh-journee-internationale-du-marketing-horloger/"]}]},{"@type":"ImageObject","inLanguage":"en-US","@id":"https://www.he-arc.ch/en/agenda/25e-jimh-journee-internationale-du-marketing-horloger/#primaryimage","url":"https://www.he-arc.ch/wp-content/uploads/oldsite/agenda/agenda-jimh.jpg","contentUrl":"https://www.he-arc.ch/wp-content/uploads/oldsite/agenda/agenda-jimh.jpg","width":258,"height":100},{"@type":"BreadcrumbList","@id":"https://www.he-arc.ch/en/agenda/25e-jimh-journee-internationale-du-marketing-horloger/#breadcrumb","itemListElement":[{"@type":"ListItem","position":1,"name":"Accueil","item":"https://www.he-arc.ch/en/"},{"@type":"ListItem","position":2,"name":"Events","item":"https://www.he-arc.ch/en/events/"},{"@type":"ListItem","position":3,"name":"25e JIMH &#8211; Journée internationale du Marketing horloger"}]},{"@type":"WebSite","@id":"https://www.he-arc.ch/en/#website","url":"https://www.he-arc.ch/en/","name":"Haute-Ecole Arc","description":"Haute école spécialisée Suisse. Gestion, Ingénierie, Santé, Conservation-​restauration.","publisher":{"@id":"https://www.he-arc.ch/en/#organization"},"potentialAction":[{"@type":"SearchAction","target":{"@type":"EntryPoint","urlTemplate":"https://www.he-arc.ch/en/?s={search_term_string}"},"query-input":{"@type":"PropertyValueSpecification","valueRequired":true,"valueName":"search_term_string"}}],"inLanguage":"en-US"},{"@type":"Organization","@id":"https://www.he-arc.ch/en/#organization","name":"Haute Ecole Arc","url":"https://www.he-arc.ch/en/","logo":{"@type":"ImageObject","inLanguage":"en-US","@id":"https://www.he-arc.ch/en/#/schema/logo/image/","url":"https://www.he-arc.ch/wp-content/uploads/2022/01/logo-he-arc.svg","contentUrl":"https://www.he-arc.ch/wp-content/uploads/2022/01/logo-he-arc.svg","width":140,"height":42,"caption":"Haute Ecole Arc"},"image":{"@id":"https://www.he-arc.ch/en/#/schema/logo/image/"}}]}</script>
<!-- / Yoast SEO plugin. -->

25e JIMH - Journée internationale du Marketing horloger - Haute-Ecole Arc

La 25e JIMH se tiendra dans le cadre de la 10e Biennale du patrimoine horloger. Avec des intervenant-e-s ayant marqué les éditions précédentes, le thème «Rétroprospective» permettra de porter un coup d’œil horloger tant dans le rétroviseur que dans une longue vue sur les tables rondes suivantes : La nouvelle expérience client. Swiss Made, quo [&hellip;]

Haute école spécialisée Suisse. Gestion, Ingénierie, Santé, Conservation-​restauration.
