{"id":29700,"date":"2022-06-23T14:05:48","date_gmt":"2022-06-23T13:05:48","guid":{"rendered":"https:\/\/www.he-arc.ch\/?post_type=he-arc_event&#038;p=29700"},"modified":"2022-10-18T12:18:13","modified_gmt":"2022-10-18T11:18:13","slug":"5th-research-workshop-on-export-management","status":"publish","type":"he-arc_event","link":"https:\/\/www.he-arc.ch\/en\/agenda\/5th-research-workshop-on-export-management\/","title":{"rendered":"5th Research Workshop on Export Management"},"content":{"rendered":"\n<p>The HEG Arc (Haute \u00e9cole de gestion Arc), in partnership with ESCE (International Business School Paris), LEM (Lille Economics Management) and ULCO (Universit\u00e9 Littoral C\u00f4te d\u2019Opale), is proud to welcome you to this Export Management annual scientific workshop, which will be held in Neuch\u00e2tel, Switzerland and online.<\/p>\n\n\n\n<p>The objective of this workshop is not only to exchange best practices of export management from SMEs and MNCs but also the role they play together, the future strategy the companies should adopt to respond to global challenges and also the dark-side of the exporting relationships.<\/p>\n\n\n\n<p>HEG &#8211; Haute \u00e9cole de gestion Arc<br>Campus Arc 1<br>Espace de l\u2019Europe 21<br>CH &#8211; 2000 Neuch\u00e2tel<\/p>\n\n\n\n<p>Auditorium 2 (room 030, ground floor)<br>The people joining the event online will receive the link a few days before the workshop.<\/p>\n\n\n\n<ul class=\"wp-block-list\"><li><a href=\"https:\/\/www.he-arc.ch\/wp-content\/uploads\/2022\/10\/GES-FLY221107-Export-Management.pdf\" target=\"_blank\" rel=\"noreferrer noopener\">Flyer<\/a><\/li><li><a href=\"https:\/\/esurvey.ig.he-arc.ch\/612358\" target=\"_blank\" rel=\"noreferrer noopener\">Inscription<\/a><\/li><li>Contact: <a href=\"mailto:stefanie.hasler@he-arc.ch\" target=\"_blank\" rel=\"noreferrer noopener\">stefanie.hasler@he-arc.ch<\/a> \/\/ +41 32 930 20 43<\/li><\/ul>\n","protected":false},"author":12,"featured_media":29704,"template":"","he-arc_domain":[2],"he-arc_event_category":[16],"class_list":["post-29700","he-arc_event","type-he-arc_event","status-publish","has-post-thumbnail","hentry","he-arc_domain-gestion","he-arc_event_category-seminaire-conference"],"acf":[],"yoast_head":"<!-- This site is optimized with the Yoast SEO plugin v26.6 - https:\/\/yoast.com\/wordpress\/plugins\/seo\/ -->\n<title>5th Research Workshop on Export Management - Haute-Ecole Arc<\/title>\n<meta name=\"description\" content=\"The objective of this workshop is not only to exchange best practices of export management from SMEs and MNCs but also the role they play together, the future strategy the companies should adopt to respond to global challenges and also the dark-side of the exporting relationships.\" \/>\n<meta name=\"robots\" content=\"index, follow, max-snippet:-1, max-image-preview:large, max-video-preview:-1\" \/>\n<link rel=\"canonical\" href=\"https:\/\/www.he-arc.ch\/en\/agenda\/5th-research-workshop-on-export-management\/\" \/>\n<meta property=\"og:locale\" content=\"en_US\" \/>\n<meta property=\"og:type\" content=\"article\" \/>\n<meta property=\"og:title\" content=\"5th Research Workshop on Export Management - Haute-Ecole Arc\" \/>\n<meta property=\"og:description\" content=\"The objective of this workshop is not only to exchange best practices of export management from SMEs and MNCs but also the role they play together, the future strategy the companies should adopt to respond to global challenges and also the dark-side of the exporting relationships.\" \/>\n<meta property=\"og:url\" content=\"https:\/\/www.he-arc.ch\/en\/agenda\/5th-research-workshop-on-export-management\/\" \/>\n<meta property=\"og:site_name\" content=\"Haute-Ecole Arc\" \/>\n<meta property=\"article:modified_time\" content=\"2022-10-18T11:18:13+00:00\" \/>\n<meta property=\"og:image\" content=\"https:\/\/www.he-arc.ch\/wp-content\/uploads\/2022\/06\/GES-IMG000000-Research-Workshop-Export-Management_dreamstime_l_22452328-scaled.jpg\" \/>\n\t<meta property=\"og:image:width\" content=\"2560\" \/>\n\t<meta property=\"og:image:height\" content=\"1466\" \/>\n\t<meta property=\"og:image:type\" content=\"image\/jpeg\" \/>\n<meta name=\"twitter:card\" content=\"summary_large_image\" \/>\n<meta name=\"twitter:label1\" content=\"Est. reading time\" \/>\n\t<meta name=\"twitter:data1\" content=\"1 minute\" \/>\n<script type=\"application\/ld+json\" class=\"yoast-schema-graph\">{\"@context\":\"https:\/\/schema.org\",\"@graph\":[{\"@type\":\"WebPage\",\"@id\":\"https:\/\/www.he-arc.ch\/en\/agenda\/5th-research-workshop-on-export-management\/\",\"url\":\"https:\/\/www.he-arc.ch\/en\/agenda\/5th-research-workshop-on-export-management\/\",\"name\":\"5th Research Workshop on Export Management - Haute-Ecole Arc\",\"isPartOf\":{\"@id\":\"https:\/\/www.he-arc.ch\/en\/#website\"},\"primaryImageOfPage\":{\"@id\":\"https:\/\/www.he-arc.ch\/en\/agenda\/5th-research-workshop-on-export-management\/#primaryimage\"},\"image\":{\"@id\":\"https:\/\/www.he-arc.ch\/en\/agenda\/5th-research-workshop-on-export-management\/#primaryimage\"},\"thumbnailUrl\":\"https:\/\/www.he-arc.ch\/wp-content\/uploads\/2022\/06\/GES-IMG000000-Research-Workshop-Export-Management_dreamstime_l_22452328-scaled.jpg\",\"datePublished\":\"2022-06-23T13:05:48+00:00\",\"dateModified\":\"2022-10-18T11:18:13+00:00\",\"description\":\"The objective of this workshop is not only to exchange best practices of export management from SMEs and MNCs but also the role they play together, the future strategy the companies should adopt to respond to global challenges and also the dark-side of the exporting relationships.\",\"breadcrumb\":{\"@id\":\"https:\/\/www.he-arc.ch\/en\/agenda\/5th-research-workshop-on-export-management\/#breadcrumb\"},\"inLanguage\":\"en-US\",\"potentialAction\":[{\"@type\":\"ReadAction\",\"target\":[\"https:\/\/www.he-arc.ch\/en\/agenda\/5th-research-workshop-on-export-management\/\"]}]},{\"@type\":\"ImageObject\",\"inLanguage\":\"en-US\",\"@id\":\"https:\/\/www.he-arc.ch\/en\/agenda\/5th-research-workshop-on-export-management\/#primaryimage\",\"url\":\"https:\/\/www.he-arc.ch\/wp-content\/uploads\/2022\/06\/GES-IMG000000-Research-Workshop-Export-Management_dreamstime_l_22452328-scaled.jpg\",\"contentUrl\":\"https:\/\/www.he-arc.ch\/wp-content\/uploads\/2022\/06\/GES-IMG000000-Research-Workshop-Export-Management_dreamstime_l_22452328-scaled.jpg\",\"width\":2560,\"height\":1466},{\"@type\":\"BreadcrumbList\",\"@id\":\"https:\/\/www.he-arc.ch\/en\/agenda\/5th-research-workshop-on-export-management\/#breadcrumb\",\"itemListElement\":[{\"@type\":\"ListItem\",\"position\":1,\"name\":\"Accueil\",\"item\":\"https:\/\/www.he-arc.ch\/en\/\"},{\"@type\":\"ListItem\",\"position\":2,\"name\":\"Events\",\"item\":\"https:\/\/www.he-arc.ch\/en\/events\/\"},{\"@type\":\"ListItem\",\"position\":3,\"name\":\"5th Research Workshop on Export Management\"}]},{\"@type\":\"WebSite\",\"@id\":\"https:\/\/www.he-arc.ch\/en\/#website\",\"url\":\"https:\/\/www.he-arc.ch\/en\/\",\"name\":\"Haute-Ecole Arc\",\"description\":\"Haute \u00e9cole sp\u00e9cialis\u00e9e Suisse. Gestion, Ing\u00e9nierie, Sant\u00e9, Conservation-\u200brestauration.\",\"publisher\":{\"@id\":\"https:\/\/www.he-arc.ch\/en\/#organization\"},\"potentialAction\":[{\"@type\":\"SearchAction\",\"target\":{\"@type\":\"EntryPoint\",\"urlTemplate\":\"https:\/\/www.he-arc.ch\/en\/?s={search_term_string}\"},\"query-input\":{\"@type\":\"PropertyValueSpecification\",\"valueRequired\":true,\"valueName\":\"search_term_string\"}}],\"inLanguage\":\"en-US\"},{\"@type\":\"Organization\",\"@id\":\"https:\/\/www.he-arc.ch\/en\/#organization\",\"name\":\"Haute Ecole Arc\",\"url\":\"https:\/\/www.he-arc.ch\/en\/\",\"logo\":{\"@type\":\"ImageObject\",\"inLanguage\":\"en-US\",\"@id\":\"https:\/\/www.he-arc.ch\/en\/#\/schema\/logo\/image\/\",\"url\":\"https:\/\/www.he-arc.ch\/wp-content\/uploads\/2022\/01\/logo-he-arc.svg\",\"contentUrl\":\"https:\/\/www.he-arc.ch\/wp-content\/uploads\/2022\/01\/logo-he-arc.svg\",\"width\":140,\"height\":42,\"caption\":\"Haute Ecole Arc\"},\"image\":{\"@id\":\"https:\/\/www.he-arc.ch\/en\/#\/schema\/logo\/image\/\"}}]}<\/script>\n<!-- \/ Yoast SEO plugin. -->","yoast_head_json":{"title":"5th Research Workshop on Export Management - Haute-Ecole Arc","description":"The objective of this workshop is not only to exchange best practices of export management from SMEs and MNCs but also the role they play together, the future strategy the companies should adopt to respond to global challenges and also the dark-side of the exporting relationships.","robots":{"index":"index","follow":"follow","max-snippet":"max-snippet:-1","max-image-preview":"max-image-preview:large","max-video-preview":"max-video-preview:-1"},"canonical":"https:\/\/www.he-arc.ch\/en\/agenda\/5th-research-workshop-on-export-management\/","og_locale":"en_US","og_type":"article","og_title":"5th Research Workshop on Export Management - Haute-Ecole Arc","og_description":"The objective of this workshop is not only to exchange best practices of export management from SMEs and MNCs but also the role they play together, the future strategy the companies should adopt to respond to global challenges and also the dark-side of the exporting relationships.","og_url":"https:\/\/www.he-arc.ch\/en\/agenda\/5th-research-workshop-on-export-management\/","og_site_name":"Haute-Ecole Arc","article_modified_time":"2022-10-18T11:18:13+00:00","og_image":[{"width":2560,"height":1466,"url":"https:\/\/www.he-arc.ch\/wp-content\/uploads\/2022\/06\/GES-IMG000000-Research-Workshop-Export-Management_dreamstime_l_22452328-scaled.jpg","type":"image\/jpeg"}],"twitter_card":"summary_large_image","twitter_misc":{"Est. reading time":"1 minute"},"schema":{"@context":"https:\/\/schema.org","@graph":[{"@type":"WebPage","@id":"https:\/\/www.he-arc.ch\/en\/agenda\/5th-research-workshop-on-export-management\/","url":"https:\/\/www.he-arc.ch\/en\/agenda\/5th-research-workshop-on-export-management\/","name":"5th Research Workshop on Export Management - Haute-Ecole Arc","isPartOf":{"@id":"https:\/\/www.he-arc.ch\/en\/#website"},"primaryImageOfPage":{"@id":"https:\/\/www.he-arc.ch\/en\/agenda\/5th-research-workshop-on-export-management\/#primaryimage"},"image":{"@id":"https:\/\/www.he-arc.ch\/en\/agenda\/5th-research-workshop-on-export-management\/#primaryimage"},"thumbnailUrl":"https:\/\/www.he-arc.ch\/wp-content\/uploads\/2022\/06\/GES-IMG000000-Research-Workshop-Export-Management_dreamstime_l_22452328-scaled.jpg","datePublished":"2022-06-23T13:05:48+00:00","dateModified":"2022-10-18T11:18:13+00:00","description":"The objective of this workshop is not only to exchange best practices of export management from SMEs and MNCs but also the role they play together, the future strategy the companies should adopt to respond to global challenges and also the dark-side of the exporting relationships.","breadcrumb":{"@id":"https:\/\/www.he-arc.ch\/en\/agenda\/5th-research-workshop-on-export-management\/#breadcrumb"},"inLanguage":"en-US","potentialAction":[{"@type":"ReadAction","target":["https:\/\/www.he-arc.ch\/en\/agenda\/5th-research-workshop-on-export-management\/"]}]},{"@type":"ImageObject","inLanguage":"en-US","@id":"https:\/\/www.he-arc.ch\/en\/agenda\/5th-research-workshop-on-export-management\/#primaryimage","url":"https:\/\/www.he-arc.ch\/wp-content\/uploads\/2022\/06\/GES-IMG000000-Research-Workshop-Export-Management_dreamstime_l_22452328-scaled.jpg","contentUrl":"https:\/\/www.he-arc.ch\/wp-content\/uploads\/2022\/06\/GES-IMG000000-Research-Workshop-Export-Management_dreamstime_l_22452328-scaled.jpg","width":2560,"height":1466},{"@type":"BreadcrumbList","@id":"https:\/\/www.he-arc.ch\/en\/agenda\/5th-research-workshop-on-export-management\/#breadcrumb","itemListElement":[{"@type":"ListItem","position":1,"name":"Accueil","item":"https:\/\/www.he-arc.ch\/en\/"},{"@type":"ListItem","position":2,"name":"Events","item":"https:\/\/www.he-arc.ch\/en\/events\/"},{"@type":"ListItem","position":3,"name":"5th Research Workshop on Export Management"}]},{"@type":"WebSite","@id":"https:\/\/www.he-arc.ch\/en\/#website","url":"https:\/\/www.he-arc.ch\/en\/","name":"Haute-Ecole Arc","description":"Haute \u00e9cole sp\u00e9cialis\u00e9e Suisse. Gestion, Ing\u00e9nierie, Sant\u00e9, Conservation-\u200brestauration.","publisher":{"@id":"https:\/\/www.he-arc.ch\/en\/#organization"},"potentialAction":[{"@type":"SearchAction","target":{"@type":"EntryPoint","urlTemplate":"https:\/\/www.he-arc.ch\/en\/?s={search_term_string}"},"query-input":{"@type":"PropertyValueSpecification","valueRequired":true,"valueName":"search_term_string"}}],"inLanguage":"en-US"},{"@type":"Organization","@id":"https:\/\/www.he-arc.ch\/en\/#organization","name":"Haute Ecole Arc","url":"https:\/\/www.he-arc.ch\/en\/","logo":{"@type":"ImageObject","inLanguage":"en-US","@id":"https:\/\/www.he-arc.ch\/en\/#\/schema\/logo\/image\/","url":"https:\/\/www.he-arc.ch\/wp-content\/uploads\/2022\/01\/logo-he-arc.svg","contentUrl":"https:\/\/www.he-arc.ch\/wp-content\/uploads\/2022\/01\/logo-he-arc.svg","width":140,"height":42,"caption":"Haute Ecole Arc"},"image":{"@id":"https:\/\/www.he-arc.ch\/en\/#\/schema\/logo\/image\/"}}]}},"_links":{"self":[{"href":"https:\/\/www.he-arc.ch\/en\/wp-json\/wp\/v2\/he-arc_event\/29700","targetHints":{"allow":["GET"]}}],"collection":[{"href":"https:\/\/www.he-arc.ch\/en\/wp-json\/wp\/v2\/he-arc_event"}],"about":[{"href":"https:\/\/www.he-arc.ch\/en\/wp-json\/wp\/v2\/types\/he-arc_event"}],"author":[{"embeddable":true,"href":"https:\/\/www.he-arc.ch\/en\/wp-json\/wp\/v2\/users\/12"}],"version-history":[{"count":7,"href":"https:\/\/www.he-arc.ch\/en\/wp-json\/wp\/v2\/he-arc_event\/29700\/revisions"}],"predecessor-version":[{"id":39082,"href":"https:\/\/www.he-arc.ch\/en\/wp-json\/wp\/v2\/he-arc_event\/29700\/revisions\/39082"}],"wp:featuredmedia":[{"embeddable":true,"href":"https:\/\/www.he-arc.ch\/en\/wp-json\/wp\/v2\/media\/29704"}],"wp:attachment":[{"href":"https:\/\/www.he-arc.ch\/en\/wp-json\/wp\/v2\/media?parent=29700"}],"wp:term":[{"taxonomy":"he-arc_domain","embeddable":true,"href":"https:\/\/www.he-arc.ch\/en\/wp-json\/wp\/v2\/he-arc_domain?post=29700"},{"taxonomy":"he-arc_event_category","embeddable":true,"href":"https:\/\/www.he-arc.ch\/en\/wp-json\/wp\/v2\/he-arc_event_category?post=29700"}],"curies":[{"name":"wp","href":"https:\/\/api.w.org\/{rel}","templated":true}]}}

<p>The HEG Arc (Haute école de gestion Arc), in partnership with ESCE (International Business School Paris), LEM (Lille Economics Management) and ULCO (Université Littoral Côte d’Opale), is proud to welcome you to this Export Management annual scientific workshop, which will be held in Neuchâtel, Switzerland and online.</p>



<p>The objective of this workshop is not only to exchange best practices of export management from SMEs and MNCs but also the role they play together, the future strategy the companies should adopt to respond to global challenges and also the dark-side of the exporting relationships.</p>



<p>HEG &#8211; Haute école de gestion Arc<br>Campus Arc 1<br>Espace de l’Europe 21<br>CH &#8211; 2000 Neuchâtel</p>



<p>Auditorium 2 (room 030, ground floor)<br>The people joining the event online will receive the link a few days before the workshop.</p>



<ul class="wp-block-list"><li><a href="https://www.he-arc.ch/wp-content/uploads/2022/10/GES-FLY221107-Export-Management.pdf" target="_blank" rel="noreferrer noopener">Flyer</a></li><li><a href="https://esurvey.ig.he-arc.ch/612358" target="_blank" rel="noreferrer noopener">Inscription</a></li><li>Contact: <a href="mailto:stefanie.hasler@he-arc.ch" target="_blank" rel="noreferrer noopener">stefanie.hasler@he-arc.ch</a> // +41 32 930 20 43</li></ul>

<!-- This site is optimized with the Yoast SEO plugin v26.6 - https://yoast.com/wordpress/plugins/seo/ -->
<title>5th Research Workshop on Export Management - Haute-Ecole Arc</title>
<meta name="description" content="The objective of this workshop is not only to exchange best practices of export management from SMEs and MNCs but also the role they play together, the future strategy the companies should adopt to respond to global challenges and also the dark-side of the exporting relationships." />
<meta name="robots" content="index, follow, max-snippet:-1, max-image-preview:large, max-video-preview:-1" />
<link rel="canonical" href="https://www.he-arc.ch/en/agenda/5th-research-workshop-on-export-management/" />
<meta property="og:locale" content="en_US" />
<meta property="og:type" content="article" />
<meta property="og:title" content="5th Research Workshop on Export Management - Haute-Ecole Arc" />
<meta property="og:description" content="The objective of this workshop is not only to exchange best practices of export management from SMEs and MNCs but also the role they play together, the future strategy the companies should adopt to respond to global challenges and also the dark-side of the exporting relationships." />
<meta property="og:url" content="https://www.he-arc.ch/en/agenda/5th-research-workshop-on-export-management/" />
<meta property="og:site_name" content="Haute-Ecole Arc" />
<meta property="article:modified_time" content="2022-10-18T11:18:13+00:00" />
<meta property="og:image" content="https://www.he-arc.ch/wp-content/uploads/2022/06/GES-IMG000000-Research-Workshop-Export-Management_dreamstime_l_22452328-scaled.jpg" />
	<meta property="og:image:width" content="2560" />
	<meta property="og:image:height" content="1466" />
	<meta property="og:image:type" content="image/jpeg" />
<meta name="twitter:card" content="summary_large_image" />
<meta name="twitter:label1" content="Est. reading time" />
	<meta name="twitter:data1" content="1 minute" />
<script type="application/ld+json" class="yoast-schema-graph">{"@context":"https://schema.org","@graph":[{"@type":"WebPage","@id":"https://www.he-arc.ch/en/agenda/5th-research-workshop-on-export-management/","url":"https://www.he-arc.ch/en/agenda/5th-research-workshop-on-export-management/","name":"5th Research Workshop on Export Management - Haute-Ecole Arc","isPartOf":{"@id":"https://www.he-arc.ch/en/#website"},"primaryImageOfPage":{"@id":"https://www.he-arc.ch/en/agenda/5th-research-workshop-on-export-management/#primaryimage"},"image":{"@id":"https://www.he-arc.ch/en/agenda/5th-research-workshop-on-export-management/#primaryimage"},"thumbnailUrl":"https://www.he-arc.ch/wp-content/uploads/2022/06/GES-IMG000000-Research-Workshop-Export-Management_dreamstime_l_22452328-scaled.jpg","datePublished":"2022-06-23T13:05:48+00:00","dateModified":"2022-10-18T11:18:13+00:00","description":"The objective of this workshop is not only to exchange best practices of export management from SMEs and MNCs but also the role they play together, the future strategy the companies should adopt to respond to global challenges and also the dark-side of the exporting relationships.","breadcrumb":{"@id":"https://www.he-arc.ch/en/agenda/5th-research-workshop-on-export-management/#breadcrumb"},"inLanguage":"en-US","potentialAction":[{"@type":"ReadAction","target":["https://www.he-arc.ch/en/agenda/5th-research-workshop-on-export-management/"]}]},{"@type":"ImageObject","inLanguage":"en-US","@id":"https://www.he-arc.ch/en/agenda/5th-research-workshop-on-export-management/#primaryimage","url":"https://www.he-arc.ch/wp-content/uploads/2022/06/GES-IMG000000-Research-Workshop-Export-Management_dreamstime_l_22452328-scaled.jpg","contentUrl":"https://www.he-arc.ch/wp-content/uploads/2022/06/GES-IMG000000-Research-Workshop-Export-Management_dreamstime_l_22452328-scaled.jpg","width":2560,"height":1466},{"@type":"BreadcrumbList","@id":"https://www.he-arc.ch/en/agenda/5th-research-workshop-on-export-management/#breadcrumb","itemListElement":[{"@type":"ListItem","position":1,"name":"Accueil","item":"https://www.he-arc.ch/en/"},{"@type":"ListItem","position":2,"name":"Events","item":"https://www.he-arc.ch/en/events/"},{"@type":"ListItem","position":3,"name":"5th Research Workshop on Export Management"}]},{"@type":"WebSite","@id":"https://www.he-arc.ch/en/#website","url":"https://www.he-arc.ch/en/","name":"Haute-Ecole Arc","description":"Haute école spécialisée Suisse. Gestion, Ingénierie, Santé, Conservation-​restauration.","publisher":{"@id":"https://www.he-arc.ch/en/#organization"},"potentialAction":[{"@type":"SearchAction","target":{"@type":"EntryPoint","urlTemplate":"https://www.he-arc.ch/en/?s={search_term_string}"},"query-input":{"@type":"PropertyValueSpecification","valueRequired":true,"valueName":"search_term_string"}}],"inLanguage":"en-US"},{"@type":"Organization","@id":"https://www.he-arc.ch/en/#organization","name":"Haute Ecole Arc","url":"https://www.he-arc.ch/en/","logo":{"@type":"ImageObject","inLanguage":"en-US","@id":"https://www.he-arc.ch/en/#/schema/logo/image/","url":"https://www.he-arc.ch/wp-content/uploads/2022/01/logo-he-arc.svg","contentUrl":"https://www.he-arc.ch/wp-content/uploads/2022/01/logo-he-arc.svg","width":140,"height":42,"caption":"Haute Ecole Arc"},"image":{"@id":"https://www.he-arc.ch/en/#/schema/logo/image/"}}]}</script>
<!-- / Yoast SEO plugin. -->

Haute école spécialisée Suisse. Gestion, Ingénierie, Santé, Conservation-​restauration.
