{"id":41068,"date":"2022-12-22T11:29:44","date_gmt":"2022-12-22T10:29:44","guid":{"rendered":"https:\/\/www.he-arc.ch\/?post_type=he-arc_event&#038;p=41068"},"modified":"2022-12-22T11:29:47","modified_gmt":"2022-12-22T10:29:47","slug":"table-ronde-perspectives-de-carriere-dans-les-services-it","status":"publish","type":"he-arc_event","link":"https:\/\/www.he-arc.ch\/en\/agenda\/table-ronde-perspectives-de-carriere-dans-les-services-it\/","title":{"rendered":"Table ronde &#8211; Perspectives de carri\u00e8re dans les services IT"},"content":{"rendered":"\n<p>Une table ronde du <a href=\"https:\/\/www.he-arc.ch\/gestion-en\/centre-de-carriere\/\">Centre de carri\u00e8re<\/a>, anim\u00e9 par Julien Welten, Head of Sales &amp; Marketing chez delphisoft et Jo\u00ebl Grand-Guillaume, Head of Department chez CamptoCamp.<\/p>\n\n\n\n<p>HEG \u2013 Haute \u00e9cole de gestion Arc<br>Campus Arc 1 (Neuch\u00e2tel)<br>Salle 040<\/p>\n\n\n\n<ul class=\"wp-block-list\">\n<li><a href=\"https:\/\/www.he-arc.ch\/wp-content\/uploads\/2022\/12\/GES-COM230327-Fiche-Table-ronde-Services-IT-Julien-Welten-Joel-Grand-Guillaume.pdf\">Descriptif<\/a><\/li>\n\n\n\n<li>Inscription obligatoire par email \u00e0 <a href=\"mailto:carriere.gestion@he-arc.ch\" target=\"_blank\" rel=\"noreferrer noopener\">carriere.gestion@he-arc.ch<\/a><\/li>\n<\/ul>\n\n\n\n<p>La table ronde est destin\u00e9e aux \u00e9tudiant-e-s en Informatique de gestion.<\/p>\n","protected":false},"author":12,"featured_media":6439,"template":"","he-arc_domain":[2],"he-arc_event_category":[16],"class_list":["post-41068","he-arc_event","type-he-arc_event","status-publish","has-post-thumbnail","hentry","he-arc_domain-gestion","he-arc_event_category-seminaire-conference"],"acf":[],"yoast_head":"<!-- This site is optimized with the Yoast SEO plugin v26.6 - https:\/\/yoast.com\/wordpress\/plugins\/seo\/ -->\n<title>Table ronde - Perspectives de carri\u00e8re dans les services IT - Haute-Ecole Arc<\/title>\n<meta name=\"description\" content=\"Se familiariser avec les possibilit\u00e9s de carri\u00e8re dans des services informatiques.\" \/>\n<meta name=\"robots\" content=\"index, follow, max-snippet:-1, max-image-preview:large, max-video-preview:-1\" \/>\n<link rel=\"canonical\" href=\"https:\/\/www.he-arc.ch\/en\/agenda\/table-ronde-perspectives-de-carriere-dans-les-services-it\/\" \/>\n<meta property=\"og:locale\" content=\"en_US\" \/>\n<meta property=\"og:type\" content=\"article\" \/>\n<meta property=\"og:title\" content=\"Table ronde - Perspectives de carri\u00e8re dans les services IT - Haute-Ecole Arc\" \/>\n<meta property=\"og:description\" content=\"Se familiariser avec les possibilit\u00e9s de carri\u00e8re dans des services informatiques.\" \/>\n<meta property=\"og:url\" content=\"https:\/\/www.he-arc.ch\/en\/agenda\/table-ronde-perspectives-de-carriere-dans-les-services-it\/\" \/>\n<meta property=\"og:site_name\" content=\"Haute-Ecole Arc\" \/>\n<meta property=\"article:modified_time\" content=\"2022-12-22T10:29:47+00:00\" \/>\n<meta property=\"og:image\" content=\"https:\/\/www.he-arc.ch\/wp-content\/uploads\/2021\/11\/GES-IMG000000-Reseaux-de-personnes_dreamstime_xl_45059365-scaled.jpg\" \/>\n\t<meta property=\"og:image:width\" content=\"2560\" \/>\n\t<meta property=\"og:image:height\" content=\"2560\" \/>\n\t<meta property=\"og:image:type\" content=\"image\/jpeg\" \/>\n<meta name=\"twitter:card\" content=\"summary_large_image\" \/>\n<meta name=\"twitter:label1\" content=\"Est. reading time\" \/>\n\t<meta name=\"twitter:data1\" content=\"1 minute\" \/>\n<script type=\"application\/ld+json\" class=\"yoast-schema-graph\">{\"@context\":\"https:\/\/schema.org\",\"@graph\":[{\"@type\":\"WebPage\",\"@id\":\"https:\/\/www.he-arc.ch\/en\/agenda\/table-ronde-perspectives-de-carriere-dans-les-services-it\/\",\"url\":\"https:\/\/www.he-arc.ch\/en\/agenda\/table-ronde-perspectives-de-carriere-dans-les-services-it\/\",\"name\":\"Table ronde - Perspectives de carri\u00e8re dans les services IT - Haute-Ecole Arc\",\"isPartOf\":{\"@id\":\"https:\/\/www.he-arc.ch\/en\/#website\"},\"primaryImageOfPage\":{\"@id\":\"https:\/\/www.he-arc.ch\/en\/agenda\/table-ronde-perspectives-de-carriere-dans-les-services-it\/#primaryimage\"},\"image\":{\"@id\":\"https:\/\/www.he-arc.ch\/en\/agenda\/table-ronde-perspectives-de-carriere-dans-les-services-it\/#primaryimage\"},\"thumbnailUrl\":\"https:\/\/www.he-arc.ch\/wp-content\/uploads\/2021\/11\/GES-IMG000000-Reseaux-de-personnes_dreamstime_xl_45059365-scaled.jpg\",\"datePublished\":\"2022-12-22T10:29:44+00:00\",\"dateModified\":\"2022-12-22T10:29:47+00:00\",\"description\":\"Se familiariser avec les possibilit\u00e9s de carri\u00e8re dans des services informatiques.\",\"breadcrumb\":{\"@id\":\"https:\/\/www.he-arc.ch\/en\/agenda\/table-ronde-perspectives-de-carriere-dans-les-services-it\/#breadcrumb\"},\"inLanguage\":\"en-US\",\"potentialAction\":[{\"@type\":\"ReadAction\",\"target\":[\"https:\/\/www.he-arc.ch\/en\/agenda\/table-ronde-perspectives-de-carriere-dans-les-services-it\/\"]}]},{\"@type\":\"ImageObject\",\"inLanguage\":\"en-US\",\"@id\":\"https:\/\/www.he-arc.ch\/en\/agenda\/table-ronde-perspectives-de-carriere-dans-les-services-it\/#primaryimage\",\"url\":\"https:\/\/www.he-arc.ch\/wp-content\/uploads\/2021\/11\/GES-IMG000000-Reseaux-de-personnes_dreamstime_xl_45059365-scaled.jpg\",\"contentUrl\":\"https:\/\/www.he-arc.ch\/wp-content\/uploads\/2021\/11\/GES-IMG000000-Reseaux-de-personnes_dreamstime_xl_45059365-scaled.jpg\",\"width\":2560,\"height\":2560,\"caption\":\"R\u00e9seaux de personnes, centre de carri\u00e8re\"},{\"@type\":\"BreadcrumbList\",\"@id\":\"https:\/\/www.he-arc.ch\/en\/agenda\/table-ronde-perspectives-de-carriere-dans-les-services-it\/#breadcrumb\",\"itemListElement\":[{\"@type\":\"ListItem\",\"position\":1,\"name\":\"Accueil\",\"item\":\"https:\/\/www.he-arc.ch\/en\/\"},{\"@type\":\"ListItem\",\"position\":2,\"name\":\"Events\",\"item\":\"https:\/\/www.he-arc.ch\/en\/events\/\"},{\"@type\":\"ListItem\",\"position\":3,\"name\":\"Table ronde &#8211; Perspectives de carri\u00e8re dans les services IT\"}]},{\"@type\":\"WebSite\",\"@id\":\"https:\/\/www.he-arc.ch\/en\/#website\",\"url\":\"https:\/\/www.he-arc.ch\/en\/\",\"name\":\"Haute-Ecole Arc\",\"description\":\"Haute \u00e9cole sp\u00e9cialis\u00e9e Suisse. Gestion, Ing\u00e9nierie, Sant\u00e9, Conservation-\u200brestauration.\",\"publisher\":{\"@id\":\"https:\/\/www.he-arc.ch\/en\/#organization\"},\"potentialAction\":[{\"@type\":\"SearchAction\",\"target\":{\"@type\":\"EntryPoint\",\"urlTemplate\":\"https:\/\/www.he-arc.ch\/en\/?s={search_term_string}\"},\"query-input\":{\"@type\":\"PropertyValueSpecification\",\"valueRequired\":true,\"valueName\":\"search_term_string\"}}],\"inLanguage\":\"en-US\"},{\"@type\":\"Organization\",\"@id\":\"https:\/\/www.he-arc.ch\/en\/#organization\",\"name\":\"Haute Ecole Arc\",\"url\":\"https:\/\/www.he-arc.ch\/en\/\",\"logo\":{\"@type\":\"ImageObject\",\"inLanguage\":\"en-US\",\"@id\":\"https:\/\/www.he-arc.ch\/en\/#\/schema\/logo\/image\/\",\"url\":\"https:\/\/www.he-arc.ch\/wp-content\/uploads\/2022\/01\/logo-he-arc.svg\",\"contentUrl\":\"https:\/\/www.he-arc.ch\/wp-content\/uploads\/2022\/01\/logo-he-arc.svg\",\"width\":140,\"height\":42,\"caption\":\"Haute Ecole Arc\"},\"image\":{\"@id\":\"https:\/\/www.he-arc.ch\/en\/#\/schema\/logo\/image\/\"}}]}<\/script>\n<!-- \/ Yoast SEO plugin. -->","yoast_head_json":{"title":"Table ronde - Perspectives de carri\u00e8re dans les services IT - Haute-Ecole Arc","description":"Se familiariser avec les possibilit\u00e9s de carri\u00e8re dans des services informatiques.","robots":{"index":"index","follow":"follow","max-snippet":"max-snippet:-1","max-image-preview":"max-image-preview:large","max-video-preview":"max-video-preview:-1"},"canonical":"https:\/\/www.he-arc.ch\/en\/agenda\/table-ronde-perspectives-de-carriere-dans-les-services-it\/","og_locale":"en_US","og_type":"article","og_title":"Table ronde - Perspectives de carri\u00e8re dans les services IT - Haute-Ecole Arc","og_description":"Se familiariser avec les possibilit\u00e9s de carri\u00e8re dans des services informatiques.","og_url":"https:\/\/www.he-arc.ch\/en\/agenda\/table-ronde-perspectives-de-carriere-dans-les-services-it\/","og_site_name":"Haute-Ecole Arc","article_modified_time":"2022-12-22T10:29:47+00:00","og_image":[{"width":2560,"height":2560,"url":"https:\/\/www.he-arc.ch\/wp-content\/uploads\/2021\/11\/GES-IMG000000-Reseaux-de-personnes_dreamstime_xl_45059365-scaled.jpg","type":"image\/jpeg"}],"twitter_card":"summary_large_image","twitter_misc":{"Est. reading time":"1 minute"},"schema":{"@context":"https:\/\/schema.org","@graph":[{"@type":"WebPage","@id":"https:\/\/www.he-arc.ch\/en\/agenda\/table-ronde-perspectives-de-carriere-dans-les-services-it\/","url":"https:\/\/www.he-arc.ch\/en\/agenda\/table-ronde-perspectives-de-carriere-dans-les-services-it\/","name":"Table ronde - Perspectives de carri\u00e8re dans les services IT - Haute-Ecole Arc","isPartOf":{"@id":"https:\/\/www.he-arc.ch\/en\/#website"},"primaryImageOfPage":{"@id":"https:\/\/www.he-arc.ch\/en\/agenda\/table-ronde-perspectives-de-carriere-dans-les-services-it\/#primaryimage"},"image":{"@id":"https:\/\/www.he-arc.ch\/en\/agenda\/table-ronde-perspectives-de-carriere-dans-les-services-it\/#primaryimage"},"thumbnailUrl":"https:\/\/www.he-arc.ch\/wp-content\/uploads\/2021\/11\/GES-IMG000000-Reseaux-de-personnes_dreamstime_xl_45059365-scaled.jpg","datePublished":"2022-12-22T10:29:44+00:00","dateModified":"2022-12-22T10:29:47+00:00","description":"Se familiariser avec les possibilit\u00e9s de carri\u00e8re dans des services informatiques.","breadcrumb":{"@id":"https:\/\/www.he-arc.ch\/en\/agenda\/table-ronde-perspectives-de-carriere-dans-les-services-it\/#breadcrumb"},"inLanguage":"en-US","potentialAction":[{"@type":"ReadAction","target":["https:\/\/www.he-arc.ch\/en\/agenda\/table-ronde-perspectives-de-carriere-dans-les-services-it\/"]}]},{"@type":"ImageObject","inLanguage":"en-US","@id":"https:\/\/www.he-arc.ch\/en\/agenda\/table-ronde-perspectives-de-carriere-dans-les-services-it\/#primaryimage","url":"https:\/\/www.he-arc.ch\/wp-content\/uploads\/2021\/11\/GES-IMG000000-Reseaux-de-personnes_dreamstime_xl_45059365-scaled.jpg","contentUrl":"https:\/\/www.he-arc.ch\/wp-content\/uploads\/2021\/11\/GES-IMG000000-Reseaux-de-personnes_dreamstime_xl_45059365-scaled.jpg","width":2560,"height":2560,"caption":"R\u00e9seaux de personnes, centre de carri\u00e8re"},{"@type":"BreadcrumbList","@id":"https:\/\/www.he-arc.ch\/en\/agenda\/table-ronde-perspectives-de-carriere-dans-les-services-it\/#breadcrumb","itemListElement":[{"@type":"ListItem","position":1,"name":"Accueil","item":"https:\/\/www.he-arc.ch\/en\/"},{"@type":"ListItem","position":2,"name":"Events","item":"https:\/\/www.he-arc.ch\/en\/events\/"},{"@type":"ListItem","position":3,"name":"Table ronde &#8211; Perspectives de carri\u00e8re dans les services IT"}]},{"@type":"WebSite","@id":"https:\/\/www.he-arc.ch\/en\/#website","url":"https:\/\/www.he-arc.ch\/en\/","name":"Haute-Ecole Arc","description":"Haute \u00e9cole sp\u00e9cialis\u00e9e Suisse. Gestion, Ing\u00e9nierie, Sant\u00e9, Conservation-\u200brestauration.","publisher":{"@id":"https:\/\/www.he-arc.ch\/en\/#organization"},"potentialAction":[{"@type":"SearchAction","target":{"@type":"EntryPoint","urlTemplate":"https:\/\/www.he-arc.ch\/en\/?s={search_term_string}"},"query-input":{"@type":"PropertyValueSpecification","valueRequired":true,"valueName":"search_term_string"}}],"inLanguage":"en-US"},{"@type":"Organization","@id":"https:\/\/www.he-arc.ch\/en\/#organization","name":"Haute Ecole Arc","url":"https:\/\/www.he-arc.ch\/en\/","logo":{"@type":"ImageObject","inLanguage":"en-US","@id":"https:\/\/www.he-arc.ch\/en\/#\/schema\/logo\/image\/","url":"https:\/\/www.he-arc.ch\/wp-content\/uploads\/2022\/01\/logo-he-arc.svg","contentUrl":"https:\/\/www.he-arc.ch\/wp-content\/uploads\/2022\/01\/logo-he-arc.svg","width":140,"height":42,"caption":"Haute Ecole Arc"},"image":{"@id":"https:\/\/www.he-arc.ch\/en\/#\/schema\/logo\/image\/"}}]}},"_links":{"self":[{"href":"https:\/\/www.he-arc.ch\/en\/wp-json\/wp\/v2\/he-arc_event\/41068","targetHints":{"allow":["GET"]}}],"collection":[{"href":"https:\/\/www.he-arc.ch\/en\/wp-json\/wp\/v2\/he-arc_event"}],"about":[{"href":"https:\/\/www.he-arc.ch\/en\/wp-json\/wp\/v2\/types\/he-arc_event"}],"author":[{"embeddable":true,"href":"https:\/\/www.he-arc.ch\/en\/wp-json\/wp\/v2\/users\/12"}],"version-history":[{"count":2,"href":"https:\/\/www.he-arc.ch\/en\/wp-json\/wp\/v2\/he-arc_event\/41068\/revisions"}],"predecessor-version":[{"id":41070,"href":"https:\/\/www.he-arc.ch\/en\/wp-json\/wp\/v2\/he-arc_event\/41068\/revisions\/41070"}],"wp:featuredmedia":[{"embeddable":true,"href":"https:\/\/www.he-arc.ch\/en\/wp-json\/wp\/v2\/media\/6439"}],"wp:attachment":[{"href":"https:\/\/www.he-arc.ch\/en\/wp-json\/wp\/v2\/media?parent=41068"}],"wp:term":[{"taxonomy":"he-arc_domain","embeddable":true,"href":"https:\/\/www.he-arc.ch\/en\/wp-json\/wp\/v2\/he-arc_domain?post=41068"},{"taxonomy":"he-arc_event_category","embeddable":true,"href":"https:\/\/www.he-arc.ch\/en\/wp-json\/wp\/v2\/he-arc_event_category?post=41068"}],"curies":[{"name":"wp","href":"https:\/\/api.w.org\/{rel}","templated":true}]}}

Table ronde &#8211; Perspectives de carrière dans les services IT

<p>Une table ronde du <a href="https://www.he-arc.ch/gestion-en/centre-de-carriere/">Centre de carrière</a>, animé par Julien Welten, Head of Sales &amp; Marketing chez delphisoft et Joël Grand-Guillaume, Head of Department chez CamptoCamp.</p>



<p>HEG – Haute école de gestion Arc<br>Campus Arc 1 (Neuchâtel)<br>Salle 040</p>



<ul class="wp-block-list">
<li><a href="https://www.he-arc.ch/wp-content/uploads/2022/12/GES-COM230327-Fiche-Table-ronde-Services-IT-Julien-Welten-Joel-Grand-Guillaume.pdf">Descriptif</a></li>



<li>Inscription obligatoire par email à <a href="mailto:carriere.gestion@he-arc.ch" target="_blank" rel="noreferrer noopener">carriere.gestion@he-arc.ch</a></li>
</ul>



<p>La table ronde est destinée aux étudiant-e-s en Informatique de gestion.</p>

<!-- This site is optimized with the Yoast SEO plugin v26.6 - https://yoast.com/wordpress/plugins/seo/ -->
<title>Table ronde - Perspectives de carrière dans les services IT - Haute-Ecole Arc</title>
<meta name="description" content="Se familiariser avec les possibilités de carrière dans des services informatiques." />
<meta name="robots" content="index, follow, max-snippet:-1, max-image-preview:large, max-video-preview:-1" />
<link rel="canonical" href="https://www.he-arc.ch/en/agenda/table-ronde-perspectives-de-carriere-dans-les-services-it/" />
<meta property="og:locale" content="en_US" />
<meta property="og:type" content="article" />
<meta property="og:title" content="Table ronde - Perspectives de carrière dans les services IT - Haute-Ecole Arc" />
<meta property="og:description" content="Se familiariser avec les possibilités de carrière dans des services informatiques." />
<meta property="og:url" content="https://www.he-arc.ch/en/agenda/table-ronde-perspectives-de-carriere-dans-les-services-it/" />
<meta property="og:site_name" content="Haute-Ecole Arc" />
<meta property="article:modified_time" content="2022-12-22T10:29:47+00:00" />
<meta property="og:image" content="https://www.he-arc.ch/wp-content/uploads/2021/11/GES-IMG000000-Reseaux-de-personnes_dreamstime_xl_45059365-scaled.jpg" />
	<meta property="og:image:width" content="2560" />
	<meta property="og:image:height" content="2560" />
	<meta property="og:image:type" content="image/jpeg" />
<meta name="twitter:card" content="summary_large_image" />
<meta name="twitter:label1" content="Est. reading time" />
	<meta name="twitter:data1" content="1 minute" />
<script type="application/ld+json" class="yoast-schema-graph">{"@context":"https://schema.org","@graph":[{"@type":"WebPage","@id":"https://www.he-arc.ch/en/agenda/table-ronde-perspectives-de-carriere-dans-les-services-it/","url":"https://www.he-arc.ch/en/agenda/table-ronde-perspectives-de-carriere-dans-les-services-it/","name":"Table ronde - Perspectives de carrière dans les services IT - Haute-Ecole Arc","isPartOf":{"@id":"https://www.he-arc.ch/en/#website"},"primaryImageOfPage":{"@id":"https://www.he-arc.ch/en/agenda/table-ronde-perspectives-de-carriere-dans-les-services-it/#primaryimage"},"image":{"@id":"https://www.he-arc.ch/en/agenda/table-ronde-perspectives-de-carriere-dans-les-services-it/#primaryimage"},"thumbnailUrl":"https://www.he-arc.ch/wp-content/uploads/2021/11/GES-IMG000000-Reseaux-de-personnes_dreamstime_xl_45059365-scaled.jpg","datePublished":"2022-12-22T10:29:44+00:00","dateModified":"2022-12-22T10:29:47+00:00","description":"Se familiariser avec les possibilités de carrière dans des services informatiques.","breadcrumb":{"@id":"https://www.he-arc.ch/en/agenda/table-ronde-perspectives-de-carriere-dans-les-services-it/#breadcrumb"},"inLanguage":"en-US","potentialAction":[{"@type":"ReadAction","target":["https://www.he-arc.ch/en/agenda/table-ronde-perspectives-de-carriere-dans-les-services-it/"]}]},{"@type":"ImageObject","inLanguage":"en-US","@id":"https://www.he-arc.ch/en/agenda/table-ronde-perspectives-de-carriere-dans-les-services-it/#primaryimage","url":"https://www.he-arc.ch/wp-content/uploads/2021/11/GES-IMG000000-Reseaux-de-personnes_dreamstime_xl_45059365-scaled.jpg","contentUrl":"https://www.he-arc.ch/wp-content/uploads/2021/11/GES-IMG000000-Reseaux-de-personnes_dreamstime_xl_45059365-scaled.jpg","width":2560,"height":2560,"caption":"Réseaux de personnes, centre de carrière"},{"@type":"BreadcrumbList","@id":"https://www.he-arc.ch/en/agenda/table-ronde-perspectives-de-carriere-dans-les-services-it/#breadcrumb","itemListElement":[{"@type":"ListItem","position":1,"name":"Accueil","item":"https://www.he-arc.ch/en/"},{"@type":"ListItem","position":2,"name":"Events","item":"https://www.he-arc.ch/en/events/"},{"@type":"ListItem","position":3,"name":"Table ronde &#8211; Perspectives de carrière dans les services IT"}]},{"@type":"WebSite","@id":"https://www.he-arc.ch/en/#website","url":"https://www.he-arc.ch/en/","name":"Haute-Ecole Arc","description":"Haute école spécialisée Suisse. Gestion, Ingénierie, Santé, Conservation-​restauration.","publisher":{"@id":"https://www.he-arc.ch/en/#organization"},"potentialAction":[{"@type":"SearchAction","target":{"@type":"EntryPoint","urlTemplate":"https://www.he-arc.ch/en/?s={search_term_string}"},"query-input":{"@type":"PropertyValueSpecification","valueRequired":true,"valueName":"search_term_string"}}],"inLanguage":"en-US"},{"@type":"Organization","@id":"https://www.he-arc.ch/en/#organization","name":"Haute Ecole Arc","url":"https://www.he-arc.ch/en/","logo":{"@type":"ImageObject","inLanguage":"en-US","@id":"https://www.he-arc.ch/en/#/schema/logo/image/","url":"https://www.he-arc.ch/wp-content/uploads/2022/01/logo-he-arc.svg","contentUrl":"https://www.he-arc.ch/wp-content/uploads/2022/01/logo-he-arc.svg","width":140,"height":42,"caption":"Haute Ecole Arc"},"image":{"@id":"https://www.he-arc.ch/en/#/schema/logo/image/"}}]}</script>
<!-- / Yoast SEO plugin. -->

Table ronde - Perspectives de carrière dans les services IT - Haute-Ecole Arc

Se familiariser avec les possibilités de carrière dans des services informatiques.

Réseaux de personnes, centre de carrière

Haute école spécialisée Suisse. Gestion, Ingénierie, Santé, Conservation-​restauration.
