{"id":41281,"date":"2023-01-11T15:21:24","date_gmt":"2023-01-11T14:21:24","guid":{"rendered":"https:\/\/www.he-arc.ch\/?post_type=he-arc_event&#038;p=41281"},"modified":"2023-01-24T08:17:03","modified_gmt":"2023-01-24T07:17:03","slug":"ai-day-a-lausanne","status":"publish","type":"he-arc_event","link":"https:\/\/www.he-arc.ch\/en\/agenda\/ai-day-a-lausanne\/","title":{"rendered":"AI-Day \u00e0 Lausanne"},"content":{"rendered":"\n<p>Les PME de la r\u00e9gion sont invit\u00e9es \u00e0 une journ\u00e9e d&#8217;information sur le Centre suisse d&#8217;intelligence artificielle (CSIA) pour les PME. Cette structure, qui r\u00e9unit les comp\u00e9tences en intelligence artificielle des cinq \u00e9coles d&#8217;ing\u00e9nierie de la HES-SO, a pour objectif d&#8217;accompagner les PME dans leur transition num\u00e9rique.<\/p>\n\n\n\n<p><a href=\"https:\/\/swiss-ai-center.ch\/event\/ai-days\/\">Programme et inscription<\/a><\/p>\n\n\n\n<p><a href=\"https:\/\/www.he-arc.ch\/wp-content\/uploads\/2023\/01\/ING-ART221215-Revue-de-la-CEP-Lintelligence-artificielle-aussi-pour-les-PME.pdf\" target=\"_blank\" rel=\"noreferrer noopener\">Plus d&#8217;informations sur le CSIA<\/a><\/p>\n","protected":false},"author":11,"featured_media":41282,"template":"","he-arc_domain":[3],"he-arc_event_category":[10],"class_list":["post-41281","he-arc_event","type-he-arc_event","status-publish","has-post-thumbnail","hentry","he-arc_domain-ingenierie","he-arc_event_category-seance-dinformation"],"acf":[],"yoast_head":"<!-- This site is optimized with the Yoast SEO plugin v26.6 - https:\/\/yoast.com\/wordpress\/plugins\/seo\/ -->\n<title>AI-Day \u00e0 Lausanne - Haute-Ecole Arc<\/title>\n<meta name=\"robots\" content=\"index, follow, max-snippet:-1, max-image-preview:large, max-video-preview:-1\" \/>\n<link rel=\"canonical\" href=\"https:\/\/www.he-arc.ch\/en\/agenda\/ai-day-a-lausanne\/\" \/>\n<meta property=\"og:locale\" content=\"en_US\" \/>\n<meta property=\"og:type\" content=\"article\" \/>\n<meta property=\"og:title\" content=\"AI-Day \u00e0 Lausanne - Haute-Ecole Arc\" \/>\n<meta property=\"og:description\" content=\"Les PME de la r\u00e9gion sont invit\u00e9es \u00e0 une journ\u00e9e d&#8217;information sur le Centre suisse d&#8217;intelligence artificielle (CSIA) pour les PME. Cette structure, qui r\u00e9unit les comp\u00e9tences en intelligence artificielle des cinq \u00e9coles d&#8217;ing\u00e9nierie de la HES-SO, a pour objectif d&#8217;accompagner les PME dans leur transition num\u00e9rique. Programme et inscription Plus d&#8217;informations sur le CSIA\" \/>\n<meta property=\"og:url\" content=\"https:\/\/www.he-arc.ch\/en\/agenda\/ai-day-a-lausanne\/\" \/>\n<meta property=\"og:site_name\" content=\"Haute-Ecole Arc\" \/>\n<meta property=\"article:modified_time\" content=\"2023-01-24T07:17:03+00:00\" \/>\n<meta property=\"og:image\" content=\"https:\/\/www.he-arc.ch\/wp-content\/uploads\/2023\/01\/IA_Tornos-1024x567.png\" \/>\n\t<meta property=\"og:image:width\" content=\"1024\" \/>\n\t<meta property=\"og:image:height\" content=\"567\" \/>\n\t<meta property=\"og:image:type\" content=\"image\/png\" \/>\n<meta name=\"twitter:card\" content=\"summary_large_image\" \/>\n<meta name=\"twitter:label1\" content=\"Est. reading time\" \/>\n\t<meta name=\"twitter:data1\" content=\"1 minute\" \/>\n<script type=\"application\/ld+json\" class=\"yoast-schema-graph\">{\"@context\":\"https:\/\/schema.org\",\"@graph\":[{\"@type\":\"WebPage\",\"@id\":\"https:\/\/www.he-arc.ch\/en\/agenda\/ai-day-a-lausanne\/\",\"url\":\"https:\/\/www.he-arc.ch\/en\/agenda\/ai-day-a-lausanne\/\",\"name\":\"AI-Day \u00e0 Lausanne - Haute-Ecole Arc\",\"isPartOf\":{\"@id\":\"https:\/\/www.he-arc.ch\/en\/#website\"},\"primaryImageOfPage\":{\"@id\":\"https:\/\/www.he-arc.ch\/en\/agenda\/ai-day-a-lausanne\/#primaryimage\"},\"image\":{\"@id\":\"https:\/\/www.he-arc.ch\/en\/agenda\/ai-day-a-lausanne\/#primaryimage\"},\"thumbnailUrl\":\"https:\/\/www.he-arc.ch\/wp-content\/uploads\/2023\/01\/IA_Tornos.png\",\"datePublished\":\"2023-01-11T14:21:24+00:00\",\"dateModified\":\"2023-01-24T07:17:03+00:00\",\"breadcrumb\":{\"@id\":\"https:\/\/www.he-arc.ch\/en\/agenda\/ai-day-a-lausanne\/#breadcrumb\"},\"inLanguage\":\"en-US\",\"potentialAction\":[{\"@type\":\"ReadAction\",\"target\":[\"https:\/\/www.he-arc.ch\/en\/agenda\/ai-day-a-lausanne\/\"]}]},{\"@type\":\"ImageObject\",\"inLanguage\":\"en-US\",\"@id\":\"https:\/\/www.he-arc.ch\/en\/agenda\/ai-day-a-lausanne\/#primaryimage\",\"url\":\"https:\/\/www.he-arc.ch\/wp-content\/uploads\/2023\/01\/IA_Tornos.png\",\"contentUrl\":\"https:\/\/www.he-arc.ch\/wp-content\/uploads\/2023\/01\/IA_Tornos.png\",\"width\":2126,\"height\":1178},{\"@type\":\"BreadcrumbList\",\"@id\":\"https:\/\/www.he-arc.ch\/en\/agenda\/ai-day-a-lausanne\/#breadcrumb\",\"itemListElement\":[{\"@type\":\"ListItem\",\"position\":1,\"name\":\"Accueil\",\"item\":\"https:\/\/www.he-arc.ch\/en\/\"},{\"@type\":\"ListItem\",\"position\":2,\"name\":\"Events\",\"item\":\"https:\/\/www.he-arc.ch\/en\/events\/\"},{\"@type\":\"ListItem\",\"position\":3,\"name\":\"AI-Day \u00e0 Lausanne\"}]},{\"@type\":\"WebSite\",\"@id\":\"https:\/\/www.he-arc.ch\/en\/#website\",\"url\":\"https:\/\/www.he-arc.ch\/en\/\",\"name\":\"Haute-Ecole Arc\",\"description\":\"Haute \u00e9cole sp\u00e9cialis\u00e9e Suisse. Gestion, Ing\u00e9nierie, Sant\u00e9, Conservation-\u200brestauration.\",\"publisher\":{\"@id\":\"https:\/\/www.he-arc.ch\/en\/#organization\"},\"potentialAction\":[{\"@type\":\"SearchAction\",\"target\":{\"@type\":\"EntryPoint\",\"urlTemplate\":\"https:\/\/www.he-arc.ch\/en\/?s={search_term_string}\"},\"query-input\":{\"@type\":\"PropertyValueSpecification\",\"valueRequired\":true,\"valueName\":\"search_term_string\"}}],\"inLanguage\":\"en-US\"},{\"@type\":\"Organization\",\"@id\":\"https:\/\/www.he-arc.ch\/en\/#organization\",\"name\":\"Haute Ecole Arc\",\"url\":\"https:\/\/www.he-arc.ch\/en\/\",\"logo\":{\"@type\":\"ImageObject\",\"inLanguage\":\"en-US\",\"@id\":\"https:\/\/www.he-arc.ch\/en\/#\/schema\/logo\/image\/\",\"url\":\"https:\/\/www.he-arc.ch\/wp-content\/uploads\/2022\/01\/logo-he-arc.svg\",\"contentUrl\":\"https:\/\/www.he-arc.ch\/wp-content\/uploads\/2022\/01\/logo-he-arc.svg\",\"width\":140,\"height\":42,\"caption\":\"Haute Ecole Arc\"},\"image\":{\"@id\":\"https:\/\/www.he-arc.ch\/en\/#\/schema\/logo\/image\/\"}}]}<\/script>\n<!-- \/ Yoast SEO plugin. -->","yoast_head_json":{"title":"AI-Day \u00e0 Lausanne - Haute-Ecole Arc","robots":{"index":"index","follow":"follow","max-snippet":"max-snippet:-1","max-image-preview":"max-image-preview:large","max-video-preview":"max-video-preview:-1"},"canonical":"https:\/\/www.he-arc.ch\/en\/agenda\/ai-day-a-lausanne\/","og_locale":"en_US","og_type":"article","og_title":"AI-Day \u00e0 Lausanne - Haute-Ecole Arc","og_description":"Les PME de la r\u00e9gion sont invit\u00e9es \u00e0 une journ\u00e9e d&#8217;information sur le Centre suisse d&#8217;intelligence artificielle (CSIA) pour les PME. Cette structure, qui r\u00e9unit les comp\u00e9tences en intelligence artificielle des cinq \u00e9coles d&#8217;ing\u00e9nierie de la HES-SO, a pour objectif d&#8217;accompagner les PME dans leur transition num\u00e9rique. Programme et inscription Plus d&#8217;informations sur le CSIA","og_url":"https:\/\/www.he-arc.ch\/en\/agenda\/ai-day-a-lausanne\/","og_site_name":"Haute-Ecole Arc","article_modified_time":"2023-01-24T07:17:03+00:00","og_image":[{"width":1024,"height":567,"url":"https:\/\/www.he-arc.ch\/wp-content\/uploads\/2023\/01\/IA_Tornos-1024x567.png","type":"image\/png"}],"twitter_card":"summary_large_image","twitter_misc":{"Est. reading time":"1 minute"},"schema":{"@context":"https:\/\/schema.org","@graph":[{"@type":"WebPage","@id":"https:\/\/www.he-arc.ch\/en\/agenda\/ai-day-a-lausanne\/","url":"https:\/\/www.he-arc.ch\/en\/agenda\/ai-day-a-lausanne\/","name":"AI-Day \u00e0 Lausanne - Haute-Ecole Arc","isPartOf":{"@id":"https:\/\/www.he-arc.ch\/en\/#website"},"primaryImageOfPage":{"@id":"https:\/\/www.he-arc.ch\/en\/agenda\/ai-day-a-lausanne\/#primaryimage"},"image":{"@id":"https:\/\/www.he-arc.ch\/en\/agenda\/ai-day-a-lausanne\/#primaryimage"},"thumbnailUrl":"https:\/\/www.he-arc.ch\/wp-content\/uploads\/2023\/01\/IA_Tornos.png","datePublished":"2023-01-11T14:21:24+00:00","dateModified":"2023-01-24T07:17:03+00:00","breadcrumb":{"@id":"https:\/\/www.he-arc.ch\/en\/agenda\/ai-day-a-lausanne\/#breadcrumb"},"inLanguage":"en-US","potentialAction":[{"@type":"ReadAction","target":["https:\/\/www.he-arc.ch\/en\/agenda\/ai-day-a-lausanne\/"]}]},{"@type":"ImageObject","inLanguage":"en-US","@id":"https:\/\/www.he-arc.ch\/en\/agenda\/ai-day-a-lausanne\/#primaryimage","url":"https:\/\/www.he-arc.ch\/wp-content\/uploads\/2023\/01\/IA_Tornos.png","contentUrl":"https:\/\/www.he-arc.ch\/wp-content\/uploads\/2023\/01\/IA_Tornos.png","width":2126,"height":1178},{"@type":"BreadcrumbList","@id":"https:\/\/www.he-arc.ch\/en\/agenda\/ai-day-a-lausanne\/#breadcrumb","itemListElement":[{"@type":"ListItem","position":1,"name":"Accueil","item":"https:\/\/www.he-arc.ch\/en\/"},{"@type":"ListItem","position":2,"name":"Events","item":"https:\/\/www.he-arc.ch\/en\/events\/"},{"@type":"ListItem","position":3,"name":"AI-Day \u00e0 Lausanne"}]},{"@type":"WebSite","@id":"https:\/\/www.he-arc.ch\/en\/#website","url":"https:\/\/www.he-arc.ch\/en\/","name":"Haute-Ecole Arc","description":"Haute \u00e9cole sp\u00e9cialis\u00e9e Suisse. Gestion, Ing\u00e9nierie, Sant\u00e9, Conservation-\u200brestauration.","publisher":{"@id":"https:\/\/www.he-arc.ch\/en\/#organization"},"potentialAction":[{"@type":"SearchAction","target":{"@type":"EntryPoint","urlTemplate":"https:\/\/www.he-arc.ch\/en\/?s={search_term_string}"},"query-input":{"@type":"PropertyValueSpecification","valueRequired":true,"valueName":"search_term_string"}}],"inLanguage":"en-US"},{"@type":"Organization","@id":"https:\/\/www.he-arc.ch\/en\/#organization","name":"Haute Ecole Arc","url":"https:\/\/www.he-arc.ch\/en\/","logo":{"@type":"ImageObject","inLanguage":"en-US","@id":"https:\/\/www.he-arc.ch\/en\/#\/schema\/logo\/image\/","url":"https:\/\/www.he-arc.ch\/wp-content\/uploads\/2022\/01\/logo-he-arc.svg","contentUrl":"https:\/\/www.he-arc.ch\/wp-content\/uploads\/2022\/01\/logo-he-arc.svg","width":140,"height":42,"caption":"Haute Ecole Arc"},"image":{"@id":"https:\/\/www.he-arc.ch\/en\/#\/schema\/logo\/image\/"}}]}},"_links":{"self":[{"href":"https:\/\/www.he-arc.ch\/en\/wp-json\/wp\/v2\/he-arc_event\/41281","targetHints":{"allow":["GET"]}}],"collection":[{"href":"https:\/\/www.he-arc.ch\/en\/wp-json\/wp\/v2\/he-arc_event"}],"about":[{"href":"https:\/\/www.he-arc.ch\/en\/wp-json\/wp\/v2\/types\/he-arc_event"}],"author":[{"embeddable":true,"href":"https:\/\/www.he-arc.ch\/en\/wp-json\/wp\/v2\/users\/11"}],"version-history":[{"count":8,"href":"https:\/\/www.he-arc.ch\/en\/wp-json\/wp\/v2\/he-arc_event\/41281\/revisions"}],"predecessor-version":[{"id":41592,"href":"https:\/\/www.he-arc.ch\/en\/wp-json\/wp\/v2\/he-arc_event\/41281\/revisions\/41592"}],"wp:featuredmedia":[{"embeddable":true,"href":"https:\/\/www.he-arc.ch\/en\/wp-json\/wp\/v2\/media\/41282"}],"wp:attachment":[{"href":"https:\/\/www.he-arc.ch\/en\/wp-json\/wp\/v2\/media?parent=41281"}],"wp:term":[{"taxonomy":"he-arc_domain","embeddable":true,"href":"https:\/\/www.he-arc.ch\/en\/wp-json\/wp\/v2\/he-arc_domain?post=41281"},{"taxonomy":"he-arc_event_category","embeddable":true,"href":"https:\/\/www.he-arc.ch\/en\/wp-json\/wp\/v2\/he-arc_event_category?post=41281"}],"curies":[{"name":"wp","href":"https:\/\/api.w.org\/{rel}","templated":true}]}}

AI-Day à Lausanne

<p>Les PME de la région sont invitées à une journée d&#8217;information sur le Centre suisse d&#8217;intelligence artificielle (CSIA) pour les PME. Cette structure, qui réunit les compétences en intelligence artificielle des cinq écoles d&#8217;ingénierie de la HES-SO, a pour objectif d&#8217;accompagner les PME dans leur transition numérique.</p>



<p><a href="https://swiss-ai-center.ch/event/ai-days/">Programme et inscription</a></p>



<p><a href="https://www.he-arc.ch/wp-content/uploads/2023/01/ING-ART221215-Revue-de-la-CEP-Lintelligence-artificielle-aussi-pour-les-PME.pdf" target="_blank" rel="noreferrer noopener">Plus d&#8217;informations sur le CSIA</a></p>

<!-- This site is optimized with the Yoast SEO plugin v26.6 - https://yoast.com/wordpress/plugins/seo/ -->
<title>AI-Day à Lausanne - Haute-Ecole Arc</title>
<meta name="robots" content="index, follow, max-snippet:-1, max-image-preview:large, max-video-preview:-1" />
<link rel="canonical" href="https://www.he-arc.ch/en/agenda/ai-day-a-lausanne/" />
<meta property="og:locale" content="en_US" />
<meta property="og:type" content="article" />
<meta property="og:title" content="AI-Day à Lausanne - Haute-Ecole Arc" />
<meta property="og:description" content="Les PME de la région sont invitées à une journée d&#8217;information sur le Centre suisse d&#8217;intelligence artificielle (CSIA) pour les PME. Cette structure, qui réunit les compétences en intelligence artificielle des cinq écoles d&#8217;ingénierie de la HES-SO, a pour objectif d&#8217;accompagner les PME dans leur transition numérique. Programme et inscription Plus d&#8217;informations sur le CSIA" />
<meta property="og:url" content="https://www.he-arc.ch/en/agenda/ai-day-a-lausanne/" />
<meta property="og:site_name" content="Haute-Ecole Arc" />
<meta property="article:modified_time" content="2023-01-24T07:17:03+00:00" />
<meta property="og:image" content="https://www.he-arc.ch/wp-content/uploads/2023/01/IA_Tornos-1024x567.png" />
	<meta property="og:image:width" content="1024" />
	<meta property="og:image:height" content="567" />
	<meta property="og:image:type" content="image/png" />
<meta name="twitter:card" content="summary_large_image" />
<meta name="twitter:label1" content="Est. reading time" />
	<meta name="twitter:data1" content="1 minute" />
<script type="application/ld+json" class="yoast-schema-graph">{"@context":"https://schema.org","@graph":[{"@type":"WebPage","@id":"https://www.he-arc.ch/en/agenda/ai-day-a-lausanne/","url":"https://www.he-arc.ch/en/agenda/ai-day-a-lausanne/","name":"AI-Day à Lausanne - Haute-Ecole Arc","isPartOf":{"@id":"https://www.he-arc.ch/en/#website"},"primaryImageOfPage":{"@id":"https://www.he-arc.ch/en/agenda/ai-day-a-lausanne/#primaryimage"},"image":{"@id":"https://www.he-arc.ch/en/agenda/ai-day-a-lausanne/#primaryimage"},"thumbnailUrl":"https://www.he-arc.ch/wp-content/uploads/2023/01/IA_Tornos.png","datePublished":"2023-01-11T14:21:24+00:00","dateModified":"2023-01-24T07:17:03+00:00","breadcrumb":{"@id":"https://www.he-arc.ch/en/agenda/ai-day-a-lausanne/#breadcrumb"},"inLanguage":"en-US","potentialAction":[{"@type":"ReadAction","target":["https://www.he-arc.ch/en/agenda/ai-day-a-lausanne/"]}]},{"@type":"ImageObject","inLanguage":"en-US","@id":"https://www.he-arc.ch/en/agenda/ai-day-a-lausanne/#primaryimage","url":"https://www.he-arc.ch/wp-content/uploads/2023/01/IA_Tornos.png","contentUrl":"https://www.he-arc.ch/wp-content/uploads/2023/01/IA_Tornos.png","width":2126,"height":1178},{"@type":"BreadcrumbList","@id":"https://www.he-arc.ch/en/agenda/ai-day-a-lausanne/#breadcrumb","itemListElement":[{"@type":"ListItem","position":1,"name":"Accueil","item":"https://www.he-arc.ch/en/"},{"@type":"ListItem","position":2,"name":"Events","item":"https://www.he-arc.ch/en/events/"},{"@type":"ListItem","position":3,"name":"AI-Day à Lausanne"}]},{"@type":"WebSite","@id":"https://www.he-arc.ch/en/#website","url":"https://www.he-arc.ch/en/","name":"Haute-Ecole Arc","description":"Haute école spécialisée Suisse. Gestion, Ingénierie, Santé, Conservation-​restauration.","publisher":{"@id":"https://www.he-arc.ch/en/#organization"},"potentialAction":[{"@type":"SearchAction","target":{"@type":"EntryPoint","urlTemplate":"https://www.he-arc.ch/en/?s={search_term_string}"},"query-input":{"@type":"PropertyValueSpecification","valueRequired":true,"valueName":"search_term_string"}}],"inLanguage":"en-US"},{"@type":"Organization","@id":"https://www.he-arc.ch/en/#organization","name":"Haute Ecole Arc","url":"https://www.he-arc.ch/en/","logo":{"@type":"ImageObject","inLanguage":"en-US","@id":"https://www.he-arc.ch/en/#/schema/logo/image/","url":"https://www.he-arc.ch/wp-content/uploads/2022/01/logo-he-arc.svg","contentUrl":"https://www.he-arc.ch/wp-content/uploads/2022/01/logo-he-arc.svg","width":140,"height":42,"caption":"Haute Ecole Arc"},"image":{"@id":"https://www.he-arc.ch/en/#/schema/logo/image/"}}]}</script>
<!-- / Yoast SEO plugin. -->

AI-Day à Lausanne - Haute-Ecole Arc

Les PME de la région sont invitées à une journée d&#8217;information sur le Centre suisse d&#8217;intelligence artificielle (CSIA) pour les PME. Cette structure, qui réunit les compétences en intelligence artificielle des cinq écoles d&#8217;ingénierie de la HES-SO, a pour objectif d&#8217;accompagner les PME dans leur transition numérique. Programme et inscription Plus d&#8217;informations sur le CSIA

Haute école spécialisée Suisse. Gestion, Ingénierie, Santé, Conservation-​restauration.
