{"id":47631,"date":"2023-07-03T15:00:04","date_gmt":"2023-07-03T14:00:04","guid":{"rendered":"https:\/\/www.he-arc.ch\/?post_type=he-arc_event&#038;p=47631"},"modified":"2023-07-03T15:00:05","modified_gmt":"2023-07-03T14:00:05","slug":"la-parole-de-lenfant-en-justice","status":"publish","type":"he-arc_event","link":"https:\/\/www.he-arc.ch\/en\/agenda\/la-parole-de-lenfant-en-justice\/","title":{"rendered":"La parole de l\u2019enfant en justice"},"content":{"rendered":"\n<p>Journ\u00e9e de formation propos\u00e9e par l\u2019<a href=\"https:\/\/www.he-arc.ch\/gestion-en\/ecole-romande-de-la-magistrature-penale-ermp\/\">\u00c9cole romande de la magistrature p\u00e9nale (ERMP)<\/a>.<\/p>\n\n\n\n<p>Avec la participation de <a href=\"https:\/\/psy.umontreal.ca\/repertoire-departement\/professeures\/professeures\/in\/in14309\/sg\/Mireille%20Cyr\/\" target=\"_blank\" rel=\"noreferrer noopener\">Mireille Cyr<\/a> de l&#8217;Universit\u00e9 de Montr\u00e9al.<\/p>\n\n\n\n<ul class=\"wp-block-list\">\n<li><a href=\"https:\/\/www.he-arc.ch\/wp-content\/uploads\/2023\/07\/GES-BRO231117-Auditions-des-enfants.pdf\" target=\"_blank\" rel=\"noreferrer noopener\">Flyer<\/a><\/li>\n<\/ul>\n\n\n\n<ul class=\"wp-block-list\">\n<li><a href=\"https:\/\/jp-portal.gestion.he-arc.ch\/form\/48\" target=\"_blank\" rel=\"noreferrer noopener\">Inscription<\/a><\/li>\n<\/ul>\n","protected":false},"author":12,"featured_media":5166,"template":"","he-arc_domain":[2],"he-arc_event_category":[16],"class_list":["post-47631","he-arc_event","type-he-arc_event","status-publish","has-post-thumbnail","hentry","he-arc_domain-gestion","he-arc_event_category-seminaire-conference"],"acf":[],"yoast_head":"<!-- This site is optimized with the Yoast SEO plugin v26.6 - https:\/\/yoast.com\/wordpress\/plugins\/seo\/ -->\n<title>La parole de l\u2019enfant en justice - Haute-Ecole Arc<\/title>\n<meta name=\"description\" content=\"Avec la participation de Mireille Cyr de l&#039;Universit\u00e9 de Montr\u00e9al.\" \/>\n<meta name=\"robots\" content=\"index, follow, max-snippet:-1, max-image-preview:large, max-video-preview:-1\" \/>\n<link rel=\"canonical\" href=\"https:\/\/www.he-arc.ch\/en\/agenda\/la-parole-de-lenfant-en-justice\/\" \/>\n<meta property=\"og:locale\" content=\"en_US\" \/>\n<meta property=\"og:type\" content=\"article\" \/>\n<meta property=\"og:title\" content=\"La parole de l\u2019enfant en justice - Haute-Ecole Arc\" \/>\n<meta property=\"og:description\" content=\"Avec la participation de Mireille Cyr de l&#039;Universit\u00e9 de Montr\u00e9al.\" \/>\n<meta property=\"og:url\" content=\"https:\/\/www.he-arc.ch\/en\/agenda\/la-parole-de-lenfant-en-justice\/\" \/>\n<meta property=\"og:site_name\" content=\"Haute-Ecole Arc\" \/>\n<meta property=\"article:modified_time\" content=\"2023-07-03T14:00:05+00:00\" \/>\n<meta property=\"og:image\" content=\"https:\/\/www.he-arc.ch\/wp-content\/uploads\/2021\/10\/Agenda-Conference-Colloque-Seminaire.jpg\" \/>\n\t<meta property=\"og:image:width\" content=\"2500\" \/>\n\t<meta property=\"og:image:height\" content=\"1375\" \/>\n\t<meta property=\"og:image:type\" content=\"image\/jpeg\" \/>\n<meta name=\"twitter:card\" content=\"summary_large_image\" \/>\n<meta name=\"twitter:label1\" content=\"Est. reading time\" \/>\n\t<meta name=\"twitter:data1\" content=\"1 minute\" \/>\n<script type=\"application\/ld+json\" class=\"yoast-schema-graph\">{\"@context\":\"https:\/\/schema.org\",\"@graph\":[{\"@type\":\"WebPage\",\"@id\":\"https:\/\/www.he-arc.ch\/en\/agenda\/la-parole-de-lenfant-en-justice\/\",\"url\":\"https:\/\/www.he-arc.ch\/en\/agenda\/la-parole-de-lenfant-en-justice\/\",\"name\":\"La parole de l\u2019enfant en justice - Haute-Ecole Arc\",\"isPartOf\":{\"@id\":\"https:\/\/www.he-arc.ch\/en\/#website\"},\"primaryImageOfPage\":{\"@id\":\"https:\/\/www.he-arc.ch\/en\/agenda\/la-parole-de-lenfant-en-justice\/#primaryimage\"},\"image\":{\"@id\":\"https:\/\/www.he-arc.ch\/en\/agenda\/la-parole-de-lenfant-en-justice\/#primaryimage\"},\"thumbnailUrl\":\"https:\/\/www.he-arc.ch\/wp-content\/uploads\/2021\/10\/Agenda-Conference-Colloque-Seminaire.jpg\",\"datePublished\":\"2023-07-03T14:00:04+00:00\",\"dateModified\":\"2023-07-03T14:00:05+00:00\",\"description\":\"Avec la participation de Mireille Cyr de l'Universit\u00e9 de Montr\u00e9al.\",\"breadcrumb\":{\"@id\":\"https:\/\/www.he-arc.ch\/en\/agenda\/la-parole-de-lenfant-en-justice\/#breadcrumb\"},\"inLanguage\":\"en-US\",\"potentialAction\":[{\"@type\":\"ReadAction\",\"target\":[\"https:\/\/www.he-arc.ch\/en\/agenda\/la-parole-de-lenfant-en-justice\/\"]}]},{\"@type\":\"ImageObject\",\"inLanguage\":\"en-US\",\"@id\":\"https:\/\/www.he-arc.ch\/en\/agenda\/la-parole-de-lenfant-en-justice\/#primaryimage\",\"url\":\"https:\/\/www.he-arc.ch\/wp-content\/uploads\/2021\/10\/Agenda-Conference-Colloque-Seminaire.jpg\",\"contentUrl\":\"https:\/\/www.he-arc.ch\/wp-content\/uploads\/2021\/10\/Agenda-Conference-Colloque-Seminaire.jpg\",\"width\":2500,\"height\":1375,\"caption\":\"Speaker face \u00e0 un public\"},{\"@type\":\"BreadcrumbList\",\"@id\":\"https:\/\/www.he-arc.ch\/en\/agenda\/la-parole-de-lenfant-en-justice\/#breadcrumb\",\"itemListElement\":[{\"@type\":\"ListItem\",\"position\":1,\"name\":\"Accueil\",\"item\":\"https:\/\/www.he-arc.ch\/en\/\"},{\"@type\":\"ListItem\",\"position\":2,\"name\":\"Events\",\"item\":\"https:\/\/www.he-arc.ch\/en\/events\/\"},{\"@type\":\"ListItem\",\"position\":3,\"name\":\"La parole de l\u2019enfant en justice\"}]},{\"@type\":\"WebSite\",\"@id\":\"https:\/\/www.he-arc.ch\/en\/#website\",\"url\":\"https:\/\/www.he-arc.ch\/en\/\",\"name\":\"Haute-Ecole Arc\",\"description\":\"Haute \u00e9cole sp\u00e9cialis\u00e9e Suisse. Gestion, Ing\u00e9nierie, Sant\u00e9, Conservation-\u200brestauration.\",\"publisher\":{\"@id\":\"https:\/\/www.he-arc.ch\/en\/#organization\"},\"potentialAction\":[{\"@type\":\"SearchAction\",\"target\":{\"@type\":\"EntryPoint\",\"urlTemplate\":\"https:\/\/www.he-arc.ch\/en\/?s={search_term_string}\"},\"query-input\":{\"@type\":\"PropertyValueSpecification\",\"valueRequired\":true,\"valueName\":\"search_term_string\"}}],\"inLanguage\":\"en-US\"},{\"@type\":\"Organization\",\"@id\":\"https:\/\/www.he-arc.ch\/en\/#organization\",\"name\":\"Haute Ecole Arc\",\"url\":\"https:\/\/www.he-arc.ch\/en\/\",\"logo\":{\"@type\":\"ImageObject\",\"inLanguage\":\"en-US\",\"@id\":\"https:\/\/www.he-arc.ch\/en\/#\/schema\/logo\/image\/\",\"url\":\"https:\/\/www.he-arc.ch\/wp-content\/uploads\/2022\/01\/logo-he-arc.svg\",\"contentUrl\":\"https:\/\/www.he-arc.ch\/wp-content\/uploads\/2022\/01\/logo-he-arc.svg\",\"width\":140,\"height\":42,\"caption\":\"Haute Ecole Arc\"},\"image\":{\"@id\":\"https:\/\/www.he-arc.ch\/en\/#\/schema\/logo\/image\/\"}}]}<\/script>\n<!-- \/ Yoast SEO plugin. -->","yoast_head_json":{"title":"La parole de l\u2019enfant en justice - Haute-Ecole Arc","description":"Avec la participation de Mireille Cyr de l'Universit\u00e9 de Montr\u00e9al.","robots":{"index":"index","follow":"follow","max-snippet":"max-snippet:-1","max-image-preview":"max-image-preview:large","max-video-preview":"max-video-preview:-1"},"canonical":"https:\/\/www.he-arc.ch\/en\/agenda\/la-parole-de-lenfant-en-justice\/","og_locale":"en_US","og_type":"article","og_title":"La parole de l\u2019enfant en justice - Haute-Ecole Arc","og_description":"Avec la participation de Mireille Cyr de l'Universit\u00e9 de Montr\u00e9al.","og_url":"https:\/\/www.he-arc.ch\/en\/agenda\/la-parole-de-lenfant-en-justice\/","og_site_name":"Haute-Ecole Arc","article_modified_time":"2023-07-03T14:00:05+00:00","og_image":[{"width":2500,"height":1375,"url":"https:\/\/www.he-arc.ch\/wp-content\/uploads\/2021\/10\/Agenda-Conference-Colloque-Seminaire.jpg","type":"image\/jpeg"}],"twitter_card":"summary_large_image","twitter_misc":{"Est. reading time":"1 minute"},"schema":{"@context":"https:\/\/schema.org","@graph":[{"@type":"WebPage","@id":"https:\/\/www.he-arc.ch\/en\/agenda\/la-parole-de-lenfant-en-justice\/","url":"https:\/\/www.he-arc.ch\/en\/agenda\/la-parole-de-lenfant-en-justice\/","name":"La parole de l\u2019enfant en justice - Haute-Ecole Arc","isPartOf":{"@id":"https:\/\/www.he-arc.ch\/en\/#website"},"primaryImageOfPage":{"@id":"https:\/\/www.he-arc.ch\/en\/agenda\/la-parole-de-lenfant-en-justice\/#primaryimage"},"image":{"@id":"https:\/\/www.he-arc.ch\/en\/agenda\/la-parole-de-lenfant-en-justice\/#primaryimage"},"thumbnailUrl":"https:\/\/www.he-arc.ch\/wp-content\/uploads\/2021\/10\/Agenda-Conference-Colloque-Seminaire.jpg","datePublished":"2023-07-03T14:00:04+00:00","dateModified":"2023-07-03T14:00:05+00:00","description":"Avec la participation de Mireille Cyr de l'Universit\u00e9 de Montr\u00e9al.","breadcrumb":{"@id":"https:\/\/www.he-arc.ch\/en\/agenda\/la-parole-de-lenfant-en-justice\/#breadcrumb"},"inLanguage":"en-US","potentialAction":[{"@type":"ReadAction","target":["https:\/\/www.he-arc.ch\/en\/agenda\/la-parole-de-lenfant-en-justice\/"]}]},{"@type":"ImageObject","inLanguage":"en-US","@id":"https:\/\/www.he-arc.ch\/en\/agenda\/la-parole-de-lenfant-en-justice\/#primaryimage","url":"https:\/\/www.he-arc.ch\/wp-content\/uploads\/2021\/10\/Agenda-Conference-Colloque-Seminaire.jpg","contentUrl":"https:\/\/www.he-arc.ch\/wp-content\/uploads\/2021\/10\/Agenda-Conference-Colloque-Seminaire.jpg","width":2500,"height":1375,"caption":"Speaker face \u00e0 un public"},{"@type":"BreadcrumbList","@id":"https:\/\/www.he-arc.ch\/en\/agenda\/la-parole-de-lenfant-en-justice\/#breadcrumb","itemListElement":[{"@type":"ListItem","position":1,"name":"Accueil","item":"https:\/\/www.he-arc.ch\/en\/"},{"@type":"ListItem","position":2,"name":"Events","item":"https:\/\/www.he-arc.ch\/en\/events\/"},{"@type":"ListItem","position":3,"name":"La parole de l\u2019enfant en justice"}]},{"@type":"WebSite","@id":"https:\/\/www.he-arc.ch\/en\/#website","url":"https:\/\/www.he-arc.ch\/en\/","name":"Haute-Ecole Arc","description":"Haute \u00e9cole sp\u00e9cialis\u00e9e Suisse. Gestion, Ing\u00e9nierie, Sant\u00e9, Conservation-\u200brestauration.","publisher":{"@id":"https:\/\/www.he-arc.ch\/en\/#organization"},"potentialAction":[{"@type":"SearchAction","target":{"@type":"EntryPoint","urlTemplate":"https:\/\/www.he-arc.ch\/en\/?s={search_term_string}"},"query-input":{"@type":"PropertyValueSpecification","valueRequired":true,"valueName":"search_term_string"}}],"inLanguage":"en-US"},{"@type":"Organization","@id":"https:\/\/www.he-arc.ch\/en\/#organization","name":"Haute Ecole Arc","url":"https:\/\/www.he-arc.ch\/en\/","logo":{"@type":"ImageObject","inLanguage":"en-US","@id":"https:\/\/www.he-arc.ch\/en\/#\/schema\/logo\/image\/","url":"https:\/\/www.he-arc.ch\/wp-content\/uploads\/2022\/01\/logo-he-arc.svg","contentUrl":"https:\/\/www.he-arc.ch\/wp-content\/uploads\/2022\/01\/logo-he-arc.svg","width":140,"height":42,"caption":"Haute Ecole Arc"},"image":{"@id":"https:\/\/www.he-arc.ch\/en\/#\/schema\/logo\/image\/"}}]}},"_links":{"self":[{"href":"https:\/\/www.he-arc.ch\/en\/wp-json\/wp\/v2\/he-arc_event\/47631","targetHints":{"allow":["GET"]}}],"collection":[{"href":"https:\/\/www.he-arc.ch\/en\/wp-json\/wp\/v2\/he-arc_event"}],"about":[{"href":"https:\/\/www.he-arc.ch\/en\/wp-json\/wp\/v2\/types\/he-arc_event"}],"author":[{"embeddable":true,"href":"https:\/\/www.he-arc.ch\/en\/wp-json\/wp\/v2\/users\/12"}],"version-history":[{"count":2,"href":"https:\/\/www.he-arc.ch\/en\/wp-json\/wp\/v2\/he-arc_event\/47631\/revisions"}],"predecessor-version":[{"id":47641,"href":"https:\/\/www.he-arc.ch\/en\/wp-json\/wp\/v2\/he-arc_event\/47631\/revisions\/47641"}],"wp:featuredmedia":[{"embeddable":true,"href":"https:\/\/www.he-arc.ch\/en\/wp-json\/wp\/v2\/media\/5166"}],"wp:attachment":[{"href":"https:\/\/www.he-arc.ch\/en\/wp-json\/wp\/v2\/media?parent=47631"}],"wp:term":[{"taxonomy":"he-arc_domain","embeddable":true,"href":"https:\/\/www.he-arc.ch\/en\/wp-json\/wp\/v2\/he-arc_domain?post=47631"},{"taxonomy":"he-arc_event_category","embeddable":true,"href":"https:\/\/www.he-arc.ch\/en\/wp-json\/wp\/v2\/he-arc_event_category?post=47631"}],"curies":[{"name":"wp","href":"https:\/\/api.w.org\/{rel}","templated":true}]}}

<p>Journée de formation proposée par l’<a href="https://www.he-arc.ch/gestion-en/ecole-romande-de-la-magistrature-penale-ermp/">École romande de la magistrature pénale (ERMP)</a>.</p>



<p>Avec la participation de <a href="https://psy.umontreal.ca/repertoire-departement/professeures/professeures/in/in14309/sg/Mireille%20Cyr/" target="_blank" rel="noreferrer noopener">Mireille Cyr</a> de l&#8217;Université de Montréal.</p>



<ul class="wp-block-list">
<li><a href="https://www.he-arc.ch/wp-content/uploads/2023/07/GES-BRO231117-Auditions-des-enfants.pdf" target="_blank" rel="noreferrer noopener">Flyer</a></li>
</ul>



<ul class="wp-block-list">
<li><a href="https://jp-portal.gestion.he-arc.ch/form/48" target="_blank" rel="noreferrer noopener">Inscription</a></li>
</ul>

<!-- This site is optimized with the Yoast SEO plugin v26.6 - https://yoast.com/wordpress/plugins/seo/ -->
<title>La parole de l’enfant en justice - Haute-Ecole Arc</title>
<meta name="description" content="Avec la participation de Mireille Cyr de l&#039;Université de Montréal." />
<meta name="robots" content="index, follow, max-snippet:-1, max-image-preview:large, max-video-preview:-1" />
<link rel="canonical" href="https://www.he-arc.ch/en/agenda/la-parole-de-lenfant-en-justice/" />
<meta property="og:locale" content="en_US" />
<meta property="og:type" content="article" />
<meta property="og:title" content="La parole de l’enfant en justice - Haute-Ecole Arc" />
<meta property="og:description" content="Avec la participation de Mireille Cyr de l&#039;Université de Montréal." />
<meta property="og:url" content="https://www.he-arc.ch/en/agenda/la-parole-de-lenfant-en-justice/" />
<meta property="og:site_name" content="Haute-Ecole Arc" />
<meta property="article:modified_time" content="2023-07-03T14:00:05+00:00" />
<meta property="og:image" content="https://www.he-arc.ch/wp-content/uploads/2021/10/Agenda-Conference-Colloque-Seminaire.jpg" />
	<meta property="og:image:width" content="2500" />
	<meta property="og:image:height" content="1375" />
	<meta property="og:image:type" content="image/jpeg" />
<meta name="twitter:card" content="summary_large_image" />
<meta name="twitter:label1" content="Est. reading time" />
	<meta name="twitter:data1" content="1 minute" />
<script type="application/ld+json" class="yoast-schema-graph">{"@context":"https://schema.org","@graph":[{"@type":"WebPage","@id":"https://www.he-arc.ch/en/agenda/la-parole-de-lenfant-en-justice/","url":"https://www.he-arc.ch/en/agenda/la-parole-de-lenfant-en-justice/","name":"La parole de l’enfant en justice - Haute-Ecole Arc","isPartOf":{"@id":"https://www.he-arc.ch/en/#website"},"primaryImageOfPage":{"@id":"https://www.he-arc.ch/en/agenda/la-parole-de-lenfant-en-justice/#primaryimage"},"image":{"@id":"https://www.he-arc.ch/en/agenda/la-parole-de-lenfant-en-justice/#primaryimage"},"thumbnailUrl":"https://www.he-arc.ch/wp-content/uploads/2021/10/Agenda-Conference-Colloque-Seminaire.jpg","datePublished":"2023-07-03T14:00:04+00:00","dateModified":"2023-07-03T14:00:05+00:00","description":"Avec la participation de Mireille Cyr de l'Université de Montréal.","breadcrumb":{"@id":"https://www.he-arc.ch/en/agenda/la-parole-de-lenfant-en-justice/#breadcrumb"},"inLanguage":"en-US","potentialAction":[{"@type":"ReadAction","target":["https://www.he-arc.ch/en/agenda/la-parole-de-lenfant-en-justice/"]}]},{"@type":"ImageObject","inLanguage":"en-US","@id":"https://www.he-arc.ch/en/agenda/la-parole-de-lenfant-en-justice/#primaryimage","url":"https://www.he-arc.ch/wp-content/uploads/2021/10/Agenda-Conference-Colloque-Seminaire.jpg","contentUrl":"https://www.he-arc.ch/wp-content/uploads/2021/10/Agenda-Conference-Colloque-Seminaire.jpg","width":2500,"height":1375,"caption":"Speaker face à un public"},{"@type":"BreadcrumbList","@id":"https://www.he-arc.ch/en/agenda/la-parole-de-lenfant-en-justice/#breadcrumb","itemListElement":[{"@type":"ListItem","position":1,"name":"Accueil","item":"https://www.he-arc.ch/en/"},{"@type":"ListItem","position":2,"name":"Events","item":"https://www.he-arc.ch/en/events/"},{"@type":"ListItem","position":3,"name":"La parole de l’enfant en justice"}]},{"@type":"WebSite","@id":"https://www.he-arc.ch/en/#website","url":"https://www.he-arc.ch/en/","name":"Haute-Ecole Arc","description":"Haute école spécialisée Suisse. Gestion, Ingénierie, Santé, Conservation-​restauration.","publisher":{"@id":"https://www.he-arc.ch/en/#organization"},"potentialAction":[{"@type":"SearchAction","target":{"@type":"EntryPoint","urlTemplate":"https://www.he-arc.ch/en/?s={search_term_string}"},"query-input":{"@type":"PropertyValueSpecification","valueRequired":true,"valueName":"search_term_string"}}],"inLanguage":"en-US"},{"@type":"Organization","@id":"https://www.he-arc.ch/en/#organization","name":"Haute Ecole Arc","url":"https://www.he-arc.ch/en/","logo":{"@type":"ImageObject","inLanguage":"en-US","@id":"https://www.he-arc.ch/en/#/schema/logo/image/","url":"https://www.he-arc.ch/wp-content/uploads/2022/01/logo-he-arc.svg","contentUrl":"https://www.he-arc.ch/wp-content/uploads/2022/01/logo-he-arc.svg","width":140,"height":42,"caption":"Haute Ecole Arc"},"image":{"@id":"https://www.he-arc.ch/en/#/schema/logo/image/"}}]}</script>
<!-- / Yoast SEO plugin. -->

Avec la participation de Mireille Cyr de l'Université de Montréal.

Speaker face à un public

Haute école spécialisée Suisse. Gestion, Ingénierie, Santé, Conservation-​restauration.
