{"id":52232,"date":"2023-12-18T14:32:03","date_gmt":"2023-12-18T13:32:03","guid":{"rendered":"https:\/\/www.he-arc.ch\/?post_type=he-arc_event&#038;p=52232"},"modified":"2024-03-04T14:56:26","modified_gmt":"2024-03-04T13:56:26","slug":"1ere-journee-de-la-recherche-en-community-management","status":"publish","type":"he-arc_event","link":"https:\/\/www.he-arc.ch\/en\/agenda\/1ere-journee-de-la-recherche-en-community-management\/","title":{"rendered":"1\u00e8re journ\u00e9e de la recherche en community management"},"content":{"rendered":"\n<p>Au menu, les concepts tendances, les meilleures pratiques et les derni\u00e8res recherches qui red\u00e9finissent la mani\u00e8re dont la construction, l\u2019engagement et la gestion des communaut\u00e9s en ligne peuvent se penser pour les collectivit\u00e9s publiques.<\/p>\n\n\n\n<p>Cette journ\u00e9e de recherche s\u2019adresse aux community managers, aux communicant-e-s et aux personnes travaillant dans le marketing, particuli\u00e8rement celles et ceux occupant des postes dans les collectivit\u00e9s publiques ou dans le secteur du tourisme.<\/p>\n\n\n\n<p>HEG \u2013 Haute \u00e9cole de gestion Arc<br>Campus Arc 1<br>Espace de l\u2019Europe 21<br>2000 Neuch\u00e2tel<br>Salle 030 &#8211; Auditorium 2<\/p>\n\n\n\n<ul class=\"wp-block-list\">\n<li><a href=\"mailto:catia.piresvieira@he-arc.ch\">Contact<\/a><\/li>\n<\/ul>\n\n\n\n<ul class=\"wp-block-list\">\n<li><a href=\"https:\/\/www.he-arc.ch\/wp-content\/uploads\/2023\/11\/GES-FLY240416-Flyer-JRCM.pdf\" target=\"_blank\" rel=\"noreferrer noopener\">Flyer<\/a><\/li>\n<\/ul>\n\n\n\n<ul class=\"wp-block-list\">\n<li><a href=\"https:\/\/jp-portal.gestion.he-arc.ch\/form\/41\" target=\"_blank\" rel=\"noreferrer noopener\">Inscription<\/a><\/li>\n<\/ul>\n","protected":false},"author":12,"featured_media":52235,"template":"","he-arc_domain":[2],"he-arc_event_category":[16],"class_list":["post-52232","he-arc_event","type-he-arc_event","status-publish","has-post-thumbnail","hentry","he-arc_domain-gestion","he-arc_event_category-seminaire-conference"],"acf":[],"yoast_head":"<!-- This site is optimized with the Yoast SEO plugin v26.6 - https:\/\/yoast.com\/wordpress\/plugins\/seo\/ -->\n<title>1\u00e8re journ\u00e9e de la recherche en community management - Haute-Ecole Arc<\/title>\n<meta name=\"description\" content=\"Cette formation s\u2019adresse aux community managers, aux communicant-e-s et personnes travaillant dans le marketing.\" \/>\n<meta name=\"robots\" content=\"index, follow, max-snippet:-1, max-image-preview:large, max-video-preview:-1\" \/>\n<link rel=\"canonical\" href=\"https:\/\/www.he-arc.ch\/en\/agenda\/1ere-journee-de-la-recherche-en-community-management\/\" \/>\n<meta property=\"og:locale\" content=\"en_US\" \/>\n<meta property=\"og:type\" content=\"article\" \/>\n<meta property=\"og:title\" content=\"1\u00e8re journ\u00e9e de la recherche en community management - Haute-Ecole Arc\" \/>\n<meta property=\"og:description\" content=\"Cette formation s\u2019adresse aux community managers, aux communicant-e-s et personnes travaillant dans le marketing.\" \/>\n<meta property=\"og:url\" content=\"https:\/\/www.he-arc.ch\/en\/agenda\/1ere-journee-de-la-recherche-en-community-management\/\" \/>\n<meta property=\"og:site_name\" content=\"Haute-Ecole Arc\" \/>\n<meta property=\"article:modified_time\" content=\"2024-03-04T13:56:26+00:00\" \/>\n<meta property=\"og:image\" content=\"https:\/\/www.he-arc.ch\/wp-content\/uploads\/2023\/12\/GES-IMG000000-pedalo-dreamstime_xl_78161685-scaled.jpg\" \/>\n\t<meta property=\"og:image:width\" content=\"2560\" \/>\n\t<meta property=\"og:image:height\" content=\"1706\" \/>\n\t<meta property=\"og:image:type\" content=\"image\/jpeg\" \/>\n<meta name=\"twitter:card\" content=\"summary_large_image\" \/>\n<meta name=\"twitter:label1\" content=\"Est. reading time\" \/>\n\t<meta name=\"twitter:data1\" content=\"1 minute\" \/>\n<script type=\"application\/ld+json\" class=\"yoast-schema-graph\">{\"@context\":\"https:\/\/schema.org\",\"@graph\":[{\"@type\":\"WebPage\",\"@id\":\"https:\/\/www.he-arc.ch\/en\/agenda\/1ere-journee-de-la-recherche-en-community-management\/\",\"url\":\"https:\/\/www.he-arc.ch\/en\/agenda\/1ere-journee-de-la-recherche-en-community-management\/\",\"name\":\"1\u00e8re journ\u00e9e de la recherche en community management - Haute-Ecole Arc\",\"isPartOf\":{\"@id\":\"https:\/\/www.he-arc.ch\/en\/#website\"},\"primaryImageOfPage\":{\"@id\":\"https:\/\/www.he-arc.ch\/en\/agenda\/1ere-journee-de-la-recherche-en-community-management\/#primaryimage\"},\"image\":{\"@id\":\"https:\/\/www.he-arc.ch\/en\/agenda\/1ere-journee-de-la-recherche-en-community-management\/#primaryimage\"},\"thumbnailUrl\":\"https:\/\/www.he-arc.ch\/wp-content\/uploads\/2023\/12\/GES-IMG000000-pedalo-dreamstime_xl_78161685-scaled.jpg\",\"datePublished\":\"2023-12-18T13:32:03+00:00\",\"dateModified\":\"2024-03-04T13:56:26+00:00\",\"description\":\"Cette formation s\u2019adresse aux community managers, aux communicant-e-s et personnes travaillant dans le marketing.\",\"breadcrumb\":{\"@id\":\"https:\/\/www.he-arc.ch\/en\/agenda\/1ere-journee-de-la-recherche-en-community-management\/#breadcrumb\"},\"inLanguage\":\"en-US\",\"potentialAction\":[{\"@type\":\"ReadAction\",\"target\":[\"https:\/\/www.he-arc.ch\/en\/agenda\/1ere-journee-de-la-recherche-en-community-management\/\"]}]},{\"@type\":\"ImageObject\",\"inLanguage\":\"en-US\",\"@id\":\"https:\/\/www.he-arc.ch\/en\/agenda\/1ere-journee-de-la-recherche-en-community-management\/#primaryimage\",\"url\":\"https:\/\/www.he-arc.ch\/wp-content\/uploads\/2023\/12\/GES-IMG000000-pedalo-dreamstime_xl_78161685-scaled.jpg\",\"contentUrl\":\"https:\/\/www.he-arc.ch\/wp-content\/uploads\/2023\/12\/GES-IMG000000-pedalo-dreamstime_xl_78161685-scaled.jpg\",\"width\":2560,\"height\":1706,\"caption\":\"Visuel illustrant des personnes se prenant en selfie sur un p\u00e9dalo utilis\u00e9 pour la\"},{\"@type\":\"BreadcrumbList\",\"@id\":\"https:\/\/www.he-arc.ch\/en\/agenda\/1ere-journee-de-la-recherche-en-community-management\/#breadcrumb\",\"itemListElement\":[{\"@type\":\"ListItem\",\"position\":1,\"name\":\"Accueil\",\"item\":\"https:\/\/www.he-arc.ch\/en\/\"},{\"@type\":\"ListItem\",\"position\":2,\"name\":\"Events\",\"item\":\"https:\/\/www.he-arc.ch\/en\/events\/\"},{\"@type\":\"ListItem\",\"position\":3,\"name\":\"1\u00e8re journ\u00e9e de la recherche en community management\"}]},{\"@type\":\"WebSite\",\"@id\":\"https:\/\/www.he-arc.ch\/en\/#website\",\"url\":\"https:\/\/www.he-arc.ch\/en\/\",\"name\":\"Haute-Ecole Arc\",\"description\":\"Haute \u00e9cole sp\u00e9cialis\u00e9e Suisse. Gestion, Ing\u00e9nierie, Sant\u00e9, Conservation-\u200brestauration.\",\"publisher\":{\"@id\":\"https:\/\/www.he-arc.ch\/en\/#organization\"},\"potentialAction\":[{\"@type\":\"SearchAction\",\"target\":{\"@type\":\"EntryPoint\",\"urlTemplate\":\"https:\/\/www.he-arc.ch\/en\/?s={search_term_string}\"},\"query-input\":{\"@type\":\"PropertyValueSpecification\",\"valueRequired\":true,\"valueName\":\"search_term_string\"}}],\"inLanguage\":\"en-US\"},{\"@type\":\"Organization\",\"@id\":\"https:\/\/www.he-arc.ch\/en\/#organization\",\"name\":\"Haute Ecole Arc\",\"url\":\"https:\/\/www.he-arc.ch\/en\/\",\"logo\":{\"@type\":\"ImageObject\",\"inLanguage\":\"en-US\",\"@id\":\"https:\/\/www.he-arc.ch\/en\/#\/schema\/logo\/image\/\",\"url\":\"https:\/\/www.he-arc.ch\/wp-content\/uploads\/2022\/01\/logo-he-arc.svg\",\"contentUrl\":\"https:\/\/www.he-arc.ch\/wp-content\/uploads\/2022\/01\/logo-he-arc.svg\",\"width\":140,\"height\":42,\"caption\":\"Haute Ecole Arc\"},\"image\":{\"@id\":\"https:\/\/www.he-arc.ch\/en\/#\/schema\/logo\/image\/\"}}]}<\/script>\n<!-- \/ Yoast SEO plugin. -->","yoast_head_json":{"title":"1\u00e8re journ\u00e9e de la recherche en community management - Haute-Ecole Arc","description":"Cette formation s\u2019adresse aux community managers, aux communicant-e-s et personnes travaillant dans le marketing.","robots":{"index":"index","follow":"follow","max-snippet":"max-snippet:-1","max-image-preview":"max-image-preview:large","max-video-preview":"max-video-preview:-1"},"canonical":"https:\/\/www.he-arc.ch\/en\/agenda\/1ere-journee-de-la-recherche-en-community-management\/","og_locale":"en_US","og_type":"article","og_title":"1\u00e8re journ\u00e9e de la recherche en community management - Haute-Ecole Arc","og_description":"Cette formation s\u2019adresse aux community managers, aux communicant-e-s et personnes travaillant dans le marketing.","og_url":"https:\/\/www.he-arc.ch\/en\/agenda\/1ere-journee-de-la-recherche-en-community-management\/","og_site_name":"Haute-Ecole Arc","article_modified_time":"2024-03-04T13:56:26+00:00","og_image":[{"width":2560,"height":1706,"url":"https:\/\/www.he-arc.ch\/wp-content\/uploads\/2023\/12\/GES-IMG000000-pedalo-dreamstime_xl_78161685-scaled.jpg","type":"image\/jpeg"}],"twitter_card":"summary_large_image","twitter_misc":{"Est. reading time":"1 minute"},"schema":{"@context":"https:\/\/schema.org","@graph":[{"@type":"WebPage","@id":"https:\/\/www.he-arc.ch\/en\/agenda\/1ere-journee-de-la-recherche-en-community-management\/","url":"https:\/\/www.he-arc.ch\/en\/agenda\/1ere-journee-de-la-recherche-en-community-management\/","name":"1\u00e8re journ\u00e9e de la recherche en community management - Haute-Ecole Arc","isPartOf":{"@id":"https:\/\/www.he-arc.ch\/en\/#website"},"primaryImageOfPage":{"@id":"https:\/\/www.he-arc.ch\/en\/agenda\/1ere-journee-de-la-recherche-en-community-management\/#primaryimage"},"image":{"@id":"https:\/\/www.he-arc.ch\/en\/agenda\/1ere-journee-de-la-recherche-en-community-management\/#primaryimage"},"thumbnailUrl":"https:\/\/www.he-arc.ch\/wp-content\/uploads\/2023\/12\/GES-IMG000000-pedalo-dreamstime_xl_78161685-scaled.jpg","datePublished":"2023-12-18T13:32:03+00:00","dateModified":"2024-03-04T13:56:26+00:00","description":"Cette formation s\u2019adresse aux community managers, aux communicant-e-s et personnes travaillant dans le marketing.","breadcrumb":{"@id":"https:\/\/www.he-arc.ch\/en\/agenda\/1ere-journee-de-la-recherche-en-community-management\/#breadcrumb"},"inLanguage":"en-US","potentialAction":[{"@type":"ReadAction","target":["https:\/\/www.he-arc.ch\/en\/agenda\/1ere-journee-de-la-recherche-en-community-management\/"]}]},{"@type":"ImageObject","inLanguage":"en-US","@id":"https:\/\/www.he-arc.ch\/en\/agenda\/1ere-journee-de-la-recherche-en-community-management\/#primaryimage","url":"https:\/\/www.he-arc.ch\/wp-content\/uploads\/2023\/12\/GES-IMG000000-pedalo-dreamstime_xl_78161685-scaled.jpg","contentUrl":"https:\/\/www.he-arc.ch\/wp-content\/uploads\/2023\/12\/GES-IMG000000-pedalo-dreamstime_xl_78161685-scaled.jpg","width":2560,"height":1706,"caption":"Visuel illustrant des personnes se prenant en selfie sur un p\u00e9dalo utilis\u00e9 pour la"},{"@type":"BreadcrumbList","@id":"https:\/\/www.he-arc.ch\/en\/agenda\/1ere-journee-de-la-recherche-en-community-management\/#breadcrumb","itemListElement":[{"@type":"ListItem","position":1,"name":"Accueil","item":"https:\/\/www.he-arc.ch\/en\/"},{"@type":"ListItem","position":2,"name":"Events","item":"https:\/\/www.he-arc.ch\/en\/events\/"},{"@type":"ListItem","position":3,"name":"1\u00e8re journ\u00e9e de la recherche en community management"}]},{"@type":"WebSite","@id":"https:\/\/www.he-arc.ch\/en\/#website","url":"https:\/\/www.he-arc.ch\/en\/","name":"Haute-Ecole Arc","description":"Haute \u00e9cole sp\u00e9cialis\u00e9e Suisse. Gestion, Ing\u00e9nierie, Sant\u00e9, Conservation-\u200brestauration.","publisher":{"@id":"https:\/\/www.he-arc.ch\/en\/#organization"},"potentialAction":[{"@type":"SearchAction","target":{"@type":"EntryPoint","urlTemplate":"https:\/\/www.he-arc.ch\/en\/?s={search_term_string}"},"query-input":{"@type":"PropertyValueSpecification","valueRequired":true,"valueName":"search_term_string"}}],"inLanguage":"en-US"},{"@type":"Organization","@id":"https:\/\/www.he-arc.ch\/en\/#organization","name":"Haute Ecole Arc","url":"https:\/\/www.he-arc.ch\/en\/","logo":{"@type":"ImageObject","inLanguage":"en-US","@id":"https:\/\/www.he-arc.ch\/en\/#\/schema\/logo\/image\/","url":"https:\/\/www.he-arc.ch\/wp-content\/uploads\/2022\/01\/logo-he-arc.svg","contentUrl":"https:\/\/www.he-arc.ch\/wp-content\/uploads\/2022\/01\/logo-he-arc.svg","width":140,"height":42,"caption":"Haute Ecole Arc"},"image":{"@id":"https:\/\/www.he-arc.ch\/en\/#\/schema\/logo\/image\/"}}]}},"_links":{"self":[{"href":"https:\/\/www.he-arc.ch\/en\/wp-json\/wp\/v2\/he-arc_event\/52232","targetHints":{"allow":["GET"]}}],"collection":[{"href":"https:\/\/www.he-arc.ch\/en\/wp-json\/wp\/v2\/he-arc_event"}],"about":[{"href":"https:\/\/www.he-arc.ch\/en\/wp-json\/wp\/v2\/types\/he-arc_event"}],"author":[{"embeddable":true,"href":"https:\/\/www.he-arc.ch\/en\/wp-json\/wp\/v2\/users\/12"}],"version-history":[{"count":8,"href":"https:\/\/www.he-arc.ch\/en\/wp-json\/wp\/v2\/he-arc_event\/52232\/revisions"}],"predecessor-version":[{"id":54664,"href":"https:\/\/www.he-arc.ch\/en\/wp-json\/wp\/v2\/he-arc_event\/52232\/revisions\/54664"}],"wp:featuredmedia":[{"embeddable":true,"href":"https:\/\/www.he-arc.ch\/en\/wp-json\/wp\/v2\/media\/52235"}],"wp:attachment":[{"href":"https:\/\/www.he-arc.ch\/en\/wp-json\/wp\/v2\/media?parent=52232"}],"wp:term":[{"taxonomy":"he-arc_domain","embeddable":true,"href":"https:\/\/www.he-arc.ch\/en\/wp-json\/wp\/v2\/he-arc_domain?post=52232"},{"taxonomy":"he-arc_event_category","embeddable":true,"href":"https:\/\/www.he-arc.ch\/en\/wp-json\/wp\/v2\/he-arc_event_category?post=52232"}],"curies":[{"name":"wp","href":"https:\/\/api.w.org\/{rel}","templated":true}]}}

1ère journée de la recherche en community management

<p>Au menu, les concepts tendances, les meilleures pratiques et les dernières recherches qui redéfinissent la manière dont la construction, l’engagement et la gestion des communautés en ligne peuvent se penser pour les collectivités publiques.</p>



<p>Cette journée de recherche s’adresse aux community managers, aux communicant-e-s et aux personnes travaillant dans le marketing, particulièrement celles et ceux occupant des postes dans les collectivités publiques ou dans le secteur du tourisme.</p>



<p>HEG – Haute école de gestion Arc<br>Campus Arc 1<br>Espace de l’Europe 21<br>2000 Neuchâtel<br>Salle 030 &#8211; Auditorium 2</p>



<ul class="wp-block-list">
<li><a href="mailto:catia.piresvieira@he-arc.ch">Contact</a></li>
</ul>



<ul class="wp-block-list">
<li><a href="https://www.he-arc.ch/wp-content/uploads/2023/11/GES-FLY240416-Flyer-JRCM.pdf" target="_blank" rel="noreferrer noopener">Flyer</a></li>
</ul>



<ul class="wp-block-list">
<li><a href="https://jp-portal.gestion.he-arc.ch/form/41" target="_blank" rel="noreferrer noopener">Inscription</a></li>
</ul>

<!-- This site is optimized with the Yoast SEO plugin v26.6 - https://yoast.com/wordpress/plugins/seo/ -->
<title>1ère journée de la recherche en community management - Haute-Ecole Arc</title>
<meta name="description" content="Cette formation s’adresse aux community managers, aux communicant-e-s et personnes travaillant dans le marketing." />
<meta name="robots" content="index, follow, max-snippet:-1, max-image-preview:large, max-video-preview:-1" />
<link rel="canonical" href="https://www.he-arc.ch/en/agenda/1ere-journee-de-la-recherche-en-community-management/" />
<meta property="og:locale" content="en_US" />
<meta property="og:type" content="article" />
<meta property="og:title" content="1ère journée de la recherche en community management - Haute-Ecole Arc" />
<meta property="og:description" content="Cette formation s’adresse aux community managers, aux communicant-e-s et personnes travaillant dans le marketing." />
<meta property="og:url" content="https://www.he-arc.ch/en/agenda/1ere-journee-de-la-recherche-en-community-management/" />
<meta property="og:site_name" content="Haute-Ecole Arc" />
<meta property="article:modified_time" content="2024-03-04T13:56:26+00:00" />
<meta property="og:image" content="https://www.he-arc.ch/wp-content/uploads/2023/12/GES-IMG000000-pedalo-dreamstime_xl_78161685-scaled.jpg" />
	<meta property="og:image:width" content="2560" />
	<meta property="og:image:height" content="1706" />
	<meta property="og:image:type" content="image/jpeg" />
<meta name="twitter:card" content="summary_large_image" />
<meta name="twitter:label1" content="Est. reading time" />
	<meta name="twitter:data1" content="1 minute" />
<script type="application/ld+json" class="yoast-schema-graph">{"@context":"https://schema.org","@graph":[{"@type":"WebPage","@id":"https://www.he-arc.ch/en/agenda/1ere-journee-de-la-recherche-en-community-management/","url":"https://www.he-arc.ch/en/agenda/1ere-journee-de-la-recherche-en-community-management/","name":"1ère journée de la recherche en community management - Haute-Ecole Arc","isPartOf":{"@id":"https://www.he-arc.ch/en/#website"},"primaryImageOfPage":{"@id":"https://www.he-arc.ch/en/agenda/1ere-journee-de-la-recherche-en-community-management/#primaryimage"},"image":{"@id":"https://www.he-arc.ch/en/agenda/1ere-journee-de-la-recherche-en-community-management/#primaryimage"},"thumbnailUrl":"https://www.he-arc.ch/wp-content/uploads/2023/12/GES-IMG000000-pedalo-dreamstime_xl_78161685-scaled.jpg","datePublished":"2023-12-18T13:32:03+00:00","dateModified":"2024-03-04T13:56:26+00:00","description":"Cette formation s’adresse aux community managers, aux communicant-e-s et personnes travaillant dans le marketing.","breadcrumb":{"@id":"https://www.he-arc.ch/en/agenda/1ere-journee-de-la-recherche-en-community-management/#breadcrumb"},"inLanguage":"en-US","potentialAction":[{"@type":"ReadAction","target":["https://www.he-arc.ch/en/agenda/1ere-journee-de-la-recherche-en-community-management/"]}]},{"@type":"ImageObject","inLanguage":"en-US","@id":"https://www.he-arc.ch/en/agenda/1ere-journee-de-la-recherche-en-community-management/#primaryimage","url":"https://www.he-arc.ch/wp-content/uploads/2023/12/GES-IMG000000-pedalo-dreamstime_xl_78161685-scaled.jpg","contentUrl":"https://www.he-arc.ch/wp-content/uploads/2023/12/GES-IMG000000-pedalo-dreamstime_xl_78161685-scaled.jpg","width":2560,"height":1706,"caption":"Visuel illustrant des personnes se prenant en selfie sur un pédalo utilisé pour la"},{"@type":"BreadcrumbList","@id":"https://www.he-arc.ch/en/agenda/1ere-journee-de-la-recherche-en-community-management/#breadcrumb","itemListElement":[{"@type":"ListItem","position":1,"name":"Accueil","item":"https://www.he-arc.ch/en/"},{"@type":"ListItem","position":2,"name":"Events","item":"https://www.he-arc.ch/en/events/"},{"@type":"ListItem","position":3,"name":"1ère journée de la recherche en community management"}]},{"@type":"WebSite","@id":"https://www.he-arc.ch/en/#website","url":"https://www.he-arc.ch/en/","name":"Haute-Ecole Arc","description":"Haute école spécialisée Suisse. Gestion, Ingénierie, Santé, Conservation-​restauration.","publisher":{"@id":"https://www.he-arc.ch/en/#organization"},"potentialAction":[{"@type":"SearchAction","target":{"@type":"EntryPoint","urlTemplate":"https://www.he-arc.ch/en/?s={search_term_string}"},"query-input":{"@type":"PropertyValueSpecification","valueRequired":true,"valueName":"search_term_string"}}],"inLanguage":"en-US"},{"@type":"Organization","@id":"https://www.he-arc.ch/en/#organization","name":"Haute Ecole Arc","url":"https://www.he-arc.ch/en/","logo":{"@type":"ImageObject","inLanguage":"en-US","@id":"https://www.he-arc.ch/en/#/schema/logo/image/","url":"https://www.he-arc.ch/wp-content/uploads/2022/01/logo-he-arc.svg","contentUrl":"https://www.he-arc.ch/wp-content/uploads/2022/01/logo-he-arc.svg","width":140,"height":42,"caption":"Haute Ecole Arc"},"image":{"@id":"https://www.he-arc.ch/en/#/schema/logo/image/"}}]}</script>
<!-- / Yoast SEO plugin. -->

1ère journée de la recherche en community management - Haute-Ecole Arc

Visuel illustrant des personnes se prenant en selfie sur un pédalo utilisé pour la

Haute école spécialisée Suisse. Gestion, Ingénierie, Santé, Conservation-​restauration.
