{"id":62384,"date":"2024-10-22T15:50:24","date_gmt":"2024-10-22T14:50:24","guid":{"rendered":"https:\/\/www.he-arc.ch\/?post_type=he-arc_event&#038;p=62384"},"modified":"2024-10-22T15:52:48","modified_gmt":"2024-10-22T14:52:48","slug":"la-gestion-administrative-des-rh-3","status":"publish","type":"he-arc_event","link":"https:\/\/www.he-arc.ch\/en\/agenda\/la-gestion-administrative-des-rh-3\/","title":{"rendered":"La gestion administrative des RH"},"content":{"rendered":"\n<p>Comme chaque ann\u00e9e maintenant, il est devenu une tradition de d\u00e9buter la matin\u00e9e par un tour d\u2019horizon des changements significatifs au sein des assurances sociales. Rien de mieux pour \u00eatre \u00e0 jour pour la nouvelle ann\u00e9e! Nos intervenants vous pr\u00e9senteront diff\u00e9rentes situations \u00e0 m\u00eame de bien comprendre les modifications induites par l&#8217;introduction de AVS 21 concernant les femmes. Comment anticiper sa retraite ou au contraire prolonger son activit\u00e9 ? Cons\u00e9quences financi\u00e8res ? <\/p>\n\n\n\n<p>Le but de ce s\u00e9minaire est de vous permettre d\u2019offrir les meilleurs services et renseignements aux employeurs et assur\u00e9\u00b7e\u00b7s en mati\u00e8re d\u2019assurances sociales avec un focus cette ann\u00e9e sur l\u2019AVS 21.<br>Le s\u00e9minaire sera pr\u00e9sent\u00e9 essentiellement sous forme d\u2019expos\u00e9s appuy\u00e9s par des cas pratiques et des situations de tous les jours. Bien s\u00fbr, nous allons privil\u00e9gier l\u2019\u00e9change \u2013 \u00e0 vous d\u2019\u00eatre pr\u00eat\u00b7e\u00b7s avec vos bonnes questions.<\/p>\n\n\n\n<ul class=\"wp-block-list\">\n<li><a href=\"https:\/\/www.he-arc.ch\/wp-content\/uploads\/2024\/10\/Gestion-administrative-des-RH2024.pdf\">Flyer<\/a><\/li>\n\n\n\n<li><a href=\"https:\/\/jp-portal.gestion.he-arc.ch\/form\/126\" target=\"_blank\" rel=\"noreferrer noopener\">Inscription<\/a><\/li>\n<\/ul>\n\n\n\n<p><\/p>\n","protected":false},"author":46,"featured_media":50771,"template":"","he-arc_domain":[2],"he-arc_event_category":[16],"class_list":["post-62384","he-arc_event","type-he-arc_event","status-publish","has-post-thumbnail","hentry","he-arc_domain-gestion","he-arc_event_category-seminaire-conference"],"acf":[],"yoast_head":"<!-- This site is optimized with the Yoast SEO plugin v26.6 - https:\/\/yoast.com\/wordpress\/plugins\/seo\/ -->\n<title>La gestion administrative des RH - Haute-Ecole Arc<\/title>\n<meta name=\"description\" content=\"Points de vue pointus de la part de chercheurs et chercheuses, ainsi que de professionnel-le-s sur des questions d\u2019actualit\u00e9.\" \/>\n<meta name=\"robots\" content=\"index, follow, max-snippet:-1, max-image-preview:large, max-video-preview:-1\" \/>\n<link rel=\"canonical\" href=\"https:\/\/www.he-arc.ch\/en\/agenda\/la-gestion-administrative-des-rh-3\/\" \/>\n<meta property=\"og:locale\" content=\"en_US\" \/>\n<meta property=\"og:type\" content=\"article\" \/>\n<meta property=\"og:title\" content=\"La gestion administrative des RH - Haute-Ecole Arc\" \/>\n<meta property=\"og:description\" content=\"Points de vue pointus de la part de chercheurs et chercheuses, ainsi que de professionnel-le-s sur des questions d\u2019actualit\u00e9.\" \/>\n<meta property=\"og:url\" content=\"https:\/\/www.he-arc.ch\/en\/agenda\/la-gestion-administrative-des-rh-3\/\" \/>\n<meta property=\"og:site_name\" content=\"Haute-Ecole Arc\" \/>\n<meta property=\"article:modified_time\" content=\"2024-10-22T14:52:48+00:00\" \/>\n<meta property=\"og:image\" content=\"https:\/\/www.he-arc.ch\/wp-content\/uploads\/2023\/11\/GES-IMG000000-crowd-foule-loupe_dreamstime_xl_130804167-scaled.jpg\" \/>\n\t<meta property=\"og:image:width\" content=\"2560\" \/>\n\t<meta property=\"og:image:height\" content=\"1696\" \/>\n\t<meta property=\"og:image:type\" content=\"image\/jpeg\" \/>\n<meta name=\"twitter:card\" content=\"summary_large_image\" \/>\n<meta name=\"twitter:label1\" content=\"Est. reading time\" \/>\n\t<meta name=\"twitter:data1\" content=\"1 minute\" \/>\n<script type=\"application\/ld+json\" class=\"yoast-schema-graph\">{\"@context\":\"https:\/\/schema.org\",\"@graph\":[{\"@type\":\"WebPage\",\"@id\":\"https:\/\/www.he-arc.ch\/en\/agenda\/la-gestion-administrative-des-rh-3\/\",\"url\":\"https:\/\/www.he-arc.ch\/en\/agenda\/la-gestion-administrative-des-rh-3\/\",\"name\":\"La gestion administrative des RH - Haute-Ecole Arc\",\"isPartOf\":{\"@id\":\"https:\/\/www.he-arc.ch\/en\/#website\"},\"primaryImageOfPage\":{\"@id\":\"https:\/\/www.he-arc.ch\/en\/agenda\/la-gestion-administrative-des-rh-3\/#primaryimage\"},\"image\":{\"@id\":\"https:\/\/www.he-arc.ch\/en\/agenda\/la-gestion-administrative-des-rh-3\/#primaryimage\"},\"thumbnailUrl\":\"https:\/\/www.he-arc.ch\/wp-content\/uploads\/2023\/11\/GES-IMG000000-crowd-foule-loupe_dreamstime_xl_130804167-scaled.jpg\",\"datePublished\":\"2024-10-22T14:50:24+00:00\",\"dateModified\":\"2024-10-22T14:52:48+00:00\",\"description\":\"Points de vue pointus de la part de chercheurs et chercheuses, ainsi que de professionnel-le-s sur des questions d\u2019actualit\u00e9.\",\"breadcrumb\":{\"@id\":\"https:\/\/www.he-arc.ch\/en\/agenda\/la-gestion-administrative-des-rh-3\/#breadcrumb\"},\"inLanguage\":\"en-US\",\"potentialAction\":[{\"@type\":\"ReadAction\",\"target\":[\"https:\/\/www.he-arc.ch\/en\/agenda\/la-gestion-administrative-des-rh-3\/\"]}]},{\"@type\":\"ImageObject\",\"inLanguage\":\"en-US\",\"@id\":\"https:\/\/www.he-arc.ch\/en\/agenda\/la-gestion-administrative-des-rh-3\/#primaryimage\",\"url\":\"https:\/\/www.he-arc.ch\/wp-content\/uploads\/2023\/11\/GES-IMG000000-crowd-foule-loupe_dreamstime_xl_130804167-scaled.jpg\",\"contentUrl\":\"https:\/\/www.he-arc.ch\/wp-content\/uploads\/2023\/11\/GES-IMG000000-crowd-foule-loupe_dreamstime_xl_130804167-scaled.jpg\",\"width\":2560,\"height\":1696,\"caption\":\"Magnifying glass is looking at the crowd of people is standing and looking at a lonely man standing. People follow the leader. Hearings, forum, rally. Expulsion from the collective. Propaganda\"},{\"@type\":\"BreadcrumbList\",\"@id\":\"https:\/\/www.he-arc.ch\/en\/agenda\/la-gestion-administrative-des-rh-3\/#breadcrumb\",\"itemListElement\":[{\"@type\":\"ListItem\",\"position\":1,\"name\":\"Accueil\",\"item\":\"https:\/\/www.he-arc.ch\/en\/\"},{\"@type\":\"ListItem\",\"position\":2,\"name\":\"Events\",\"item\":\"https:\/\/www.he-arc.ch\/en\/events\/\"},{\"@type\":\"ListItem\",\"position\":3,\"name\":\"La gestion administrative des RH\"}]},{\"@type\":\"WebSite\",\"@id\":\"https:\/\/www.he-arc.ch\/en\/#website\",\"url\":\"https:\/\/www.he-arc.ch\/en\/\",\"name\":\"Haute-Ecole Arc\",\"description\":\"Haute \u00e9cole sp\u00e9cialis\u00e9e Suisse. Gestion, Ing\u00e9nierie, Sant\u00e9, Conservation-\u200brestauration.\",\"publisher\":{\"@id\":\"https:\/\/www.he-arc.ch\/en\/#organization\"},\"potentialAction\":[{\"@type\":\"SearchAction\",\"target\":{\"@type\":\"EntryPoint\",\"urlTemplate\":\"https:\/\/www.he-arc.ch\/en\/?s={search_term_string}\"},\"query-input\":{\"@type\":\"PropertyValueSpecification\",\"valueRequired\":true,\"valueName\":\"search_term_string\"}}],\"inLanguage\":\"en-US\"},{\"@type\":\"Organization\",\"@id\":\"https:\/\/www.he-arc.ch\/en\/#organization\",\"name\":\"Haute Ecole Arc\",\"url\":\"https:\/\/www.he-arc.ch\/en\/\",\"logo\":{\"@type\":\"ImageObject\",\"inLanguage\":\"en-US\",\"@id\":\"https:\/\/www.he-arc.ch\/en\/#\/schema\/logo\/image\/\",\"url\":\"https:\/\/www.he-arc.ch\/wp-content\/uploads\/2022\/01\/logo-he-arc.svg\",\"contentUrl\":\"https:\/\/www.he-arc.ch\/wp-content\/uploads\/2022\/01\/logo-he-arc.svg\",\"width\":140,\"height\":42,\"caption\":\"Haute Ecole Arc\"},\"image\":{\"@id\":\"https:\/\/www.he-arc.ch\/en\/#\/schema\/logo\/image\/\"}}]}<\/script>\n<!-- \/ Yoast SEO plugin. -->","yoast_head_json":{"title":"La gestion administrative des RH - Haute-Ecole Arc","description":"Points de vue pointus de la part de chercheurs et chercheuses, ainsi que de professionnel-le-s sur des questions d\u2019actualit\u00e9.","robots":{"index":"index","follow":"follow","max-snippet":"max-snippet:-1","max-image-preview":"max-image-preview:large","max-video-preview":"max-video-preview:-1"},"canonical":"https:\/\/www.he-arc.ch\/en\/agenda\/la-gestion-administrative-des-rh-3\/","og_locale":"en_US","og_type":"article","og_title":"La gestion administrative des RH - Haute-Ecole Arc","og_description":"Points de vue pointus de la part de chercheurs et chercheuses, ainsi que de professionnel-le-s sur des questions d\u2019actualit\u00e9.","og_url":"https:\/\/www.he-arc.ch\/en\/agenda\/la-gestion-administrative-des-rh-3\/","og_site_name":"Haute-Ecole Arc","article_modified_time":"2024-10-22T14:52:48+00:00","og_image":[{"width":2560,"height":1696,"url":"https:\/\/www.he-arc.ch\/wp-content\/uploads\/2023\/11\/GES-IMG000000-crowd-foule-loupe_dreamstime_xl_130804167-scaled.jpg","type":"image\/jpeg"}],"twitter_card":"summary_large_image","twitter_misc":{"Est. reading time":"1 minute"},"schema":{"@context":"https:\/\/schema.org","@graph":[{"@type":"WebPage","@id":"https:\/\/www.he-arc.ch\/en\/agenda\/la-gestion-administrative-des-rh-3\/","url":"https:\/\/www.he-arc.ch\/en\/agenda\/la-gestion-administrative-des-rh-3\/","name":"La gestion administrative des RH - Haute-Ecole Arc","isPartOf":{"@id":"https:\/\/www.he-arc.ch\/en\/#website"},"primaryImageOfPage":{"@id":"https:\/\/www.he-arc.ch\/en\/agenda\/la-gestion-administrative-des-rh-3\/#primaryimage"},"image":{"@id":"https:\/\/www.he-arc.ch\/en\/agenda\/la-gestion-administrative-des-rh-3\/#primaryimage"},"thumbnailUrl":"https:\/\/www.he-arc.ch\/wp-content\/uploads\/2023\/11\/GES-IMG000000-crowd-foule-loupe_dreamstime_xl_130804167-scaled.jpg","datePublished":"2024-10-22T14:50:24+00:00","dateModified":"2024-10-22T14:52:48+00:00","description":"Points de vue pointus de la part de chercheurs et chercheuses, ainsi que de professionnel-le-s sur des questions d\u2019actualit\u00e9.","breadcrumb":{"@id":"https:\/\/www.he-arc.ch\/en\/agenda\/la-gestion-administrative-des-rh-3\/#breadcrumb"},"inLanguage":"en-US","potentialAction":[{"@type":"ReadAction","target":["https:\/\/www.he-arc.ch\/en\/agenda\/la-gestion-administrative-des-rh-3\/"]}]},{"@type":"ImageObject","inLanguage":"en-US","@id":"https:\/\/www.he-arc.ch\/en\/agenda\/la-gestion-administrative-des-rh-3\/#primaryimage","url":"https:\/\/www.he-arc.ch\/wp-content\/uploads\/2023\/11\/GES-IMG000000-crowd-foule-loupe_dreamstime_xl_130804167-scaled.jpg","contentUrl":"https:\/\/www.he-arc.ch\/wp-content\/uploads\/2023\/11\/GES-IMG000000-crowd-foule-loupe_dreamstime_xl_130804167-scaled.jpg","width":2560,"height":1696,"caption":"Magnifying glass is looking at the crowd of people is standing and looking at a lonely man standing. People follow the leader. Hearings, forum, rally. Expulsion from the collective. Propaganda"},{"@type":"BreadcrumbList","@id":"https:\/\/www.he-arc.ch\/en\/agenda\/la-gestion-administrative-des-rh-3\/#breadcrumb","itemListElement":[{"@type":"ListItem","position":1,"name":"Accueil","item":"https:\/\/www.he-arc.ch\/en\/"},{"@type":"ListItem","position":2,"name":"Events","item":"https:\/\/www.he-arc.ch\/en\/events\/"},{"@type":"ListItem","position":3,"name":"La gestion administrative des RH"}]},{"@type":"WebSite","@id":"https:\/\/www.he-arc.ch\/en\/#website","url":"https:\/\/www.he-arc.ch\/en\/","name":"Haute-Ecole Arc","description":"Haute \u00e9cole sp\u00e9cialis\u00e9e Suisse. Gestion, Ing\u00e9nierie, Sant\u00e9, Conservation-\u200brestauration.","publisher":{"@id":"https:\/\/www.he-arc.ch\/en\/#organization"},"potentialAction":[{"@type":"SearchAction","target":{"@type":"EntryPoint","urlTemplate":"https:\/\/www.he-arc.ch\/en\/?s={search_term_string}"},"query-input":{"@type":"PropertyValueSpecification","valueRequired":true,"valueName":"search_term_string"}}],"inLanguage":"en-US"},{"@type":"Organization","@id":"https:\/\/www.he-arc.ch\/en\/#organization","name":"Haute Ecole Arc","url":"https:\/\/www.he-arc.ch\/en\/","logo":{"@type":"ImageObject","inLanguage":"en-US","@id":"https:\/\/www.he-arc.ch\/en\/#\/schema\/logo\/image\/","url":"https:\/\/www.he-arc.ch\/wp-content\/uploads\/2022\/01\/logo-he-arc.svg","contentUrl":"https:\/\/www.he-arc.ch\/wp-content\/uploads\/2022\/01\/logo-he-arc.svg","width":140,"height":42,"caption":"Haute Ecole Arc"},"image":{"@id":"https:\/\/www.he-arc.ch\/en\/#\/schema\/logo\/image\/"}}]}},"_links":{"self":[{"href":"https:\/\/www.he-arc.ch\/en\/wp-json\/wp\/v2\/he-arc_event\/62384","targetHints":{"allow":["GET"]}}],"collection":[{"href":"https:\/\/www.he-arc.ch\/en\/wp-json\/wp\/v2\/he-arc_event"}],"about":[{"href":"https:\/\/www.he-arc.ch\/en\/wp-json\/wp\/v2\/types\/he-arc_event"}],"author":[{"embeddable":true,"href":"https:\/\/www.he-arc.ch\/en\/wp-json\/wp\/v2\/users\/46"}],"version-history":[{"count":3,"href":"https:\/\/www.he-arc.ch\/en\/wp-json\/wp\/v2\/he-arc_event\/62384\/revisions"}],"predecessor-version":[{"id":62391,"href":"https:\/\/www.he-arc.ch\/en\/wp-json\/wp\/v2\/he-arc_event\/62384\/revisions\/62391"}],"wp:featuredmedia":[{"embeddable":true,"href":"https:\/\/www.he-arc.ch\/en\/wp-json\/wp\/v2\/media\/50771"}],"wp:attachment":[{"href":"https:\/\/www.he-arc.ch\/en\/wp-json\/wp\/v2\/media?parent=62384"}],"wp:term":[{"taxonomy":"he-arc_domain","embeddable":true,"href":"https:\/\/www.he-arc.ch\/en\/wp-json\/wp\/v2\/he-arc_domain?post=62384"},{"taxonomy":"he-arc_event_category","embeddable":true,"href":"https:\/\/www.he-arc.ch\/en\/wp-json\/wp\/v2\/he-arc_event_category?post=62384"}],"curies":[{"name":"wp","href":"https:\/\/api.w.org\/{rel}","templated":true}]}}

<p>Comme chaque année maintenant, il est devenu une tradition de débuter la matinée par un tour d’horizon des changements significatifs au sein des assurances sociales. Rien de mieux pour être à jour pour la nouvelle année! Nos intervenants vous présenteront différentes situations à même de bien comprendre les modifications induites par l&#8217;introduction de AVS 21 concernant les femmes. Comment anticiper sa retraite ou au contraire prolonger son activité ? Conséquences financières ? </p>



<p>Le but de ce séminaire est de vous permettre d’offrir les meilleurs services et renseignements aux employeurs et assuré·e·s en matière d’assurances sociales avec un focus cette année sur l’AVS 21.<br>Le séminaire sera présenté essentiellement sous forme d’exposés appuyés par des cas pratiques et des situations de tous les jours. Bien sûr, nous allons privilégier l’échange – à vous d’être prêt·e·s avec vos bonnes questions.</p>



<ul class="wp-block-list">
<li><a href="https://www.he-arc.ch/wp-content/uploads/2024/10/Gestion-administrative-des-RH2024.pdf">Flyer</a></li>



<li><a href="https://jp-portal.gestion.he-arc.ch/form/126" target="_blank" rel="noreferrer noopener">Inscription</a></li>
</ul>



<p></p>

<!-- This site is optimized with the Yoast SEO plugin v26.6 - https://yoast.com/wordpress/plugins/seo/ -->
<title>La gestion administrative des RH - Haute-Ecole Arc</title>
<meta name="description" content="Points de vue pointus de la part de chercheurs et chercheuses, ainsi que de professionnel-le-s sur des questions d’actualité." />
<meta name="robots" content="index, follow, max-snippet:-1, max-image-preview:large, max-video-preview:-1" />
<link rel="canonical" href="https://www.he-arc.ch/en/agenda/la-gestion-administrative-des-rh-3/" />
<meta property="og:locale" content="en_US" />
<meta property="og:type" content="article" />
<meta property="og:title" content="La gestion administrative des RH - Haute-Ecole Arc" />
<meta property="og:description" content="Points de vue pointus de la part de chercheurs et chercheuses, ainsi que de professionnel-le-s sur des questions d’actualité." />
<meta property="og:url" content="https://www.he-arc.ch/en/agenda/la-gestion-administrative-des-rh-3/" />
<meta property="og:site_name" content="Haute-Ecole Arc" />
<meta property="article:modified_time" content="2024-10-22T14:52:48+00:00" />
<meta property="og:image" content="https://www.he-arc.ch/wp-content/uploads/2023/11/GES-IMG000000-crowd-foule-loupe_dreamstime_xl_130804167-scaled.jpg" />
	<meta property="og:image:width" content="2560" />
	<meta property="og:image:height" content="1696" />
	<meta property="og:image:type" content="image/jpeg" />
<meta name="twitter:card" content="summary_large_image" />
<meta name="twitter:label1" content="Est. reading time" />
	<meta name="twitter:data1" content="1 minute" />
<script type="application/ld+json" class="yoast-schema-graph">{"@context":"https://schema.org","@graph":[{"@type":"WebPage","@id":"https://www.he-arc.ch/en/agenda/la-gestion-administrative-des-rh-3/","url":"https://www.he-arc.ch/en/agenda/la-gestion-administrative-des-rh-3/","name":"La gestion administrative des RH - Haute-Ecole Arc","isPartOf":{"@id":"https://www.he-arc.ch/en/#website"},"primaryImageOfPage":{"@id":"https://www.he-arc.ch/en/agenda/la-gestion-administrative-des-rh-3/#primaryimage"},"image":{"@id":"https://www.he-arc.ch/en/agenda/la-gestion-administrative-des-rh-3/#primaryimage"},"thumbnailUrl":"https://www.he-arc.ch/wp-content/uploads/2023/11/GES-IMG000000-crowd-foule-loupe_dreamstime_xl_130804167-scaled.jpg","datePublished":"2024-10-22T14:50:24+00:00","dateModified":"2024-10-22T14:52:48+00:00","description":"Points de vue pointus de la part de chercheurs et chercheuses, ainsi que de professionnel-le-s sur des questions d’actualité.","breadcrumb":{"@id":"https://www.he-arc.ch/en/agenda/la-gestion-administrative-des-rh-3/#breadcrumb"},"inLanguage":"en-US","potentialAction":[{"@type":"ReadAction","target":["https://www.he-arc.ch/en/agenda/la-gestion-administrative-des-rh-3/"]}]},{"@type":"ImageObject","inLanguage":"en-US","@id":"https://www.he-arc.ch/en/agenda/la-gestion-administrative-des-rh-3/#primaryimage","url":"https://www.he-arc.ch/wp-content/uploads/2023/11/GES-IMG000000-crowd-foule-loupe_dreamstime_xl_130804167-scaled.jpg","contentUrl":"https://www.he-arc.ch/wp-content/uploads/2023/11/GES-IMG000000-crowd-foule-loupe_dreamstime_xl_130804167-scaled.jpg","width":2560,"height":1696,"caption":"Magnifying glass is looking at the crowd of people is standing and looking at a lonely man standing. People follow the leader. Hearings, forum, rally. Expulsion from the collective. Propaganda"},{"@type":"BreadcrumbList","@id":"https://www.he-arc.ch/en/agenda/la-gestion-administrative-des-rh-3/#breadcrumb","itemListElement":[{"@type":"ListItem","position":1,"name":"Accueil","item":"https://www.he-arc.ch/en/"},{"@type":"ListItem","position":2,"name":"Events","item":"https://www.he-arc.ch/en/events/"},{"@type":"ListItem","position":3,"name":"La gestion administrative des RH"}]},{"@type":"WebSite","@id":"https://www.he-arc.ch/en/#website","url":"https://www.he-arc.ch/en/","name":"Haute-Ecole Arc","description":"Haute école spécialisée Suisse. Gestion, Ingénierie, Santé, Conservation-​restauration.","publisher":{"@id":"https://www.he-arc.ch/en/#organization"},"potentialAction":[{"@type":"SearchAction","target":{"@type":"EntryPoint","urlTemplate":"https://www.he-arc.ch/en/?s={search_term_string}"},"query-input":{"@type":"PropertyValueSpecification","valueRequired":true,"valueName":"search_term_string"}}],"inLanguage":"en-US"},{"@type":"Organization","@id":"https://www.he-arc.ch/en/#organization","name":"Haute Ecole Arc","url":"https://www.he-arc.ch/en/","logo":{"@type":"ImageObject","inLanguage":"en-US","@id":"https://www.he-arc.ch/en/#/schema/logo/image/","url":"https://www.he-arc.ch/wp-content/uploads/2022/01/logo-he-arc.svg","contentUrl":"https://www.he-arc.ch/wp-content/uploads/2022/01/logo-he-arc.svg","width":140,"height":42,"caption":"Haute Ecole Arc"},"image":{"@id":"https://www.he-arc.ch/en/#/schema/logo/image/"}}]}</script>
<!-- / Yoast SEO plugin. -->

Points de vue pointus de la part de chercheurs et chercheuses, ainsi que de professionnel-le-s sur des questions d’actualité.

Haute école spécialisée Suisse. Gestion, Ingénierie, Santé, Conservation-​restauration.
