{"id":64449,"date":"2024-12-10T10:54:57","date_gmt":"2024-12-10T09:54:57","guid":{"rendered":"https:\/\/www.he-arc.ch\/?post_type=he-arc_event&#038;p=64449"},"modified":"2025-12-10T10:03:24","modified_gmt":"2025-12-10T09:03:24","slug":"ai-days-2026","status":"publish","type":"he-arc_event","link":"https:\/\/www.he-arc.ch\/en\/agenda\/ai-days-2026\/","title":{"rendered":"AI-Days 2026"},"content":{"rendered":"\n<p>Au travers d\u2019un vaste programme de conf\u00e9rences et de workshops cibl\u00e9s, le but de cet \u00e9v\u00e9nement ouvert \u00e0 toutes et tous est d\u2019offrir un forum de discussion d\u00e9di\u00e9 \u00e0 l\u2019utilisation concr\u00e8te de l\u2019intelligence artificielle par les entreprises. Si le lundi est d\u00e9di\u00e9 \u00e0 des workshops pour un public plus averti, les journ\u00e9es de mardi et mercredi s\u2019adressent principalement aux personnes impliqu\u00e9es dans la gestion et la strat\u00e9gie d\u2019une ou plusieurs PME afin de d\u00e9couvrir comment profiter des nouvelles technologies dans leurs activit\u00e9s.<\/p>\n\n\n\n<p><a href=\"https:\/\/ai-days.swiss-ai-center.ch\/\">Programme et inscription<\/a><\/p>\n\n\n\n<figure class=\"wp-block-image size-full\"><img decoding=\"async\" width=\"596\" height=\"849\" src=\"https:\/\/www.he-arc.ch\/wp-content\/uploads\/2025\/12\/email-banner-ai-days-smaller.jpg\" alt=\"\" class=\"wp-image-74316\" srcset=\"https:\/\/www.he-arc.ch\/wp-content\/uploads\/2025\/12\/email-banner-ai-days-smaller.jpg 596w, https:\/\/www.he-arc.ch\/wp-content\/uploads\/2025\/12\/email-banner-ai-days-smaller-211x300.jpg 211w\" sizes=\"(max-width: 596px) 100vw, 596px\" \/><\/figure>\n","protected":false},"author":6,"featured_media":74316,"template":"","he-arc_domain":[3],"he-arc_event_category":[16],"class_list":["post-64449","he-arc_event","type-he-arc_event","status-publish","has-post-thumbnail","hentry","he-arc_domain-ingenierie","he-arc_event_category-seminaire-conference"],"acf":[],"yoast_head":"<!-- This site is optimized with the Yoast SEO plugin v26.6 - https:\/\/yoast.com\/wordpress\/plugins\/seo\/ -->\n<title>AI-Days 2026 - Haute-Ecole Arc<\/title>\n<meta name=\"robots\" content=\"index, follow, max-snippet:-1, max-image-preview:large, max-video-preview:-1\" \/>\n<link rel=\"canonical\" href=\"https:\/\/www.he-arc.ch\/en\/agenda\/ai-days-2026\/\" \/>\n<meta property=\"og:locale\" content=\"en_US\" \/>\n<meta property=\"og:type\" content=\"article\" \/>\n<meta property=\"og:title\" content=\"AI-Days 2026 - Haute-Ecole Arc\" \/>\n<meta property=\"og:description\" content=\"Au travers d\u2019un vaste programme de conf\u00e9rences et de workshops cibl\u00e9s, le but de cet \u00e9v\u00e9nement ouvert \u00e0 toutes et tous est d\u2019offrir un forum de discussion d\u00e9di\u00e9 \u00e0 l\u2019utilisation concr\u00e8te de l\u2019intelligence artificielle par les entreprises. Si le lundi est d\u00e9di\u00e9 \u00e0 des workshops pour un public plus averti, les journ\u00e9es de mardi et [&hellip;]\" \/>\n<meta property=\"og:url\" content=\"https:\/\/www.he-arc.ch\/en\/agenda\/ai-days-2026\/\" \/>\n<meta property=\"og:site_name\" content=\"Haute-Ecole Arc\" \/>\n<meta property=\"article:modified_time\" content=\"2025-12-10T09:03:24+00:00\" \/>\n<meta property=\"og:image\" content=\"https:\/\/www.he-arc.ch\/wp-content\/uploads\/2025\/12\/email-banner-ai-days-smaller.jpg\" \/>\n\t<meta property=\"og:image:width\" content=\"596\" \/>\n\t<meta property=\"og:image:height\" content=\"849\" \/>\n\t<meta property=\"og:image:type\" content=\"image\/png\" \/>\n<meta name=\"twitter:card\" content=\"summary_large_image\" \/>\n<meta name=\"twitter:label1\" content=\"Est. reading time\" \/>\n\t<meta name=\"twitter:data1\" content=\"1 minute\" \/>\n<script type=\"application\/ld+json\" class=\"yoast-schema-graph\">{\"@context\":\"https:\/\/schema.org\",\"@graph\":[{\"@type\":\"WebPage\",\"@id\":\"https:\/\/www.he-arc.ch\/en\/agenda\/ai-days-2026\/\",\"url\":\"https:\/\/www.he-arc.ch\/en\/agenda\/ai-days-2026\/\",\"name\":\"AI-Days 2026 - Haute-Ecole Arc\",\"isPartOf\":{\"@id\":\"https:\/\/www.he-arc.ch\/en\/#website\"},\"primaryImageOfPage\":{\"@id\":\"https:\/\/www.he-arc.ch\/en\/agenda\/ai-days-2026\/#primaryimage\"},\"image\":{\"@id\":\"https:\/\/www.he-arc.ch\/en\/agenda\/ai-days-2026\/#primaryimage\"},\"thumbnailUrl\":\"https:\/\/www.he-arc.ch\/wp-content\/uploads\/2025\/12\/email-banner-ai-days-smaller.jpg\",\"datePublished\":\"2024-12-10T09:54:57+00:00\",\"dateModified\":\"2025-12-10T09:03:24+00:00\",\"breadcrumb\":{\"@id\":\"https:\/\/www.he-arc.ch\/en\/agenda\/ai-days-2026\/#breadcrumb\"},\"inLanguage\":\"en-US\",\"potentialAction\":[{\"@type\":\"ReadAction\",\"target\":[\"https:\/\/www.he-arc.ch\/en\/agenda\/ai-days-2026\/\"]}]},{\"@type\":\"ImageObject\",\"inLanguage\":\"en-US\",\"@id\":\"https:\/\/www.he-arc.ch\/en\/agenda\/ai-days-2026\/#primaryimage\",\"url\":\"https:\/\/www.he-arc.ch\/wp-content\/uploads\/2025\/12\/email-banner-ai-days-smaller.jpg\",\"contentUrl\":\"https:\/\/www.he-arc.ch\/wp-content\/uploads\/2025\/12\/email-banner-ai-days-smaller.jpg\",\"width\":596,\"height\":849},{\"@type\":\"BreadcrumbList\",\"@id\":\"https:\/\/www.he-arc.ch\/en\/agenda\/ai-days-2026\/#breadcrumb\",\"itemListElement\":[{\"@type\":\"ListItem\",\"position\":1,\"name\":\"Accueil\",\"item\":\"https:\/\/www.he-arc.ch\/en\/\"},{\"@type\":\"ListItem\",\"position\":2,\"name\":\"Events\",\"item\":\"https:\/\/www.he-arc.ch\/en\/events\/\"},{\"@type\":\"ListItem\",\"position\":3,\"name\":\"AI-Days 2026\"}]},{\"@type\":\"WebSite\",\"@id\":\"https:\/\/www.he-arc.ch\/en\/#website\",\"url\":\"https:\/\/www.he-arc.ch\/en\/\",\"name\":\"Haute-Ecole Arc\",\"description\":\"Haute \u00e9cole sp\u00e9cialis\u00e9e Suisse. Gestion, Ing\u00e9nierie, Sant\u00e9, Conservation-\u200brestauration.\",\"publisher\":{\"@id\":\"https:\/\/www.he-arc.ch\/en\/#organization\"},\"potentialAction\":[{\"@type\":\"SearchAction\",\"target\":{\"@type\":\"EntryPoint\",\"urlTemplate\":\"https:\/\/www.he-arc.ch\/en\/?s={search_term_string}\"},\"query-input\":{\"@type\":\"PropertyValueSpecification\",\"valueRequired\":true,\"valueName\":\"search_term_string\"}}],\"inLanguage\":\"en-US\"},{\"@type\":\"Organization\",\"@id\":\"https:\/\/www.he-arc.ch\/en\/#organization\",\"name\":\"Haute Ecole Arc\",\"url\":\"https:\/\/www.he-arc.ch\/en\/\",\"logo\":{\"@type\":\"ImageObject\",\"inLanguage\":\"en-US\",\"@id\":\"https:\/\/www.he-arc.ch\/en\/#\/schema\/logo\/image\/\",\"url\":\"https:\/\/www.he-arc.ch\/wp-content\/uploads\/2022\/01\/logo-he-arc.svg\",\"contentUrl\":\"https:\/\/www.he-arc.ch\/wp-content\/uploads\/2022\/01\/logo-he-arc.svg\",\"width\":140,\"height\":42,\"caption\":\"Haute Ecole Arc\"},\"image\":{\"@id\":\"https:\/\/www.he-arc.ch\/en\/#\/schema\/logo\/image\/\"}}]}<\/script>\n<!-- \/ Yoast SEO plugin. -->","yoast_head_json":{"title":"AI-Days 2026 - Haute-Ecole Arc","robots":{"index":"index","follow":"follow","max-snippet":"max-snippet:-1","max-image-preview":"max-image-preview:large","max-video-preview":"max-video-preview:-1"},"canonical":"https:\/\/www.he-arc.ch\/en\/agenda\/ai-days-2026\/","og_locale":"en_US","og_type":"article","og_title":"AI-Days 2026 - Haute-Ecole Arc","og_description":"Au travers d\u2019un vaste programme de conf\u00e9rences et de workshops cibl\u00e9s, le but de cet \u00e9v\u00e9nement ouvert \u00e0 toutes et tous est d\u2019offrir un forum de discussion d\u00e9di\u00e9 \u00e0 l\u2019utilisation concr\u00e8te de l\u2019intelligence artificielle par les entreprises. Si le lundi est d\u00e9di\u00e9 \u00e0 des workshops pour un public plus averti, les journ\u00e9es de mardi et [&hellip;]","og_url":"https:\/\/www.he-arc.ch\/en\/agenda\/ai-days-2026\/","og_site_name":"Haute-Ecole Arc","article_modified_time":"2025-12-10T09:03:24+00:00","og_image":[{"width":596,"height":849,"url":"https:\/\/www.he-arc.ch\/wp-content\/uploads\/2025\/12\/email-banner-ai-days-smaller.jpg","type":"image\/png"}],"twitter_card":"summary_large_image","twitter_misc":{"Est. reading time":"1 minute"},"schema":{"@context":"https:\/\/schema.org","@graph":[{"@type":"WebPage","@id":"https:\/\/www.he-arc.ch\/en\/agenda\/ai-days-2026\/","url":"https:\/\/www.he-arc.ch\/en\/agenda\/ai-days-2026\/","name":"AI-Days 2026 - Haute-Ecole Arc","isPartOf":{"@id":"https:\/\/www.he-arc.ch\/en\/#website"},"primaryImageOfPage":{"@id":"https:\/\/www.he-arc.ch\/en\/agenda\/ai-days-2026\/#primaryimage"},"image":{"@id":"https:\/\/www.he-arc.ch\/en\/agenda\/ai-days-2026\/#primaryimage"},"thumbnailUrl":"https:\/\/www.he-arc.ch\/wp-content\/uploads\/2025\/12\/email-banner-ai-days-smaller.jpg","datePublished":"2024-12-10T09:54:57+00:00","dateModified":"2025-12-10T09:03:24+00:00","breadcrumb":{"@id":"https:\/\/www.he-arc.ch\/en\/agenda\/ai-days-2026\/#breadcrumb"},"inLanguage":"en-US","potentialAction":[{"@type":"ReadAction","target":["https:\/\/www.he-arc.ch\/en\/agenda\/ai-days-2026\/"]}]},{"@type":"ImageObject","inLanguage":"en-US","@id":"https:\/\/www.he-arc.ch\/en\/agenda\/ai-days-2026\/#primaryimage","url":"https:\/\/www.he-arc.ch\/wp-content\/uploads\/2025\/12\/email-banner-ai-days-smaller.jpg","contentUrl":"https:\/\/www.he-arc.ch\/wp-content\/uploads\/2025\/12\/email-banner-ai-days-smaller.jpg","width":596,"height":849},{"@type":"BreadcrumbList","@id":"https:\/\/www.he-arc.ch\/en\/agenda\/ai-days-2026\/#breadcrumb","itemListElement":[{"@type":"ListItem","position":1,"name":"Accueil","item":"https:\/\/www.he-arc.ch\/en\/"},{"@type":"ListItem","position":2,"name":"Events","item":"https:\/\/www.he-arc.ch\/en\/events\/"},{"@type":"ListItem","position":3,"name":"AI-Days 2026"}]},{"@type":"WebSite","@id":"https:\/\/www.he-arc.ch\/en\/#website","url":"https:\/\/www.he-arc.ch\/en\/","name":"Haute-Ecole Arc","description":"Haute \u00e9cole sp\u00e9cialis\u00e9e Suisse. Gestion, Ing\u00e9nierie, Sant\u00e9, Conservation-\u200brestauration.","publisher":{"@id":"https:\/\/www.he-arc.ch\/en\/#organization"},"potentialAction":[{"@type":"SearchAction","target":{"@type":"EntryPoint","urlTemplate":"https:\/\/www.he-arc.ch\/en\/?s={search_term_string}"},"query-input":{"@type":"PropertyValueSpecification","valueRequired":true,"valueName":"search_term_string"}}],"inLanguage":"en-US"},{"@type":"Organization","@id":"https:\/\/www.he-arc.ch\/en\/#organization","name":"Haute Ecole Arc","url":"https:\/\/www.he-arc.ch\/en\/","logo":{"@type":"ImageObject","inLanguage":"en-US","@id":"https:\/\/www.he-arc.ch\/en\/#\/schema\/logo\/image\/","url":"https:\/\/www.he-arc.ch\/wp-content\/uploads\/2022\/01\/logo-he-arc.svg","contentUrl":"https:\/\/www.he-arc.ch\/wp-content\/uploads\/2022\/01\/logo-he-arc.svg","width":140,"height":42,"caption":"Haute Ecole Arc"},"image":{"@id":"https:\/\/www.he-arc.ch\/en\/#\/schema\/logo\/image\/"}}]}},"_links":{"self":[{"href":"https:\/\/www.he-arc.ch\/en\/wp-json\/wp\/v2\/he-arc_event\/64449","targetHints":{"allow":["GET"]}}],"collection":[{"href":"https:\/\/www.he-arc.ch\/en\/wp-json\/wp\/v2\/he-arc_event"}],"about":[{"href":"https:\/\/www.he-arc.ch\/en\/wp-json\/wp\/v2\/types\/he-arc_event"}],"author":[{"embeddable":true,"href":"https:\/\/www.he-arc.ch\/en\/wp-json\/wp\/v2\/users\/6"}],"version-history":[{"count":4,"href":"https:\/\/www.he-arc.ch\/en\/wp-json\/wp\/v2\/he-arc_event\/64449\/revisions"}],"predecessor-version":[{"id":76522,"href":"https:\/\/www.he-arc.ch\/en\/wp-json\/wp\/v2\/he-arc_event\/64449\/revisions\/76522"}],"wp:featuredmedia":[{"embeddable":true,"href":"https:\/\/www.he-arc.ch\/en\/wp-json\/wp\/v2\/media\/74316"}],"wp:attachment":[{"href":"https:\/\/www.he-arc.ch\/en\/wp-json\/wp\/v2\/media?parent=64449"}],"wp:term":[{"taxonomy":"he-arc_domain","embeddable":true,"href":"https:\/\/www.he-arc.ch\/en\/wp-json\/wp\/v2\/he-arc_domain?post=64449"},{"taxonomy":"he-arc_event_category","embeddable":true,"href":"https:\/\/www.he-arc.ch\/en\/wp-json\/wp\/v2\/he-arc_event_category?post=64449"}],"curies":[{"name":"wp","href":"https:\/\/api.w.org\/{rel}","templated":true}]}}

<p>Au travers d’un vaste programme de conférences et de workshops ciblés, le but de cet événement ouvert à toutes et tous est d’offrir un forum de discussion dédié à l’utilisation concrète de l’intelligence artificielle par les entreprises. Si le lundi est dédié à des workshops pour un public plus averti, les journées de mardi et mercredi s’adressent principalement aux personnes impliquées dans la gestion et la stratégie d’une ou plusieurs PME afin de découvrir comment profiter des nouvelles technologies dans leurs activités.</p>



<p><a href="https://ai-days.swiss-ai-center.ch/">Programme et inscription</a></p>



<figure class="wp-block-image size-full"><img decoding="async" width="596" height="849" src="https://www.he-arc.ch/wp-content/uploads/2025/12/email-banner-ai-days-smaller.jpg" alt="" class="wp-image-74316" srcset="https://www.he-arc.ch/wp-content/uploads/2025/12/email-banner-ai-days-smaller.jpg 596w, https://www.he-arc.ch/wp-content/uploads/2025/12/email-banner-ai-days-smaller-211x300.jpg 211w" sizes="(max-width: 596px) 100vw, 596px" /></figure>

<!-- This site is optimized with the Yoast SEO plugin v26.6 - https://yoast.com/wordpress/plugins/seo/ -->
<title>AI-Days 2026 - Haute-Ecole Arc</title>
<meta name="robots" content="index, follow, max-snippet:-1, max-image-preview:large, max-video-preview:-1" />
<link rel="canonical" href="https://www.he-arc.ch/en/agenda/ai-days-2026/" />
<meta property="og:locale" content="en_US" />
<meta property="og:type" content="article" />
<meta property="og:title" content="AI-Days 2026 - Haute-Ecole Arc" />
<meta property="og:description" content="Au travers d’un vaste programme de conférences et de workshops ciblés, le but de cet événement ouvert à toutes et tous est d’offrir un forum de discussion dédié à l’utilisation concrète de l’intelligence artificielle par les entreprises. Si le lundi est dédié à des workshops pour un public plus averti, les journées de mardi et [&hellip;]" />
<meta property="og:url" content="https://www.he-arc.ch/en/agenda/ai-days-2026/" />
<meta property="og:site_name" content="Haute-Ecole Arc" />
<meta property="article:modified_time" content="2025-12-10T09:03:24+00:00" />
<meta property="og:image" content="https://www.he-arc.ch/wp-content/uploads/2025/12/email-banner-ai-days-smaller.jpg" />
	<meta property="og:image:width" content="596" />
	<meta property="og:image:height" content="849" />
	<meta property="og:image:type" content="image/png" />
<meta name="twitter:card" content="summary_large_image" />
<meta name="twitter:label1" content="Est. reading time" />
	<meta name="twitter:data1" content="1 minute" />
<script type="application/ld+json" class="yoast-schema-graph">{"@context":"https://schema.org","@graph":[{"@type":"WebPage","@id":"https://www.he-arc.ch/en/agenda/ai-days-2026/","url":"https://www.he-arc.ch/en/agenda/ai-days-2026/","name":"AI-Days 2026 - Haute-Ecole Arc","isPartOf":{"@id":"https://www.he-arc.ch/en/#website"},"primaryImageOfPage":{"@id":"https://www.he-arc.ch/en/agenda/ai-days-2026/#primaryimage"},"image":{"@id":"https://www.he-arc.ch/en/agenda/ai-days-2026/#primaryimage"},"thumbnailUrl":"https://www.he-arc.ch/wp-content/uploads/2025/12/email-banner-ai-days-smaller.jpg","datePublished":"2024-12-10T09:54:57+00:00","dateModified":"2025-12-10T09:03:24+00:00","breadcrumb":{"@id":"https://www.he-arc.ch/en/agenda/ai-days-2026/#breadcrumb"},"inLanguage":"en-US","potentialAction":[{"@type":"ReadAction","target":["https://www.he-arc.ch/en/agenda/ai-days-2026/"]}]},{"@type":"ImageObject","inLanguage":"en-US","@id":"https://www.he-arc.ch/en/agenda/ai-days-2026/#primaryimage","url":"https://www.he-arc.ch/wp-content/uploads/2025/12/email-banner-ai-days-smaller.jpg","contentUrl":"https://www.he-arc.ch/wp-content/uploads/2025/12/email-banner-ai-days-smaller.jpg","width":596,"height":849},{"@type":"BreadcrumbList","@id":"https://www.he-arc.ch/en/agenda/ai-days-2026/#breadcrumb","itemListElement":[{"@type":"ListItem","position":1,"name":"Accueil","item":"https://www.he-arc.ch/en/"},{"@type":"ListItem","position":2,"name":"Events","item":"https://www.he-arc.ch/en/events/"},{"@type":"ListItem","position":3,"name":"AI-Days 2026"}]},{"@type":"WebSite","@id":"https://www.he-arc.ch/en/#website","url":"https://www.he-arc.ch/en/","name":"Haute-Ecole Arc","description":"Haute école spécialisée Suisse. Gestion, Ingénierie, Santé, Conservation-​restauration.","publisher":{"@id":"https://www.he-arc.ch/en/#organization"},"potentialAction":[{"@type":"SearchAction","target":{"@type":"EntryPoint","urlTemplate":"https://www.he-arc.ch/en/?s={search_term_string}"},"query-input":{"@type":"PropertyValueSpecification","valueRequired":true,"valueName":"search_term_string"}}],"inLanguage":"en-US"},{"@type":"Organization","@id":"https://www.he-arc.ch/en/#organization","name":"Haute Ecole Arc","url":"https://www.he-arc.ch/en/","logo":{"@type":"ImageObject","inLanguage":"en-US","@id":"https://www.he-arc.ch/en/#/schema/logo/image/","url":"https://www.he-arc.ch/wp-content/uploads/2022/01/logo-he-arc.svg","contentUrl":"https://www.he-arc.ch/wp-content/uploads/2022/01/logo-he-arc.svg","width":140,"height":42,"caption":"Haute Ecole Arc"},"image":{"@id":"https://www.he-arc.ch/en/#/schema/logo/image/"}}]}</script>
<!-- / Yoast SEO plugin. -->

Au travers d’un vaste programme de conférences et de workshops ciblés, le but de cet événement ouvert à toutes et tous est d’offrir un forum de discussion dédié à l’utilisation concrète de l’intelligence artificielle par les entreprises. Si le lundi est dédié à des workshops pour un public plus averti, les journées de mardi et [&hellip;]

Haute école spécialisée Suisse. Gestion, Ingénierie, Santé, Conservation-​restauration.
