{"id":73570,"date":"2025-11-05T09:45:36","date_gmt":"2025-11-05T08:45:36","guid":{"rendered":"https:\/\/www.he-arc.ch\/?post_type=he-arc_event&#038;p=73570"},"modified":"2026-03-10T11:44:29","modified_gmt":"2026-03-10T10:44:29","slug":"conference-biais-cognitifs","status":"publish","type":"he-arc_event","link":"https:\/\/www.he-arc.ch\/en\/agenda\/conference-biais-cognitifs\/","title":{"rendered":"Conf\u00e9rence &#8211; Biais cognitifs"},"content":{"rendered":"\n<p>Les biais cognitifs, \u00e9tudi\u00e9s depuis plusieurs d\u00e9cennies en psychologie, influencent nos d\u00e9cisions, nos jugements et nos relations sociales \u2014 souvent \u00e0 notre insu. Ils se manifestent dans tous les domaines : technique, scientifique, juridique, et bien d\u2019autres.<\/p>\n\n\n\n<p>Lors de cette conf\u00e9rence, <strong>Pascal Wagner-Egger<\/strong>, chercheur en psychologie sociale \u00e0 l\u2019Universit\u00e9 de Fribourg, pr\u00e9sentera ses travaux sur nos raisonnements quotidiens, nos croyances et la fa\u00e7on dont se propagent les id\u00e9es fausses (th\u00e9ories du complot, <em>fake news<\/em>, etc.).<\/p>\n\n\n\n<p>Il abordera \u00e9galement une question intrigante : pourquoi observe-t-on une surrepr\u00e9sentation d\u2019ing\u00e9nieur-e-s dans la science alternative ?<\/p>\n\n\n\n<p>La pr\u00e9sentation sera suivie d\u2019un d\u00e9bat avec le public, puis d\u2019un ap\u00e9ritif convivial pour prolonger les \u00e9changes de mani\u00e8re informelle.<\/p>\n\n\n\n<p>\ud83d\udcc5 <strong>Inscription obligatoire jusqu\u2019au 2 avril 2026<\/strong> via le formulaire ci-dessous.<br>\ud83c\udf93 \u00c9v\u00e9nement coorganis\u00e9 par la HE-Arc Ing\u00e9nierie, l\u2019association du personnel AP-Arc et la section neuch\u00e2teloise de Swiss Engineering, r\u00e9serv\u00e9 en priorit\u00e9 \u00e0 leurs membres.<\/p>\n\n\n","protected":false},"author":6,"featured_media":73572,"template":"","he-arc_domain":[3],"he-arc_event_category":[16],"class_list":["post-73570","he-arc_event","type-he-arc_event","status-publish","has-post-thumbnail","hentry","he-arc_domain-ingenierie","he-arc_event_category-seminaire-conference"],"acf":[],"yoast_head":"<!-- This site is optimized with the Yoast SEO plugin v26.6 - https:\/\/yoast.com\/wordpress\/plugins\/seo\/ -->\n<title>Conf\u00e9rence - Biais cognitifs - Haute-Ecole Arc<\/title>\n<meta name=\"robots\" content=\"index, follow, max-snippet:-1, max-image-preview:large, max-video-preview:-1\" \/>\n<link rel=\"canonical\" href=\"https:\/\/www.he-arc.ch\/en\/agenda\/conference-biais-cognitifs\/\" \/>\n<meta property=\"og:locale\" content=\"en_US\" \/>\n<meta property=\"og:type\" content=\"article\" \/>\n<meta property=\"og:title\" content=\"Conf\u00e9rence - Biais cognitifs - Haute-Ecole Arc\" \/>\n<meta property=\"og:description\" content=\"Les biais cognitifs, \u00e9tudi\u00e9s depuis plusieurs d\u00e9cennies en psychologie, influencent nos d\u00e9cisions, nos jugements et nos relations sociales \u2014 souvent \u00e0 notre insu. Ils se manifestent dans tous les domaines : technique, scientifique, juridique, et bien d\u2019autres. Lors de cette conf\u00e9rence, Pascal Wagner-Egger, chercheur en psychologie sociale \u00e0 l\u2019Universit\u00e9 de Fribourg, pr\u00e9sentera ses travaux sur [&hellip;]\" \/>\n<meta property=\"og:url\" content=\"https:\/\/www.he-arc.ch\/en\/agenda\/conference-biais-cognitifs\/\" \/>\n<meta property=\"og:site_name\" content=\"Haute-Ecole Arc\" \/>\n<meta property=\"article:modified_time\" content=\"2026-03-10T10:44:29+00:00\" \/>\n<meta property=\"og:image\" content=\"https:\/\/www.he-arc.ch\/wp-content\/uploads\/2025\/11\/he-arc-ingenierie-conference-biais-cognitifs-scaled.jpeg\" \/>\n\t<meta property=\"og:image:width\" content=\"2560\" \/>\n\t<meta property=\"og:image:height\" content=\"1397\" \/>\n\t<meta property=\"og:image:type\" content=\"image\/jpeg\" \/>\n<meta name=\"twitter:card\" content=\"summary_large_image\" \/>\n<meta name=\"twitter:label1\" content=\"Est. reading time\" \/>\n\t<meta name=\"twitter:data1\" content=\"1 minute\" \/>\n<script type=\"application\/ld+json\" class=\"yoast-schema-graph\">{\"@context\":\"https:\/\/schema.org\",\"@graph\":[{\"@type\":\"WebPage\",\"@id\":\"https:\/\/www.he-arc.ch\/en\/agenda\/conference-biais-cognitifs\/\",\"url\":\"https:\/\/www.he-arc.ch\/en\/agenda\/conference-biais-cognitifs\/\",\"name\":\"Conf\u00e9rence - Biais cognitifs - Haute-Ecole Arc\",\"isPartOf\":{\"@id\":\"https:\/\/www.he-arc.ch\/en\/#website\"},\"primaryImageOfPage\":{\"@id\":\"https:\/\/www.he-arc.ch\/en\/agenda\/conference-biais-cognitifs\/#primaryimage\"},\"image\":{\"@id\":\"https:\/\/www.he-arc.ch\/en\/agenda\/conference-biais-cognitifs\/#primaryimage\"},\"thumbnailUrl\":\"https:\/\/www.he-arc.ch\/wp-content\/uploads\/2025\/11\/he-arc-ingenierie-conference-biais-cognitifs-scaled.jpeg\",\"datePublished\":\"2025-11-05T08:45:36+00:00\",\"dateModified\":\"2026-03-10T10:44:29+00:00\",\"breadcrumb\":{\"@id\":\"https:\/\/www.he-arc.ch\/en\/agenda\/conference-biais-cognitifs\/#breadcrumb\"},\"inLanguage\":\"en-US\",\"potentialAction\":[{\"@type\":\"ReadAction\",\"target\":[\"https:\/\/www.he-arc.ch\/en\/agenda\/conference-biais-cognitifs\/\"]}]},{\"@type\":\"ImageObject\",\"inLanguage\":\"en-US\",\"@id\":\"https:\/\/www.he-arc.ch\/en\/agenda\/conference-biais-cognitifs\/#primaryimage\",\"url\":\"https:\/\/www.he-arc.ch\/wp-content\/uploads\/2025\/11\/he-arc-ingenierie-conference-biais-cognitifs-scaled.jpeg\",\"contentUrl\":\"https:\/\/www.he-arc.ch\/wp-content\/uploads\/2025\/11\/he-arc-ingenierie-conference-biais-cognitifs-scaled.jpeg\",\"width\":2560,\"height\":1397,\"caption\":\"Cognitive Bias and Judgement Error - Systematic Mental Pattern of Deviation from Norm or Rationality in Judgement - Conceptual Illustration\"},{\"@type\":\"BreadcrumbList\",\"@id\":\"https:\/\/www.he-arc.ch\/en\/agenda\/conference-biais-cognitifs\/#breadcrumb\",\"itemListElement\":[{\"@type\":\"ListItem\",\"position\":1,\"name\":\"Accueil\",\"item\":\"https:\/\/www.he-arc.ch\/en\/\"},{\"@type\":\"ListItem\",\"position\":2,\"name\":\"Events\",\"item\":\"https:\/\/www.he-arc.ch\/en\/events\/\"},{\"@type\":\"ListItem\",\"position\":3,\"name\":\"Conf\u00e9rence &#8211; Biais cognitifs\"}]},{\"@type\":\"WebSite\",\"@id\":\"https:\/\/www.he-arc.ch\/en\/#website\",\"url\":\"https:\/\/www.he-arc.ch\/en\/\",\"name\":\"Haute-Ecole Arc\",\"description\":\"Haute \u00e9cole sp\u00e9cialis\u00e9e Suisse. Gestion, Ing\u00e9nierie, Sant\u00e9, Conservation-\u200brestauration.\",\"publisher\":{\"@id\":\"https:\/\/www.he-arc.ch\/en\/#organization\"},\"potentialAction\":[{\"@type\":\"SearchAction\",\"target\":{\"@type\":\"EntryPoint\",\"urlTemplate\":\"https:\/\/www.he-arc.ch\/en\/?s={search_term_string}\"},\"query-input\":{\"@type\":\"PropertyValueSpecification\",\"valueRequired\":true,\"valueName\":\"search_term_string\"}}],\"inLanguage\":\"en-US\"},{\"@type\":\"Organization\",\"@id\":\"https:\/\/www.he-arc.ch\/en\/#organization\",\"name\":\"Haute Ecole Arc\",\"url\":\"https:\/\/www.he-arc.ch\/en\/\",\"logo\":{\"@type\":\"ImageObject\",\"inLanguage\":\"en-US\",\"@id\":\"https:\/\/www.he-arc.ch\/en\/#\/schema\/logo\/image\/\",\"url\":\"https:\/\/www.he-arc.ch\/wp-content\/uploads\/2022\/01\/logo-he-arc.svg\",\"contentUrl\":\"https:\/\/www.he-arc.ch\/wp-content\/uploads\/2022\/01\/logo-he-arc.svg\",\"width\":140,\"height\":42,\"caption\":\"Haute Ecole Arc\"},\"image\":{\"@id\":\"https:\/\/www.he-arc.ch\/en\/#\/schema\/logo\/image\/\"}}]}<\/script>\n<!-- \/ Yoast SEO plugin. -->","yoast_head_json":{"title":"Conf\u00e9rence - Biais cognitifs - Haute-Ecole Arc","robots":{"index":"index","follow":"follow","max-snippet":"max-snippet:-1","max-image-preview":"max-image-preview:large","max-video-preview":"max-video-preview:-1"},"canonical":"https:\/\/www.he-arc.ch\/en\/agenda\/conference-biais-cognitifs\/","og_locale":"en_US","og_type":"article","og_title":"Conf\u00e9rence - Biais cognitifs - Haute-Ecole Arc","og_description":"Les biais cognitifs, \u00e9tudi\u00e9s depuis plusieurs d\u00e9cennies en psychologie, influencent nos d\u00e9cisions, nos jugements et nos relations sociales \u2014 souvent \u00e0 notre insu. Ils se manifestent dans tous les domaines : technique, scientifique, juridique, et bien d\u2019autres. Lors de cette conf\u00e9rence, Pascal Wagner-Egger, chercheur en psychologie sociale \u00e0 l\u2019Universit\u00e9 de Fribourg, pr\u00e9sentera ses travaux sur [&hellip;]","og_url":"https:\/\/www.he-arc.ch\/en\/agenda\/conference-biais-cognitifs\/","og_site_name":"Haute-Ecole Arc","article_modified_time":"2026-03-10T10:44:29+00:00","og_image":[{"width":2560,"height":1397,"url":"https:\/\/www.he-arc.ch\/wp-content\/uploads\/2025\/11\/he-arc-ingenierie-conference-biais-cognitifs-scaled.jpeg","type":"image\/jpeg"}],"twitter_card":"summary_large_image","twitter_misc":{"Est. reading time":"1 minute"},"schema":{"@context":"https:\/\/schema.org","@graph":[{"@type":"WebPage","@id":"https:\/\/www.he-arc.ch\/en\/agenda\/conference-biais-cognitifs\/","url":"https:\/\/www.he-arc.ch\/en\/agenda\/conference-biais-cognitifs\/","name":"Conf\u00e9rence - Biais cognitifs - Haute-Ecole Arc","isPartOf":{"@id":"https:\/\/www.he-arc.ch\/en\/#website"},"primaryImageOfPage":{"@id":"https:\/\/www.he-arc.ch\/en\/agenda\/conference-biais-cognitifs\/#primaryimage"},"image":{"@id":"https:\/\/www.he-arc.ch\/en\/agenda\/conference-biais-cognitifs\/#primaryimage"},"thumbnailUrl":"https:\/\/www.he-arc.ch\/wp-content\/uploads\/2025\/11\/he-arc-ingenierie-conference-biais-cognitifs-scaled.jpeg","datePublished":"2025-11-05T08:45:36+00:00","dateModified":"2026-03-10T10:44:29+00:00","breadcrumb":{"@id":"https:\/\/www.he-arc.ch\/en\/agenda\/conference-biais-cognitifs\/#breadcrumb"},"inLanguage":"en-US","potentialAction":[{"@type":"ReadAction","target":["https:\/\/www.he-arc.ch\/en\/agenda\/conference-biais-cognitifs\/"]}]},{"@type":"ImageObject","inLanguage":"en-US","@id":"https:\/\/www.he-arc.ch\/en\/agenda\/conference-biais-cognitifs\/#primaryimage","url":"https:\/\/www.he-arc.ch\/wp-content\/uploads\/2025\/11\/he-arc-ingenierie-conference-biais-cognitifs-scaled.jpeg","contentUrl":"https:\/\/www.he-arc.ch\/wp-content\/uploads\/2025\/11\/he-arc-ingenierie-conference-biais-cognitifs-scaled.jpeg","width":2560,"height":1397,"caption":"Cognitive Bias and Judgement Error - Systematic Mental Pattern of Deviation from Norm or Rationality in Judgement - Conceptual Illustration"},{"@type":"BreadcrumbList","@id":"https:\/\/www.he-arc.ch\/en\/agenda\/conference-biais-cognitifs\/#breadcrumb","itemListElement":[{"@type":"ListItem","position":1,"name":"Accueil","item":"https:\/\/www.he-arc.ch\/en\/"},{"@type":"ListItem","position":2,"name":"Events","item":"https:\/\/www.he-arc.ch\/en\/events\/"},{"@type":"ListItem","position":3,"name":"Conf\u00e9rence &#8211; Biais cognitifs"}]},{"@type":"WebSite","@id":"https:\/\/www.he-arc.ch\/en\/#website","url":"https:\/\/www.he-arc.ch\/en\/","name":"Haute-Ecole Arc","description":"Haute \u00e9cole sp\u00e9cialis\u00e9e Suisse. Gestion, Ing\u00e9nierie, Sant\u00e9, Conservation-\u200brestauration.","publisher":{"@id":"https:\/\/www.he-arc.ch\/en\/#organization"},"potentialAction":[{"@type":"SearchAction","target":{"@type":"EntryPoint","urlTemplate":"https:\/\/www.he-arc.ch\/en\/?s={search_term_string}"},"query-input":{"@type":"PropertyValueSpecification","valueRequired":true,"valueName":"search_term_string"}}],"inLanguage":"en-US"},{"@type":"Organization","@id":"https:\/\/www.he-arc.ch\/en\/#organization","name":"Haute Ecole Arc","url":"https:\/\/www.he-arc.ch\/en\/","logo":{"@type":"ImageObject","inLanguage":"en-US","@id":"https:\/\/www.he-arc.ch\/en\/#\/schema\/logo\/image\/","url":"https:\/\/www.he-arc.ch\/wp-content\/uploads\/2022\/01\/logo-he-arc.svg","contentUrl":"https:\/\/www.he-arc.ch\/wp-content\/uploads\/2022\/01\/logo-he-arc.svg","width":140,"height":42,"caption":"Haute Ecole Arc"},"image":{"@id":"https:\/\/www.he-arc.ch\/en\/#\/schema\/logo\/image\/"}}]}},"_links":{"self":[{"href":"https:\/\/www.he-arc.ch\/en\/wp-json\/wp\/v2\/he-arc_event\/73570","targetHints":{"allow":["GET"]}}],"collection":[{"href":"https:\/\/www.he-arc.ch\/en\/wp-json\/wp\/v2\/he-arc_event"}],"about":[{"href":"https:\/\/www.he-arc.ch\/en\/wp-json\/wp\/v2\/types\/he-arc_event"}],"author":[{"embeddable":true,"href":"https:\/\/www.he-arc.ch\/en\/wp-json\/wp\/v2\/users\/6"}],"version-history":[{"count":5,"href":"https:\/\/www.he-arc.ch\/en\/wp-json\/wp\/v2\/he-arc_event\/73570\/revisions"}],"predecessor-version":[{"id":79578,"href":"https:\/\/www.he-arc.ch\/en\/wp-json\/wp\/v2\/he-arc_event\/73570\/revisions\/79578"}],"wp:featuredmedia":[{"embeddable":true,"href":"https:\/\/www.he-arc.ch\/en\/wp-json\/wp\/v2\/media\/73572"}],"wp:attachment":[{"href":"https:\/\/www.he-arc.ch\/en\/wp-json\/wp\/v2\/media?parent=73570"}],"wp:term":[{"taxonomy":"he-arc_domain","embeddable":true,"href":"https:\/\/www.he-arc.ch\/en\/wp-json\/wp\/v2\/he-arc_domain?post=73570"},{"taxonomy":"he-arc_event_category","embeddable":true,"href":"https:\/\/www.he-arc.ch\/en\/wp-json\/wp\/v2\/he-arc_event_category?post=73570"}],"curies":[{"name":"wp","href":"https:\/\/api.w.org\/{rel}","templated":true}]}}

Conférence &#8211; Biais cognitifs

<p>Les biais cognitifs, étudiés depuis plusieurs décennies en psychologie, influencent nos décisions, nos jugements et nos relations sociales — souvent à notre insu. Ils se manifestent dans tous les domaines : technique, scientifique, juridique, et bien d’autres.</p>



<p>Lors de cette conférence, <strong>Pascal Wagner-Egger</strong>, chercheur en psychologie sociale à l’Université de Fribourg, présentera ses travaux sur nos raisonnements quotidiens, nos croyances et la façon dont se propagent les idées fausses (théories du complot, <em>fake news</em>, etc.).</p>



<p>Il abordera également une question intrigante : pourquoi observe-t-on une surreprésentation d’ingénieur-e-s dans la science alternative ?</p>



<p>La présentation sera suivie d’un débat avec le public, puis d’un apéritif convivial pour prolonger les échanges de manière informelle.</p>



<p>📅 <strong>Inscription obligatoire jusqu’au 2 avril 2026</strong> via le formulaire ci-dessous.<br>🎓 Événement coorganisé par la HE-Arc Ingénierie, l’association du personnel AP-Arc et la section neuchâteloise de Swiss Engineering, réservé en priorité à leurs membres.</p>

<!-- This site is optimized with the Yoast SEO plugin v26.6 - https://yoast.com/wordpress/plugins/seo/ -->
<title>Conférence - Biais cognitifs - Haute-Ecole Arc</title>
<meta name="robots" content="index, follow, max-snippet:-1, max-image-preview:large, max-video-preview:-1" />
<link rel="canonical" href="https://www.he-arc.ch/en/agenda/conference-biais-cognitifs/" />
<meta property="og:locale" content="en_US" />
<meta property="og:type" content="article" />
<meta property="og:title" content="Conférence - Biais cognitifs - Haute-Ecole Arc" />
<meta property="og:description" content="Les biais cognitifs, étudiés depuis plusieurs décennies en psychologie, influencent nos décisions, nos jugements et nos relations sociales — souvent à notre insu. Ils se manifestent dans tous les domaines : technique, scientifique, juridique, et bien d’autres. Lors de cette conférence, Pascal Wagner-Egger, chercheur en psychologie sociale à l’Université de Fribourg, présentera ses travaux sur [&hellip;]" />
<meta property="og:url" content="https://www.he-arc.ch/en/agenda/conference-biais-cognitifs/" />
<meta property="og:site_name" content="Haute-Ecole Arc" />
<meta property="article:modified_time" content="2026-03-10T10:44:29+00:00" />
<meta property="og:image" content="https://www.he-arc.ch/wp-content/uploads/2025/11/he-arc-ingenierie-conference-biais-cognitifs-scaled.jpeg" />
	<meta property="og:image:width" content="2560" />
	<meta property="og:image:height" content="1397" />
	<meta property="og:image:type" content="image/jpeg" />
<meta name="twitter:card" content="summary_large_image" />
<meta name="twitter:label1" content="Est. reading time" />
	<meta name="twitter:data1" content="1 minute" />
<script type="application/ld+json" class="yoast-schema-graph">{"@context":"https://schema.org","@graph":[{"@type":"WebPage","@id":"https://www.he-arc.ch/en/agenda/conference-biais-cognitifs/","url":"https://www.he-arc.ch/en/agenda/conference-biais-cognitifs/","name":"Conférence - Biais cognitifs - Haute-Ecole Arc","isPartOf":{"@id":"https://www.he-arc.ch/en/#website"},"primaryImageOfPage":{"@id":"https://www.he-arc.ch/en/agenda/conference-biais-cognitifs/#primaryimage"},"image":{"@id":"https://www.he-arc.ch/en/agenda/conference-biais-cognitifs/#primaryimage"},"thumbnailUrl":"https://www.he-arc.ch/wp-content/uploads/2025/11/he-arc-ingenierie-conference-biais-cognitifs-scaled.jpeg","datePublished":"2025-11-05T08:45:36+00:00","dateModified":"2026-03-10T10:44:29+00:00","breadcrumb":{"@id":"https://www.he-arc.ch/en/agenda/conference-biais-cognitifs/#breadcrumb"},"inLanguage":"en-US","potentialAction":[{"@type":"ReadAction","target":["https://www.he-arc.ch/en/agenda/conference-biais-cognitifs/"]}]},{"@type":"ImageObject","inLanguage":"en-US","@id":"https://www.he-arc.ch/en/agenda/conference-biais-cognitifs/#primaryimage","url":"https://www.he-arc.ch/wp-content/uploads/2025/11/he-arc-ingenierie-conference-biais-cognitifs-scaled.jpeg","contentUrl":"https://www.he-arc.ch/wp-content/uploads/2025/11/he-arc-ingenierie-conference-biais-cognitifs-scaled.jpeg","width":2560,"height":1397,"caption":"Cognitive Bias and Judgement Error - Systematic Mental Pattern of Deviation from Norm or Rationality in Judgement - Conceptual Illustration"},{"@type":"BreadcrumbList","@id":"https://www.he-arc.ch/en/agenda/conference-biais-cognitifs/#breadcrumb","itemListElement":[{"@type":"ListItem","position":1,"name":"Accueil","item":"https://www.he-arc.ch/en/"},{"@type":"ListItem","position":2,"name":"Events","item":"https://www.he-arc.ch/en/events/"},{"@type":"ListItem","position":3,"name":"Conférence &#8211; Biais cognitifs"}]},{"@type":"WebSite","@id":"https://www.he-arc.ch/en/#website","url":"https://www.he-arc.ch/en/","name":"Haute-Ecole Arc","description":"Haute école spécialisée Suisse. Gestion, Ingénierie, Santé, Conservation-​restauration.","publisher":{"@id":"https://www.he-arc.ch/en/#organization"},"potentialAction":[{"@type":"SearchAction","target":{"@type":"EntryPoint","urlTemplate":"https://www.he-arc.ch/en/?s={search_term_string}"},"query-input":{"@type":"PropertyValueSpecification","valueRequired":true,"valueName":"search_term_string"}}],"inLanguage":"en-US"},{"@type":"Organization","@id":"https://www.he-arc.ch/en/#organization","name":"Haute Ecole Arc","url":"https://www.he-arc.ch/en/","logo":{"@type":"ImageObject","inLanguage":"en-US","@id":"https://www.he-arc.ch/en/#/schema/logo/image/","url":"https://www.he-arc.ch/wp-content/uploads/2022/01/logo-he-arc.svg","contentUrl":"https://www.he-arc.ch/wp-content/uploads/2022/01/logo-he-arc.svg","width":140,"height":42,"caption":"Haute Ecole Arc"},"image":{"@id":"https://www.he-arc.ch/en/#/schema/logo/image/"}}]}</script>
<!-- / Yoast SEO plugin. -->

Conférence - Biais cognitifs - Haute-Ecole Arc

Les biais cognitifs, étudiés depuis plusieurs décennies en psychologie, influencent nos décisions, nos jugements et nos relations sociales — souvent à notre insu. Ils se manifestent dans tous les domaines : technique, scientifique, juridique, et bien d’autres. Lors de cette conférence, Pascal Wagner-Egger, chercheur en psychologie sociale à l’Université de Fribourg, présentera ses travaux sur [&hellip;]

Haute école spécialisée Suisse. Gestion, Ingénierie, Santé, Conservation-​restauration.
