{"id":81667,"date":"2026-04-17T09:00:32","date_gmt":"2026-04-17T07:00:32","guid":{"rendered":"https:\/\/www.he-arc.ch\/?post_type=he-arc_event&#038;p=81667"},"modified":"2026-04-17T09:00:33","modified_gmt":"2026-04-17T07:00:33","slug":"forum-pf-2026","status":"publish","type":"he-arc_event","link":"https:\/\/www.he-arc.ch\/en\/agenda\/forum-pf-2026\/","title":{"rendered":"Forum PF 2026"},"content":{"rendered":"\n<h2 class=\"wp-block-heading\">Save the date : Forum PF 2026<\/h2>\n\n\n\n<p>Nous nous r\u00e9jouissons d&#8217;accueillir une nouvelle fois les praticiennes formatrices, praticiens formateurs et responsables de la formation de nos institutions de soins, lors du Forum PF 2026.<\/p>\n\n\n\n<p>Cette ann\u00e9e, la journ\u00e9e se d\u00e9roulera sur notre campus de Del\u00e9mont et aura pour th\u00e9matique l&#8217;<strong>intelligence artificielle dans la formation<\/strong>.<\/p>\n\n\n\n<p>Nous r\u00e9unirons \u00e0 nouveau les deux fili\u00e8res du domaine Sant\u00e9, la physioth\u00e9rapie et les soins infirmiers. La matin\u00e9e comprendra des activit\u00e9s sp\u00e9cifiques aux fili\u00e8res, tandis que l&#8217;apr\u00e8s-midi r\u00e9unira l&#8217;ensemble des participant-e-s pour une table ronde.<\/p>\n\n\n\n<h3 class=\"wp-block-heading\">Informations pratiques<\/h3>\n\n\n\n<ul class=\"wp-block-list\">\n<li>Programme d\u00e9taill\u00e9 et lien d&#8217;inscription communiqu\u00e9s ult\u00e9rieurement<\/li>\n\n\n\n<li>A deux pas de la gare de Del\u00e9mont (transports publics \u00e0 favoriser)<\/li>\n\n\n\n<li>Accueil caf\u00e9 et repas de midi offert<\/li>\n\n\n\n<li>Attestation de participation remise le jour J<\/li>\n<\/ul>\n\n\n\n<h3 class=\"wp-block-heading has-text-align-center\"><strong>Toute l&#8217;\u00e9quipe de la HE-Arc Sant\u00e9 se r\u00e9jouit de vous retrouver lors de ce forum !<\/strong><\/h3>\n","protected":false},"author":59,"featured_media":81674,"template":"","he-arc_domain":[4],"he-arc_event_category":[],"class_list":["post-81667","he-arc_event","type-he-arc_event","status-publish","has-post-thumbnail","hentry","he-arc_domain-sante"],"acf":[],"yoast_head":"<!-- This site is optimized with the Yoast SEO plugin v26.6 - https:\/\/yoast.com\/wordpress\/plugins\/seo\/ -->\n<title>Forum PF 2026 - Haute-Ecole Arc<\/title>\n<meta name=\"description\" content=\"Le 29 octobre 2026, nous accueillerons les praticien-ne-s formateurs-trices de nos institutions de soin partenaires, lors du Forum PF 2026.\" \/>\n<meta name=\"robots\" content=\"index, follow, max-snippet:-1, max-image-preview:large, max-video-preview:-1\" \/>\n<link rel=\"canonical\" href=\"https:\/\/www.he-arc.ch\/en\/agenda\/forum-pf-2026\/\" \/>\n<meta property=\"og:locale\" content=\"en_US\" \/>\n<meta property=\"og:type\" content=\"article\" \/>\n<meta property=\"og:title\" content=\"Forum PF 2026 - Haute-Ecole Arc\" \/>\n<meta property=\"og:description\" content=\"Le 29 octobre 2026, nous accueillerons les praticien-ne-s formateurs-trices de nos institutions de soin partenaires, lors du Forum PF 2026.\" \/>\n<meta property=\"og:url\" content=\"https:\/\/www.he-arc.ch\/en\/agenda\/forum-pf-2026\/\" \/>\n<meta property=\"og:site_name\" content=\"Haute-Ecole Arc\" \/>\n<meta property=\"article:modified_time\" content=\"2026-04-17T07:00:33+00:00\" \/>\n<meta property=\"og:image\" content=\"https:\/\/www.he-arc.ch\/wp-content\/uploads\/2026\/04\/Forum-PF-2026.png\" \/>\n\t<meta property=\"og:image:width\" content=\"1440\" \/>\n\t<meta property=\"og:image:height\" content=\"460\" \/>\n\t<meta property=\"og:image:type\" content=\"image\/png\" \/>\n<meta name=\"twitter:card\" content=\"summary_large_image\" \/>\n<meta name=\"twitter:label1\" content=\"Est. reading time\" \/>\n\t<meta name=\"twitter:data1\" content=\"1 minute\" \/>\n<script type=\"application\/ld+json\" class=\"yoast-schema-graph\">{\"@context\":\"https:\/\/schema.org\",\"@graph\":[{\"@type\":\"WebPage\",\"@id\":\"https:\/\/www.he-arc.ch\/en\/agenda\/forum-pf-2026\/\",\"url\":\"https:\/\/www.he-arc.ch\/en\/agenda\/forum-pf-2026\/\",\"name\":\"Forum PF 2026 - Haute-Ecole Arc\",\"isPartOf\":{\"@id\":\"https:\/\/www.he-arc.ch\/en\/#website\"},\"primaryImageOfPage\":{\"@id\":\"https:\/\/www.he-arc.ch\/en\/agenda\/forum-pf-2026\/#primaryimage\"},\"image\":{\"@id\":\"https:\/\/www.he-arc.ch\/en\/agenda\/forum-pf-2026\/#primaryimage\"},\"thumbnailUrl\":\"https:\/\/www.he-arc.ch\/wp-content\/uploads\/2026\/04\/Forum-PF-2026.png\",\"datePublished\":\"2026-04-17T07:00:32+00:00\",\"dateModified\":\"2026-04-17T07:00:33+00:00\",\"description\":\"Le 29 octobre 2026, nous accueillerons les praticien-ne-s formateurs-trices de nos institutions de soin partenaires, lors du Forum PF 2026.\",\"breadcrumb\":{\"@id\":\"https:\/\/www.he-arc.ch\/en\/agenda\/forum-pf-2026\/#breadcrumb\"},\"inLanguage\":\"en-US\",\"potentialAction\":[{\"@type\":\"ReadAction\",\"target\":[\"https:\/\/www.he-arc.ch\/en\/agenda\/forum-pf-2026\/\"]}]},{\"@type\":\"ImageObject\",\"inLanguage\":\"en-US\",\"@id\":\"https:\/\/www.he-arc.ch\/en\/agenda\/forum-pf-2026\/#primaryimage\",\"url\":\"https:\/\/www.he-arc.ch\/wp-content\/uploads\/2026\/04\/Forum-PF-2026.png\",\"contentUrl\":\"https:\/\/www.he-arc.ch\/wp-content\/uploads\/2026\/04\/Forum-PF-2026.png\",\"width\":1440,\"height\":460,\"caption\":\"Forum PF 2026\"},{\"@type\":\"BreadcrumbList\",\"@id\":\"https:\/\/www.he-arc.ch\/en\/agenda\/forum-pf-2026\/#breadcrumb\",\"itemListElement\":[{\"@type\":\"ListItem\",\"position\":1,\"name\":\"Accueil\",\"item\":\"https:\/\/www.he-arc.ch\/en\/\"},{\"@type\":\"ListItem\",\"position\":2,\"name\":\"Events\",\"item\":\"https:\/\/www.he-arc.ch\/en\/events\/\"},{\"@type\":\"ListItem\",\"position\":3,\"name\":\"Forum PF 2026\"}]},{\"@type\":\"WebSite\",\"@id\":\"https:\/\/www.he-arc.ch\/en\/#website\",\"url\":\"https:\/\/www.he-arc.ch\/en\/\",\"name\":\"Haute-Ecole Arc\",\"description\":\"Haute \u00e9cole sp\u00e9cialis\u00e9e Suisse. Gestion, Ing\u00e9nierie, Sant\u00e9, Conservation-\u200brestauration.\",\"publisher\":{\"@id\":\"https:\/\/www.he-arc.ch\/en\/#organization\"},\"potentialAction\":[{\"@type\":\"SearchAction\",\"target\":{\"@type\":\"EntryPoint\",\"urlTemplate\":\"https:\/\/www.he-arc.ch\/en\/?s={search_term_string}\"},\"query-input\":{\"@type\":\"PropertyValueSpecification\",\"valueRequired\":true,\"valueName\":\"search_term_string\"}}],\"inLanguage\":\"en-US\"},{\"@type\":\"Organization\",\"@id\":\"https:\/\/www.he-arc.ch\/en\/#organization\",\"name\":\"Haute Ecole Arc\",\"url\":\"https:\/\/www.he-arc.ch\/en\/\",\"logo\":{\"@type\":\"ImageObject\",\"inLanguage\":\"en-US\",\"@id\":\"https:\/\/www.he-arc.ch\/en\/#\/schema\/logo\/image\/\",\"url\":\"https:\/\/www.he-arc.ch\/wp-content\/uploads\/2022\/01\/logo-he-arc.svg\",\"contentUrl\":\"https:\/\/www.he-arc.ch\/wp-content\/uploads\/2022\/01\/logo-he-arc.svg\",\"width\":140,\"height\":42,\"caption\":\"Haute Ecole Arc\"},\"image\":{\"@id\":\"https:\/\/www.he-arc.ch\/en\/#\/schema\/logo\/image\/\"}}]}<\/script>\n<!-- \/ Yoast SEO plugin. -->","yoast_head_json":{"title":"Forum PF 2026 - Haute-Ecole Arc","description":"Le 29 octobre 2026, nous accueillerons les praticien-ne-s formateurs-trices de nos institutions de soin partenaires, lors du Forum PF 2026.","robots":{"index":"index","follow":"follow","max-snippet":"max-snippet:-1","max-image-preview":"max-image-preview:large","max-video-preview":"max-video-preview:-1"},"canonical":"https:\/\/www.he-arc.ch\/en\/agenda\/forum-pf-2026\/","og_locale":"en_US","og_type":"article","og_title":"Forum PF 2026 - Haute-Ecole Arc","og_description":"Le 29 octobre 2026, nous accueillerons les praticien-ne-s formateurs-trices de nos institutions de soin partenaires, lors du Forum PF 2026.","og_url":"https:\/\/www.he-arc.ch\/en\/agenda\/forum-pf-2026\/","og_site_name":"Haute-Ecole Arc","article_modified_time":"2026-04-17T07:00:33+00:00","og_image":[{"width":1440,"height":460,"url":"https:\/\/www.he-arc.ch\/wp-content\/uploads\/2026\/04\/Forum-PF-2026.png","type":"image\/png"}],"twitter_card":"summary_large_image","twitter_misc":{"Est. reading time":"1 minute"},"schema":{"@context":"https:\/\/schema.org","@graph":[{"@type":"WebPage","@id":"https:\/\/www.he-arc.ch\/en\/agenda\/forum-pf-2026\/","url":"https:\/\/www.he-arc.ch\/en\/agenda\/forum-pf-2026\/","name":"Forum PF 2026 - Haute-Ecole Arc","isPartOf":{"@id":"https:\/\/www.he-arc.ch\/en\/#website"},"primaryImageOfPage":{"@id":"https:\/\/www.he-arc.ch\/en\/agenda\/forum-pf-2026\/#primaryimage"},"image":{"@id":"https:\/\/www.he-arc.ch\/en\/agenda\/forum-pf-2026\/#primaryimage"},"thumbnailUrl":"https:\/\/www.he-arc.ch\/wp-content\/uploads\/2026\/04\/Forum-PF-2026.png","datePublished":"2026-04-17T07:00:32+00:00","dateModified":"2026-04-17T07:00:33+00:00","description":"Le 29 octobre 2026, nous accueillerons les praticien-ne-s formateurs-trices de nos institutions de soin partenaires, lors du Forum PF 2026.","breadcrumb":{"@id":"https:\/\/www.he-arc.ch\/en\/agenda\/forum-pf-2026\/#breadcrumb"},"inLanguage":"en-US","potentialAction":[{"@type":"ReadAction","target":["https:\/\/www.he-arc.ch\/en\/agenda\/forum-pf-2026\/"]}]},{"@type":"ImageObject","inLanguage":"en-US","@id":"https:\/\/www.he-arc.ch\/en\/agenda\/forum-pf-2026\/#primaryimage","url":"https:\/\/www.he-arc.ch\/wp-content\/uploads\/2026\/04\/Forum-PF-2026.png","contentUrl":"https:\/\/www.he-arc.ch\/wp-content\/uploads\/2026\/04\/Forum-PF-2026.png","width":1440,"height":460,"caption":"Forum PF 2026"},{"@type":"BreadcrumbList","@id":"https:\/\/www.he-arc.ch\/en\/agenda\/forum-pf-2026\/#breadcrumb","itemListElement":[{"@type":"ListItem","position":1,"name":"Accueil","item":"https:\/\/www.he-arc.ch\/en\/"},{"@type":"ListItem","position":2,"name":"Events","item":"https:\/\/www.he-arc.ch\/en\/events\/"},{"@type":"ListItem","position":3,"name":"Forum PF 2026"}]},{"@type":"WebSite","@id":"https:\/\/www.he-arc.ch\/en\/#website","url":"https:\/\/www.he-arc.ch\/en\/","name":"Haute-Ecole Arc","description":"Haute \u00e9cole sp\u00e9cialis\u00e9e Suisse. Gestion, Ing\u00e9nierie, Sant\u00e9, Conservation-\u200brestauration.","publisher":{"@id":"https:\/\/www.he-arc.ch\/en\/#organization"},"potentialAction":[{"@type":"SearchAction","target":{"@type":"EntryPoint","urlTemplate":"https:\/\/www.he-arc.ch\/en\/?s={search_term_string}"},"query-input":{"@type":"PropertyValueSpecification","valueRequired":true,"valueName":"search_term_string"}}],"inLanguage":"en-US"},{"@type":"Organization","@id":"https:\/\/www.he-arc.ch\/en\/#organization","name":"Haute Ecole Arc","url":"https:\/\/www.he-arc.ch\/en\/","logo":{"@type":"ImageObject","inLanguage":"en-US","@id":"https:\/\/www.he-arc.ch\/en\/#\/schema\/logo\/image\/","url":"https:\/\/www.he-arc.ch\/wp-content\/uploads\/2022\/01\/logo-he-arc.svg","contentUrl":"https:\/\/www.he-arc.ch\/wp-content\/uploads\/2022\/01\/logo-he-arc.svg","width":140,"height":42,"caption":"Haute Ecole Arc"},"image":{"@id":"https:\/\/www.he-arc.ch\/en\/#\/schema\/logo\/image\/"}}]}},"_links":{"self":[{"href":"https:\/\/www.he-arc.ch\/en\/wp-json\/wp\/v2\/he-arc_event\/81667","targetHints":{"allow":["GET"]}}],"collection":[{"href":"https:\/\/www.he-arc.ch\/en\/wp-json\/wp\/v2\/he-arc_event"}],"about":[{"href":"https:\/\/www.he-arc.ch\/en\/wp-json\/wp\/v2\/types\/he-arc_event"}],"author":[{"embeddable":true,"href":"https:\/\/www.he-arc.ch\/en\/wp-json\/wp\/v2\/users\/59"}],"version-history":[{"count":5,"href":"https:\/\/www.he-arc.ch\/en\/wp-json\/wp\/v2\/he-arc_event\/81667\/revisions"}],"predecessor-version":[{"id":81686,"href":"https:\/\/www.he-arc.ch\/en\/wp-json\/wp\/v2\/he-arc_event\/81667\/revisions\/81686"}],"wp:featuredmedia":[{"embeddable":true,"href":"https:\/\/www.he-arc.ch\/en\/wp-json\/wp\/v2\/media\/81674"}],"wp:attachment":[{"href":"https:\/\/www.he-arc.ch\/en\/wp-json\/wp\/v2\/media?parent=81667"}],"wp:term":[{"taxonomy":"he-arc_domain","embeddable":true,"href":"https:\/\/www.he-arc.ch\/en\/wp-json\/wp\/v2\/he-arc_domain?post=81667"},{"taxonomy":"he-arc_event_category","embeddable":true,"href":"https:\/\/www.he-arc.ch\/en\/wp-json\/wp\/v2\/he-arc_event_category?post=81667"}],"curies":[{"name":"wp","href":"https:\/\/api.w.org\/{rel}","templated":true}]}}

<h2 class="wp-block-heading">Save the date : Forum PF 2026</h2>



<p>Nous nous réjouissons d&#8217;accueillir une nouvelle fois les praticiennes formatrices, praticiens formateurs et responsables de la formation de nos institutions de soins, lors du Forum PF 2026.</p>



<p>Cette année, la journée se déroulera sur notre campus de Delémont et aura pour thématique l&#8217;<strong>intelligence artificielle dans la formation</strong>.</p>



<p>Nous réunirons à nouveau les deux filières du domaine Santé, la physiothérapie et les soins infirmiers. La matinée comprendra des activités spécifiques aux filières, tandis que l&#8217;après-midi réunira l&#8217;ensemble des participant-e-s pour une table ronde.</p>



<h3 class="wp-block-heading">Informations pratiques</h3>



<ul class="wp-block-list">
<li>Programme détaillé et lien d&#8217;inscription communiqués ultérieurement</li>



<li>A deux pas de la gare de Delémont (transports publics à favoriser)</li>



<li>Accueil café et repas de midi offert</li>



<li>Attestation de participation remise le jour J</li>
</ul>



<h3 class="wp-block-heading has-text-align-center"><strong>Toute l&#8217;équipe de la HE-Arc Santé se réjouit de vous retrouver lors de ce forum !</strong></h3>

<!-- This site is optimized with the Yoast SEO plugin v26.6 - https://yoast.com/wordpress/plugins/seo/ -->
<title>Forum PF 2026 - Haute-Ecole Arc</title>
<meta name="description" content="Le 29 octobre 2026, nous accueillerons les praticien-ne-s formateurs-trices de nos institutions de soin partenaires, lors du Forum PF 2026." />
<meta name="robots" content="index, follow, max-snippet:-1, max-image-preview:large, max-video-preview:-1" />
<link rel="canonical" href="https://www.he-arc.ch/en/agenda/forum-pf-2026/" />
<meta property="og:locale" content="en_US" />
<meta property="og:type" content="article" />
<meta property="og:title" content="Forum PF 2026 - Haute-Ecole Arc" />
<meta property="og:description" content="Le 29 octobre 2026, nous accueillerons les praticien-ne-s formateurs-trices de nos institutions de soin partenaires, lors du Forum PF 2026." />
<meta property="og:url" content="https://www.he-arc.ch/en/agenda/forum-pf-2026/" />
<meta property="og:site_name" content="Haute-Ecole Arc" />
<meta property="article:modified_time" content="2026-04-17T07:00:33+00:00" />
<meta property="og:image" content="https://www.he-arc.ch/wp-content/uploads/2026/04/Forum-PF-2026.png" />
	<meta property="og:image:width" content="1440" />
	<meta property="og:image:height" content="460" />
	<meta property="og:image:type" content="image/png" />
<meta name="twitter:card" content="summary_large_image" />
<meta name="twitter:label1" content="Est. reading time" />
	<meta name="twitter:data1" content="1 minute" />
<script type="application/ld+json" class="yoast-schema-graph">{"@context":"https://schema.org","@graph":[{"@type":"WebPage","@id":"https://www.he-arc.ch/en/agenda/forum-pf-2026/","url":"https://www.he-arc.ch/en/agenda/forum-pf-2026/","name":"Forum PF 2026 - Haute-Ecole Arc","isPartOf":{"@id":"https://www.he-arc.ch/en/#website"},"primaryImageOfPage":{"@id":"https://www.he-arc.ch/en/agenda/forum-pf-2026/#primaryimage"},"image":{"@id":"https://www.he-arc.ch/en/agenda/forum-pf-2026/#primaryimage"},"thumbnailUrl":"https://www.he-arc.ch/wp-content/uploads/2026/04/Forum-PF-2026.png","datePublished":"2026-04-17T07:00:32+00:00","dateModified":"2026-04-17T07:00:33+00:00","description":"Le 29 octobre 2026, nous accueillerons les praticien-ne-s formateurs-trices de nos institutions de soin partenaires, lors du Forum PF 2026.","breadcrumb":{"@id":"https://www.he-arc.ch/en/agenda/forum-pf-2026/#breadcrumb"},"inLanguage":"en-US","potentialAction":[{"@type":"ReadAction","target":["https://www.he-arc.ch/en/agenda/forum-pf-2026/"]}]},{"@type":"ImageObject","inLanguage":"en-US","@id":"https://www.he-arc.ch/en/agenda/forum-pf-2026/#primaryimage","url":"https://www.he-arc.ch/wp-content/uploads/2026/04/Forum-PF-2026.png","contentUrl":"https://www.he-arc.ch/wp-content/uploads/2026/04/Forum-PF-2026.png","width":1440,"height":460,"caption":"Forum PF 2026"},{"@type":"BreadcrumbList","@id":"https://www.he-arc.ch/en/agenda/forum-pf-2026/#breadcrumb","itemListElement":[{"@type":"ListItem","position":1,"name":"Accueil","item":"https://www.he-arc.ch/en/"},{"@type":"ListItem","position":2,"name":"Events","item":"https://www.he-arc.ch/en/events/"},{"@type":"ListItem","position":3,"name":"Forum PF 2026"}]},{"@type":"WebSite","@id":"https://www.he-arc.ch/en/#website","url":"https://www.he-arc.ch/en/","name":"Haute-Ecole Arc","description":"Haute école spécialisée Suisse. Gestion, Ingénierie, Santé, Conservation-​restauration.","publisher":{"@id":"https://www.he-arc.ch/en/#organization"},"potentialAction":[{"@type":"SearchAction","target":{"@type":"EntryPoint","urlTemplate":"https://www.he-arc.ch/en/?s={search_term_string}"},"query-input":{"@type":"PropertyValueSpecification","valueRequired":true,"valueName":"search_term_string"}}],"inLanguage":"en-US"},{"@type":"Organization","@id":"https://www.he-arc.ch/en/#organization","name":"Haute Ecole Arc","url":"https://www.he-arc.ch/en/","logo":{"@type":"ImageObject","inLanguage":"en-US","@id":"https://www.he-arc.ch/en/#/schema/logo/image/","url":"https://www.he-arc.ch/wp-content/uploads/2022/01/logo-he-arc.svg","contentUrl":"https://www.he-arc.ch/wp-content/uploads/2022/01/logo-he-arc.svg","width":140,"height":42,"caption":"Haute Ecole Arc"},"image":{"@id":"https://www.he-arc.ch/en/#/schema/logo/image/"}}]}</script>
<!-- / Yoast SEO plugin. -->

Haute école spécialisée Suisse. Gestion, Ingénierie, Santé, Conservation-​restauration.
