{"id":81956,"date":"2026-04-27T13:15:08","date_gmt":"2026-04-27T11:15:08","guid":{"rendered":"https:\/\/www.he-arc.ch\/?post_type=he-arc_event&#038;p=81956"},"modified":"2026-04-27T13:30:10","modified_gmt":"2026-04-27T11:30:10","slug":"remise-des-titres-des-formations-postgrades","status":"publish","type":"he-arc_event","link":"https:\/\/www.he-arc.ch\/en\/agenda\/remise-des-titres-des-formations-postgrades\/","title":{"rendered":"Remise des titres des Formations postgrades"},"content":{"rendered":"\n<h3 class=\"wp-block-heading\">C\u00e9r\u00e9monie de remise des titres des formations postgrades<\/h3>\n\n\n\n<p>Nous avons le plaisir de vous communiquer la date pour la c\u00e9r\u00e9monie de remise des titres des formations postgrades suivantes :<\/p>\n\n\n\n<ul class=\"wp-block-list\">\n<li>CAS HES-SO en Soins palliatifs<\/li>\n\n\n\n<li>CAS HES-SO en Soins palliatifs avanc\u00e9s<\/li>\n\n\n\n<li>DAS HES-SO en Soins palliatifs sp\u00e9cialis\u00e9s<\/li>\n\n\n\n<li>CAS HES-SO en Conduite op\u00e9rationnelle des structures socio-sanitaires<\/li>\n<\/ul>\n\n\n\n<p>Cette c\u00e9r\u00e9monie se tiendra le <strong>mardi 23 juin 2026 \u00e0 18h<\/strong>, dans les locaux de la Haute Ecole Arc (Campus Arc 1 &#8211; auditoire 224 &#8211; 2\u00e8me \u00e9tage) \u00e0 Neuch\u00e2tel, et sera suivie d&#8217;un ap\u00e9ritif convivial.<\/p>\n\n\n\n<h3 class=\"wp-block-heading\">Formulaire d&#8217;inscription<\/h3>\n\n\n\n<p>Afin de pr\u00e9parer au mieux cet \u00e9v\u00e9nement, nous vous remercions de compl\u00e9ter le formulaire suivant : <a href=\"https:\/\/forms.cloud.microsoft\/pages\/responsepage.aspx?id=fX07WxnhBU2QIvd18uSOlvFYWK6iI2VNtwI3fBVkKdpUNjUwMEM1UVBGSUc3S0Y3U1M3SUdWSlhSUi4u&amp;route=shorturl\">Haute Ecole Arc Sant\u00e9 \/ Remise des titres du 23 juin 2026 \u00e0 18h<\/a><\/p>\n\n\n\n<p>Vous \u00eates bien entendu libre de venir accompagn\u00e9-e, sans limitation du nombre de personnes.<\/p>\n\n\n\n<p>Le programme d\u00e9taill\u00e9 vous seras transmis environ deux semaines avant la c\u00e9r\u00e9monie.<\/p>\n\n\n\n<p><strong>Nous nous r\u00e9jouissons de partager ce moment avec vous !<\/strong><\/p>\n\n\n\n<p><\/p>\n","protected":false},"author":59,"featured_media":81958,"template":"","he-arc_domain":[4],"he-arc_event_category":[],"class_list":["post-81956","he-arc_event","type-he-arc_event","status-publish","has-post-thumbnail","hentry","he-arc_domain-sante"],"acf":[],"yoast_head":"<!-- This site is optimized with the Yoast SEO plugin v26.6 - https:\/\/yoast.com\/wordpress\/plugins\/seo\/ -->\n<title>Remise des titres des Formations postgrades - Haute-Ecole Arc<\/title>\n<meta name=\"description\" content=\"La c\u00e9r\u00e9monie de remise des titres des formations postgrades de la HE-Arc Sant\u00e9 se d\u00e9roulera le 23 juin prochain, \u00e0 Neuch\u00e2tel.\" \/>\n<meta name=\"robots\" content=\"index, follow, max-snippet:-1, max-image-preview:large, max-video-preview:-1\" \/>\n<link rel=\"canonical\" href=\"https:\/\/www.he-arc.ch\/en\/agenda\/remise-des-titres-des-formations-postgrades\/\" \/>\n<meta property=\"og:locale\" content=\"en_US\" \/>\n<meta property=\"og:type\" content=\"article\" \/>\n<meta property=\"og:title\" content=\"Remise des titres des Formations postgrades - Haute-Ecole Arc\" \/>\n<meta property=\"og:description\" content=\"La c\u00e9r\u00e9monie de remise des titres des formations postgrades de la HE-Arc Sant\u00e9 se d\u00e9roulera le 23 juin prochain, \u00e0 Neuch\u00e2tel.\" \/>\n<meta property=\"og:url\" content=\"https:\/\/www.he-arc.ch\/en\/agenda\/remise-des-titres-des-formations-postgrades\/\" \/>\n<meta property=\"og:site_name\" content=\"Haute-Ecole Arc\" \/>\n<meta property=\"article:modified_time\" content=\"2026-04-27T11:30:10+00:00\" \/>\n<meta property=\"og:image\" content=\"https:\/\/www.he-arc.ch\/wp-content\/uploads\/2026\/04\/Ceremonie-CAS-soins-palliatifs-2024.jpg\" \/>\n\t<meta property=\"og:image:width\" content=\"1600\" \/>\n\t<meta property=\"og:image:height\" content=\"590\" \/>\n\t<meta property=\"og:image:type\" content=\"image\/jpeg\" \/>\n<meta name=\"twitter:card\" content=\"summary_large_image\" \/>\n<meta name=\"twitter:label1\" content=\"Est. reading time\" \/>\n\t<meta name=\"twitter:data1\" content=\"1 minute\" \/>\n<script type=\"application\/ld+json\" class=\"yoast-schema-graph\">{\"@context\":\"https:\/\/schema.org\",\"@graph\":[{\"@type\":\"WebPage\",\"@id\":\"https:\/\/www.he-arc.ch\/en\/agenda\/remise-des-titres-des-formations-postgrades\/\",\"url\":\"https:\/\/www.he-arc.ch\/en\/agenda\/remise-des-titres-des-formations-postgrades\/\",\"name\":\"Remise des titres des Formations postgrades - Haute-Ecole Arc\",\"isPartOf\":{\"@id\":\"https:\/\/www.he-arc.ch\/en\/#website\"},\"primaryImageOfPage\":{\"@id\":\"https:\/\/www.he-arc.ch\/en\/agenda\/remise-des-titres-des-formations-postgrades\/#primaryimage\"},\"image\":{\"@id\":\"https:\/\/www.he-arc.ch\/en\/agenda\/remise-des-titres-des-formations-postgrades\/#primaryimage\"},\"thumbnailUrl\":\"https:\/\/www.he-arc.ch\/wp-content\/uploads\/2026\/04\/Ceremonie-CAS-soins-palliatifs-2024.jpg\",\"datePublished\":\"2026-04-27T11:15:08+00:00\",\"dateModified\":\"2026-04-27T11:30:10+00:00\",\"description\":\"La c\u00e9r\u00e9monie de remise des titres des formations postgrades de la HE-Arc Sant\u00e9 se d\u00e9roulera le 23 juin prochain, \u00e0 Neuch\u00e2tel.\",\"breadcrumb\":{\"@id\":\"https:\/\/www.he-arc.ch\/en\/agenda\/remise-des-titres-des-formations-postgrades\/#breadcrumb\"},\"inLanguage\":\"en-US\",\"potentialAction\":[{\"@type\":\"ReadAction\",\"target\":[\"https:\/\/www.he-arc.ch\/en\/agenda\/remise-des-titres-des-formations-postgrades\/\"]}]},{\"@type\":\"ImageObject\",\"inLanguage\":\"en-US\",\"@id\":\"https:\/\/www.he-arc.ch\/en\/agenda\/remise-des-titres-des-formations-postgrades\/#primaryimage\",\"url\":\"https:\/\/www.he-arc.ch\/wp-content\/uploads\/2026\/04\/Ceremonie-CAS-soins-palliatifs-2024.jpg\",\"contentUrl\":\"https:\/\/www.he-arc.ch\/wp-content\/uploads\/2026\/04\/Ceremonie-CAS-soins-palliatifs-2024.jpg\",\"width\":1600,\"height\":590},{\"@type\":\"BreadcrumbList\",\"@id\":\"https:\/\/www.he-arc.ch\/en\/agenda\/remise-des-titres-des-formations-postgrades\/#breadcrumb\",\"itemListElement\":[{\"@type\":\"ListItem\",\"position\":1,\"name\":\"Accueil\",\"item\":\"https:\/\/www.he-arc.ch\/en\/\"},{\"@type\":\"ListItem\",\"position\":2,\"name\":\"Events\",\"item\":\"https:\/\/www.he-arc.ch\/en\/events\/\"},{\"@type\":\"ListItem\",\"position\":3,\"name\":\"Remise des titres des Formations postgrades\"}]},{\"@type\":\"WebSite\",\"@id\":\"https:\/\/www.he-arc.ch\/en\/#website\",\"url\":\"https:\/\/www.he-arc.ch\/en\/\",\"name\":\"Haute-Ecole Arc\",\"description\":\"Haute \u00e9cole sp\u00e9cialis\u00e9e Suisse. Gestion, Ing\u00e9nierie, Sant\u00e9, Conservation-\u200brestauration.\",\"publisher\":{\"@id\":\"https:\/\/www.he-arc.ch\/en\/#organization\"},\"potentialAction\":[{\"@type\":\"SearchAction\",\"target\":{\"@type\":\"EntryPoint\",\"urlTemplate\":\"https:\/\/www.he-arc.ch\/en\/?s={search_term_string}\"},\"query-input\":{\"@type\":\"PropertyValueSpecification\",\"valueRequired\":true,\"valueName\":\"search_term_string\"}}],\"inLanguage\":\"en-US\"},{\"@type\":\"Organization\",\"@id\":\"https:\/\/www.he-arc.ch\/en\/#organization\",\"name\":\"Haute Ecole Arc\",\"url\":\"https:\/\/www.he-arc.ch\/en\/\",\"logo\":{\"@type\":\"ImageObject\",\"inLanguage\":\"en-US\",\"@id\":\"https:\/\/www.he-arc.ch\/en\/#\/schema\/logo\/image\/\",\"url\":\"https:\/\/www.he-arc.ch\/wp-content\/uploads\/2022\/01\/logo-he-arc.svg\",\"contentUrl\":\"https:\/\/www.he-arc.ch\/wp-content\/uploads\/2022\/01\/logo-he-arc.svg\",\"width\":140,\"height\":42,\"caption\":\"Haute Ecole Arc\"},\"image\":{\"@id\":\"https:\/\/www.he-arc.ch\/en\/#\/schema\/logo\/image\/\"}}]}<\/script>\n<!-- \/ Yoast SEO plugin. -->","yoast_head_json":{"title":"Remise des titres des Formations postgrades - Haute-Ecole Arc","description":"La c\u00e9r\u00e9monie de remise des titres des formations postgrades de la HE-Arc Sant\u00e9 se d\u00e9roulera le 23 juin prochain, \u00e0 Neuch\u00e2tel.","robots":{"index":"index","follow":"follow","max-snippet":"max-snippet:-1","max-image-preview":"max-image-preview:large","max-video-preview":"max-video-preview:-1"},"canonical":"https:\/\/www.he-arc.ch\/en\/agenda\/remise-des-titres-des-formations-postgrades\/","og_locale":"en_US","og_type":"article","og_title":"Remise des titres des Formations postgrades - Haute-Ecole Arc","og_description":"La c\u00e9r\u00e9monie de remise des titres des formations postgrades de la HE-Arc Sant\u00e9 se d\u00e9roulera le 23 juin prochain, \u00e0 Neuch\u00e2tel.","og_url":"https:\/\/www.he-arc.ch\/en\/agenda\/remise-des-titres-des-formations-postgrades\/","og_site_name":"Haute-Ecole Arc","article_modified_time":"2026-04-27T11:30:10+00:00","og_image":[{"width":1600,"height":590,"url":"https:\/\/www.he-arc.ch\/wp-content\/uploads\/2026\/04\/Ceremonie-CAS-soins-palliatifs-2024.jpg","type":"image\/jpeg"}],"twitter_card":"summary_large_image","twitter_misc":{"Est. reading time":"1 minute"},"schema":{"@context":"https:\/\/schema.org","@graph":[{"@type":"WebPage","@id":"https:\/\/www.he-arc.ch\/en\/agenda\/remise-des-titres-des-formations-postgrades\/","url":"https:\/\/www.he-arc.ch\/en\/agenda\/remise-des-titres-des-formations-postgrades\/","name":"Remise des titres des Formations postgrades - Haute-Ecole Arc","isPartOf":{"@id":"https:\/\/www.he-arc.ch\/en\/#website"},"primaryImageOfPage":{"@id":"https:\/\/www.he-arc.ch\/en\/agenda\/remise-des-titres-des-formations-postgrades\/#primaryimage"},"image":{"@id":"https:\/\/www.he-arc.ch\/en\/agenda\/remise-des-titres-des-formations-postgrades\/#primaryimage"},"thumbnailUrl":"https:\/\/www.he-arc.ch\/wp-content\/uploads\/2026\/04\/Ceremonie-CAS-soins-palliatifs-2024.jpg","datePublished":"2026-04-27T11:15:08+00:00","dateModified":"2026-04-27T11:30:10+00:00","description":"La c\u00e9r\u00e9monie de remise des titres des formations postgrades de la HE-Arc Sant\u00e9 se d\u00e9roulera le 23 juin prochain, \u00e0 Neuch\u00e2tel.","breadcrumb":{"@id":"https:\/\/www.he-arc.ch\/en\/agenda\/remise-des-titres-des-formations-postgrades\/#breadcrumb"},"inLanguage":"en-US","potentialAction":[{"@type":"ReadAction","target":["https:\/\/www.he-arc.ch\/en\/agenda\/remise-des-titres-des-formations-postgrades\/"]}]},{"@type":"ImageObject","inLanguage":"en-US","@id":"https:\/\/www.he-arc.ch\/en\/agenda\/remise-des-titres-des-formations-postgrades\/#primaryimage","url":"https:\/\/www.he-arc.ch\/wp-content\/uploads\/2026\/04\/Ceremonie-CAS-soins-palliatifs-2024.jpg","contentUrl":"https:\/\/www.he-arc.ch\/wp-content\/uploads\/2026\/04\/Ceremonie-CAS-soins-palliatifs-2024.jpg","width":1600,"height":590},{"@type":"BreadcrumbList","@id":"https:\/\/www.he-arc.ch\/en\/agenda\/remise-des-titres-des-formations-postgrades\/#breadcrumb","itemListElement":[{"@type":"ListItem","position":1,"name":"Accueil","item":"https:\/\/www.he-arc.ch\/en\/"},{"@type":"ListItem","position":2,"name":"Events","item":"https:\/\/www.he-arc.ch\/en\/events\/"},{"@type":"ListItem","position":3,"name":"Remise des titres des Formations postgrades"}]},{"@type":"WebSite","@id":"https:\/\/www.he-arc.ch\/en\/#website","url":"https:\/\/www.he-arc.ch\/en\/","name":"Haute-Ecole Arc","description":"Haute \u00e9cole sp\u00e9cialis\u00e9e Suisse. Gestion, Ing\u00e9nierie, Sant\u00e9, Conservation-\u200brestauration.","publisher":{"@id":"https:\/\/www.he-arc.ch\/en\/#organization"},"potentialAction":[{"@type":"SearchAction","target":{"@type":"EntryPoint","urlTemplate":"https:\/\/www.he-arc.ch\/en\/?s={search_term_string}"},"query-input":{"@type":"PropertyValueSpecification","valueRequired":true,"valueName":"search_term_string"}}],"inLanguage":"en-US"},{"@type":"Organization","@id":"https:\/\/www.he-arc.ch\/en\/#organization","name":"Haute Ecole Arc","url":"https:\/\/www.he-arc.ch\/en\/","logo":{"@type":"ImageObject","inLanguage":"en-US","@id":"https:\/\/www.he-arc.ch\/en\/#\/schema\/logo\/image\/","url":"https:\/\/www.he-arc.ch\/wp-content\/uploads\/2022\/01\/logo-he-arc.svg","contentUrl":"https:\/\/www.he-arc.ch\/wp-content\/uploads\/2022\/01\/logo-he-arc.svg","width":140,"height":42,"caption":"Haute Ecole Arc"},"image":{"@id":"https:\/\/www.he-arc.ch\/en\/#\/schema\/logo\/image\/"}}]}},"_links":{"self":[{"href":"https:\/\/www.he-arc.ch\/en\/wp-json\/wp\/v2\/he-arc_event\/81956","targetHints":{"allow":["GET"]}}],"collection":[{"href":"https:\/\/www.he-arc.ch\/en\/wp-json\/wp\/v2\/he-arc_event"}],"about":[{"href":"https:\/\/www.he-arc.ch\/en\/wp-json\/wp\/v2\/types\/he-arc_event"}],"author":[{"embeddable":true,"href":"https:\/\/www.he-arc.ch\/en\/wp-json\/wp\/v2\/users\/59"}],"version-history":[{"count":4,"href":"https:\/\/www.he-arc.ch\/en\/wp-json\/wp\/v2\/he-arc_event\/81956\/revisions"}],"predecessor-version":[{"id":81962,"href":"https:\/\/www.he-arc.ch\/en\/wp-json\/wp\/v2\/he-arc_event\/81956\/revisions\/81962"}],"wp:featuredmedia":[{"embeddable":true,"href":"https:\/\/www.he-arc.ch\/en\/wp-json\/wp\/v2\/media\/81958"}],"wp:attachment":[{"href":"https:\/\/www.he-arc.ch\/en\/wp-json\/wp\/v2\/media?parent=81956"}],"wp:term":[{"taxonomy":"he-arc_domain","embeddable":true,"href":"https:\/\/www.he-arc.ch\/en\/wp-json\/wp\/v2\/he-arc_domain?post=81956"},{"taxonomy":"he-arc_event_category","embeddable":true,"href":"https:\/\/www.he-arc.ch\/en\/wp-json\/wp\/v2\/he-arc_event_category?post=81956"}],"curies":[{"name":"wp","href":"https:\/\/api.w.org\/{rel}","templated":true}]}}

<h3 class="wp-block-heading">Cérémonie de remise des titres des formations postgrades</h3>



<p>Nous avons le plaisir de vous communiquer la date pour la cérémonie de remise des titres des formations postgrades suivantes :</p>



<ul class="wp-block-list">
<li>CAS HES-SO en Soins palliatifs</li>



<li>CAS HES-SO en Soins palliatifs avancés</li>



<li>DAS HES-SO en Soins palliatifs spécialisés</li>



<li>CAS HES-SO en Conduite opérationnelle des structures socio-sanitaires</li>
</ul>



<p>Cette cérémonie se tiendra le <strong>mardi 23 juin 2026 à 18h</strong>, dans les locaux de la Haute Ecole Arc (Campus Arc 1 &#8211; auditoire 224 &#8211; 2ème étage) à Neuchâtel, et sera suivie d&#8217;un apéritif convivial.</p>



<h3 class="wp-block-heading">Formulaire d&#8217;inscription</h3>



<p>Afin de préparer au mieux cet événement, nous vous remercions de compléter le formulaire suivant : <a href="https://forms.cloud.microsoft/pages/responsepage.aspx?id=fX07WxnhBU2QIvd18uSOlvFYWK6iI2VNtwI3fBVkKdpUNjUwMEM1UVBGSUc3S0Y3U1M3SUdWSlhSUi4u&amp;route=shorturl">Haute Ecole Arc Santé / Remise des titres du 23 juin 2026 à 18h</a></p>



<p>Vous êtes bien entendu libre de venir accompagné-e, sans limitation du nombre de personnes.</p>



<p>Le programme détaillé vous seras transmis environ deux semaines avant la cérémonie.</p>



<p><strong>Nous nous réjouissons de partager ce moment avec vous !</strong></p>



<p></p>

<!-- This site is optimized with the Yoast SEO plugin v26.6 - https://yoast.com/wordpress/plugins/seo/ -->
<title>Remise des titres des Formations postgrades - Haute-Ecole Arc</title>
<meta name="description" content="La cérémonie de remise des titres des formations postgrades de la HE-Arc Santé se déroulera le 23 juin prochain, à Neuchâtel." />
<meta name="robots" content="index, follow, max-snippet:-1, max-image-preview:large, max-video-preview:-1" />
<link rel="canonical" href="https://www.he-arc.ch/en/agenda/remise-des-titres-des-formations-postgrades/" />
<meta property="og:locale" content="en_US" />
<meta property="og:type" content="article" />
<meta property="og:title" content="Remise des titres des Formations postgrades - Haute-Ecole Arc" />
<meta property="og:description" content="La cérémonie de remise des titres des formations postgrades de la HE-Arc Santé se déroulera le 23 juin prochain, à Neuchâtel." />
<meta property="og:url" content="https://www.he-arc.ch/en/agenda/remise-des-titres-des-formations-postgrades/" />
<meta property="og:site_name" content="Haute-Ecole Arc" />
<meta property="article:modified_time" content="2026-04-27T11:30:10+00:00" />
<meta property="og:image" content="https://www.he-arc.ch/wp-content/uploads/2026/04/Ceremonie-CAS-soins-palliatifs-2024.jpg" />
	<meta property="og:image:width" content="1600" />
	<meta property="og:image:height" content="590" />
	<meta property="og:image:type" content="image/jpeg" />
<meta name="twitter:card" content="summary_large_image" />
<meta name="twitter:label1" content="Est. reading time" />
	<meta name="twitter:data1" content="1 minute" />
<script type="application/ld+json" class="yoast-schema-graph">{"@context":"https://schema.org","@graph":[{"@type":"WebPage","@id":"https://www.he-arc.ch/en/agenda/remise-des-titres-des-formations-postgrades/","url":"https://www.he-arc.ch/en/agenda/remise-des-titres-des-formations-postgrades/","name":"Remise des titres des Formations postgrades - Haute-Ecole Arc","isPartOf":{"@id":"https://www.he-arc.ch/en/#website"},"primaryImageOfPage":{"@id":"https://www.he-arc.ch/en/agenda/remise-des-titres-des-formations-postgrades/#primaryimage"},"image":{"@id":"https://www.he-arc.ch/en/agenda/remise-des-titres-des-formations-postgrades/#primaryimage"},"thumbnailUrl":"https://www.he-arc.ch/wp-content/uploads/2026/04/Ceremonie-CAS-soins-palliatifs-2024.jpg","datePublished":"2026-04-27T11:15:08+00:00","dateModified":"2026-04-27T11:30:10+00:00","description":"La cérémonie de remise des titres des formations postgrades de la HE-Arc Santé se déroulera le 23 juin prochain, à Neuchâtel.","breadcrumb":{"@id":"https://www.he-arc.ch/en/agenda/remise-des-titres-des-formations-postgrades/#breadcrumb"},"inLanguage":"en-US","potentialAction":[{"@type":"ReadAction","target":["https://www.he-arc.ch/en/agenda/remise-des-titres-des-formations-postgrades/"]}]},{"@type":"ImageObject","inLanguage":"en-US","@id":"https://www.he-arc.ch/en/agenda/remise-des-titres-des-formations-postgrades/#primaryimage","url":"https://www.he-arc.ch/wp-content/uploads/2026/04/Ceremonie-CAS-soins-palliatifs-2024.jpg","contentUrl":"https://www.he-arc.ch/wp-content/uploads/2026/04/Ceremonie-CAS-soins-palliatifs-2024.jpg","width":1600,"height":590},{"@type":"BreadcrumbList","@id":"https://www.he-arc.ch/en/agenda/remise-des-titres-des-formations-postgrades/#breadcrumb","itemListElement":[{"@type":"ListItem","position":1,"name":"Accueil","item":"https://www.he-arc.ch/en/"},{"@type":"ListItem","position":2,"name":"Events","item":"https://www.he-arc.ch/en/events/"},{"@type":"ListItem","position":3,"name":"Remise des titres des Formations postgrades"}]},{"@type":"WebSite","@id":"https://www.he-arc.ch/en/#website","url":"https://www.he-arc.ch/en/","name":"Haute-Ecole Arc","description":"Haute école spécialisée Suisse. Gestion, Ingénierie, Santé, Conservation-​restauration.","publisher":{"@id":"https://www.he-arc.ch/en/#organization"},"potentialAction":[{"@type":"SearchAction","target":{"@type":"EntryPoint","urlTemplate":"https://www.he-arc.ch/en/?s={search_term_string}"},"query-input":{"@type":"PropertyValueSpecification","valueRequired":true,"valueName":"search_term_string"}}],"inLanguage":"en-US"},{"@type":"Organization","@id":"https://www.he-arc.ch/en/#organization","name":"Haute Ecole Arc","url":"https://www.he-arc.ch/en/","logo":{"@type":"ImageObject","inLanguage":"en-US","@id":"https://www.he-arc.ch/en/#/schema/logo/image/","url":"https://www.he-arc.ch/wp-content/uploads/2022/01/logo-he-arc.svg","contentUrl":"https://www.he-arc.ch/wp-content/uploads/2022/01/logo-he-arc.svg","width":140,"height":42,"caption":"Haute Ecole Arc"},"image":{"@id":"https://www.he-arc.ch/en/#/schema/logo/image/"}}]}</script>
<!-- / Yoast SEO plugin. -->

La cérémonie de remise des titres des formations postgrades de la HE-Arc Santé se déroulera le 23 juin prochain, à Neuchâtel.

Haute école spécialisée Suisse. Gestion, Ingénierie, Santé, Conservation-​restauration.
