{"id":49850,"date":"2023-10-06T10:06:52","date_gmt":"2023-10-06T09:06:52","guid":{"rendered":"https:\/\/www.he-arc.ch\/?post_type=he-arc_publication&#038;p=49850"},"modified":"2023-10-06T10:06:54","modified_gmt":"2023-10-06T09:06:54","slug":"le-management-de-la-frontiere-dans-lindustrie-des-machines","status":"publish","type":"he-arc_publication","link":"https:\/\/www.he-arc.ch\/en\/publications\/le-management-de-la-frontiere-dans-lindustrie-des-machines\/","title":{"rendered":"Le management de la fronti\u00e8re dans l\u2019industrie des machines\u00a0"},"content":{"rendered":"\n<p>in Ivan Sainsaulieu &amp; Jean-Philippe Leresche (dir.), <em>C\u2019est qui ton chef\u00a0?!.<\/em> <em>Sociologie du leadership en Suisse<\/em>, Presses polytechniques et universitaires romandes (PPUR), Lausanne, pp. 211-222<\/p>\n\n\n\n<p>Aris Martinelli<\/p>\n\n\n\n<ul class=\"wp-block-list\">\n<li><a href=\"https:\/\/www.epflpress.org\/produit\/1468\/9782889155477\/c-est-qui-ton-chef\" target=\"_blank\" rel=\"noreferrer noopener\">En savoir plus<\/a><\/li>\n<\/ul>\n","protected":false},"author":12,"featured_media":7646,"template":"","he-arc_domain":[2],"class_list":["post-49850","he-arc_publication","type-he-arc_publication","status-publish","has-post-thumbnail","hentry","he-arc_domain-gestion"],"acf":[],"yoast_head":"<!-- This site is optimized with the Yoast SEO plugin v26.6 - https:\/\/yoast.com\/wordpress\/plugins\/seo\/ -->\n<title>Le management de la fronti\u00e8re dans l\u2019industrie des machines\u00a0 - Haute-Ecole Arc<\/title>\n<meta name=\"robots\" content=\"index, follow, max-snippet:-1, max-image-preview:large, max-video-preview:-1\" \/>\n<link rel=\"canonical\" href=\"https:\/\/www.he-arc.ch\/en\/publications\/le-management-de-la-frontiere-dans-lindustrie-des-machines\/\" \/>\n<meta property=\"og:locale\" content=\"en_US\" \/>\n<meta property=\"og:type\" content=\"article\" \/>\n<meta property=\"og:title\" content=\"Le management de la fronti\u00e8re dans l\u2019industrie des machines\u00a0 - Haute-Ecole Arc\" \/>\n<meta property=\"og:description\" content=\"in Ivan Sainsaulieu &amp; Jean-Philippe Leresche (dir.), C\u2019est qui ton chef\u00a0?!. Sociologie du leadership en Suisse, Presses polytechniques et universitaires romandes (PPUR), Lausanne, pp. 211-222 Aris Martinelli\" \/>\n<meta property=\"og:url\" content=\"https:\/\/www.he-arc.ch\/en\/publications\/le-management-de-la-frontiere-dans-lindustrie-des-machines\/\" \/>\n<meta property=\"og:site_name\" content=\"Haute-Ecole Arc\" \/>\n<meta property=\"article:modified_time\" content=\"2023-10-06T09:06:54+00:00\" \/>\n<meta property=\"og:image\" content=\"https:\/\/www.he-arc.ch\/wp-content\/uploads\/2021\/11\/Livres-scaled.jpg\" \/>\n\t<meta property=\"og:image:width\" content=\"2560\" \/>\n\t<meta property=\"og:image:height\" content=\"1920\" \/>\n\t<meta property=\"og:image:type\" content=\"image\/jpeg\" \/>\n<meta name=\"twitter:card\" content=\"summary_large_image\" \/>\n<meta name=\"twitter:label1\" content=\"Est. reading time\" \/>\n\t<meta name=\"twitter:data1\" content=\"1 minute\" \/>\n<script type=\"application\/ld+json\" class=\"yoast-schema-graph\">{\"@context\":\"https:\/\/schema.org\",\"@graph\":[{\"@type\":\"WebPage\",\"@id\":\"https:\/\/www.he-arc.ch\/en\/publications\/le-management-de-la-frontiere-dans-lindustrie-des-machines\/\",\"url\":\"https:\/\/www.he-arc.ch\/en\/publications\/le-management-de-la-frontiere-dans-lindustrie-des-machines\/\",\"name\":\"Le management de la fronti\u00e8re dans l\u2019industrie des machines\u00a0 - Haute-Ecole Arc\",\"isPartOf\":{\"@id\":\"https:\/\/www.he-arc.ch\/en\/#website\"},\"primaryImageOfPage\":{\"@id\":\"https:\/\/www.he-arc.ch\/en\/publications\/le-management-de-la-frontiere-dans-lindustrie-des-machines\/#primaryimage\"},\"image\":{\"@id\":\"https:\/\/www.he-arc.ch\/en\/publications\/le-management-de-la-frontiere-dans-lindustrie-des-machines\/#primaryimage\"},\"thumbnailUrl\":\"https:\/\/www.he-arc.ch\/wp-content\/uploads\/2021\/11\/Livres-scaled.jpg\",\"datePublished\":\"2023-10-06T09:06:52+00:00\",\"dateModified\":\"2023-10-06T09:06:54+00:00\",\"breadcrumb\":{\"@id\":\"https:\/\/www.he-arc.ch\/en\/publications\/le-management-de-la-frontiere-dans-lindustrie-des-machines\/#breadcrumb\"},\"inLanguage\":\"en-US\",\"potentialAction\":[{\"@type\":\"ReadAction\",\"target\":[\"https:\/\/www.he-arc.ch\/en\/publications\/le-management-de-la-frontiere-dans-lindustrie-des-machines\/\"]}]},{\"@type\":\"ImageObject\",\"inLanguage\":\"en-US\",\"@id\":\"https:\/\/www.he-arc.ch\/en\/publications\/le-management-de-la-frontiere-dans-lindustrie-des-machines\/#primaryimage\",\"url\":\"https:\/\/www.he-arc.ch\/wp-content\/uploads\/2021\/11\/Livres-scaled.jpg\",\"contentUrl\":\"https:\/\/www.he-arc.ch\/wp-content\/uploads\/2021\/11\/Livres-scaled.jpg\",\"width\":2560,\"height\":1920,\"caption\":\"Rang\u00e9es de livres sur une \u00e9tag\u00e8re\"},{\"@type\":\"BreadcrumbList\",\"@id\":\"https:\/\/www.he-arc.ch\/en\/publications\/le-management-de-la-frontiere-dans-lindustrie-des-machines\/#breadcrumb\",\"itemListElement\":[{\"@type\":\"ListItem\",\"position\":1,\"name\":\"Accueil\",\"item\":\"https:\/\/www.he-arc.ch\/en\/\"},{\"@type\":\"ListItem\",\"position\":2,\"name\":\"Publications\",\"item\":\"https:\/\/www.he-arc.ch\/en\/publications\/\"},{\"@type\":\"ListItem\",\"position\":3,\"name\":\"Le management de la fronti\u00e8re dans l\u2019industrie des machines\u00a0\"}]},{\"@type\":\"WebSite\",\"@id\":\"https:\/\/www.he-arc.ch\/en\/#website\",\"url\":\"https:\/\/www.he-arc.ch\/en\/\",\"name\":\"Haute-Ecole Arc\",\"description\":\"Haute \u00e9cole sp\u00e9cialis\u00e9e Suisse. Gestion, Ing\u00e9nierie, Sant\u00e9, Conservation-\u200brestauration.\",\"publisher\":{\"@id\":\"https:\/\/www.he-arc.ch\/en\/#organization\"},\"potentialAction\":[{\"@type\":\"SearchAction\",\"target\":{\"@type\":\"EntryPoint\",\"urlTemplate\":\"https:\/\/www.he-arc.ch\/en\/?s={search_term_string}\"},\"query-input\":{\"@type\":\"PropertyValueSpecification\",\"valueRequired\":true,\"valueName\":\"search_term_string\"}}],\"inLanguage\":\"en-US\"},{\"@type\":\"Organization\",\"@id\":\"https:\/\/www.he-arc.ch\/en\/#organization\",\"name\":\"Haute Ecole Arc\",\"url\":\"https:\/\/www.he-arc.ch\/en\/\",\"logo\":{\"@type\":\"ImageObject\",\"inLanguage\":\"en-US\",\"@id\":\"https:\/\/www.he-arc.ch\/en\/#\/schema\/logo\/image\/\",\"url\":\"https:\/\/www.he-arc.ch\/wp-content\/uploads\/2022\/01\/logo-he-arc.svg\",\"contentUrl\":\"https:\/\/www.he-arc.ch\/wp-content\/uploads\/2022\/01\/logo-he-arc.svg\",\"width\":140,\"height\":42,\"caption\":\"Haute Ecole Arc\"},\"image\":{\"@id\":\"https:\/\/www.he-arc.ch\/en\/#\/schema\/logo\/image\/\"}}]}<\/script>\n<!-- \/ Yoast SEO plugin. -->","yoast_head_json":{"title":"Le management de la fronti\u00e8re dans l\u2019industrie des machines\u00a0 - Haute-Ecole Arc","robots":{"index":"index","follow":"follow","max-snippet":"max-snippet:-1","max-image-preview":"max-image-preview:large","max-video-preview":"max-video-preview:-1"},"canonical":"https:\/\/www.he-arc.ch\/en\/publications\/le-management-de-la-frontiere-dans-lindustrie-des-machines\/","og_locale":"en_US","og_type":"article","og_title":"Le management de la fronti\u00e8re dans l\u2019industrie des machines\u00a0 - Haute-Ecole Arc","og_description":"in Ivan Sainsaulieu &amp; Jean-Philippe Leresche (dir.), C\u2019est qui ton chef\u00a0?!. Sociologie du leadership en Suisse, Presses polytechniques et universitaires romandes (PPUR), Lausanne, pp. 211-222 Aris Martinelli","og_url":"https:\/\/www.he-arc.ch\/en\/publications\/le-management-de-la-frontiere-dans-lindustrie-des-machines\/","og_site_name":"Haute-Ecole Arc","article_modified_time":"2023-10-06T09:06:54+00:00","og_image":[{"width":2560,"height":1920,"url":"https:\/\/www.he-arc.ch\/wp-content\/uploads\/2021\/11\/Livres-scaled.jpg","type":"image\/jpeg"}],"twitter_card":"summary_large_image","twitter_misc":{"Est. reading time":"1 minute"},"schema":{"@context":"https:\/\/schema.org","@graph":[{"@type":"WebPage","@id":"https:\/\/www.he-arc.ch\/en\/publications\/le-management-de-la-frontiere-dans-lindustrie-des-machines\/","url":"https:\/\/www.he-arc.ch\/en\/publications\/le-management-de-la-frontiere-dans-lindustrie-des-machines\/","name":"Le management de la fronti\u00e8re dans l\u2019industrie des machines\u00a0 - Haute-Ecole Arc","isPartOf":{"@id":"https:\/\/www.he-arc.ch\/en\/#website"},"primaryImageOfPage":{"@id":"https:\/\/www.he-arc.ch\/en\/publications\/le-management-de-la-frontiere-dans-lindustrie-des-machines\/#primaryimage"},"image":{"@id":"https:\/\/www.he-arc.ch\/en\/publications\/le-management-de-la-frontiere-dans-lindustrie-des-machines\/#primaryimage"},"thumbnailUrl":"https:\/\/www.he-arc.ch\/wp-content\/uploads\/2021\/11\/Livres-scaled.jpg","datePublished":"2023-10-06T09:06:52+00:00","dateModified":"2023-10-06T09:06:54+00:00","breadcrumb":{"@id":"https:\/\/www.he-arc.ch\/en\/publications\/le-management-de-la-frontiere-dans-lindustrie-des-machines\/#breadcrumb"},"inLanguage":"en-US","potentialAction":[{"@type":"ReadAction","target":["https:\/\/www.he-arc.ch\/en\/publications\/le-management-de-la-frontiere-dans-lindustrie-des-machines\/"]}]},{"@type":"ImageObject","inLanguage":"en-US","@id":"https:\/\/www.he-arc.ch\/en\/publications\/le-management-de-la-frontiere-dans-lindustrie-des-machines\/#primaryimage","url":"https:\/\/www.he-arc.ch\/wp-content\/uploads\/2021\/11\/Livres-scaled.jpg","contentUrl":"https:\/\/www.he-arc.ch\/wp-content\/uploads\/2021\/11\/Livres-scaled.jpg","width":2560,"height":1920,"caption":"Rang\u00e9es de livres sur une \u00e9tag\u00e8re"},{"@type":"BreadcrumbList","@id":"https:\/\/www.he-arc.ch\/en\/publications\/le-management-de-la-frontiere-dans-lindustrie-des-machines\/#breadcrumb","itemListElement":[{"@type":"ListItem","position":1,"name":"Accueil","item":"https:\/\/www.he-arc.ch\/en\/"},{"@type":"ListItem","position":2,"name":"Publications","item":"https:\/\/www.he-arc.ch\/en\/publications\/"},{"@type":"ListItem","position":3,"name":"Le management de la fronti\u00e8re dans l\u2019industrie des machines\u00a0"}]},{"@type":"WebSite","@id":"https:\/\/www.he-arc.ch\/en\/#website","url":"https:\/\/www.he-arc.ch\/en\/","name":"Haute-Ecole Arc","description":"Haute \u00e9cole sp\u00e9cialis\u00e9e Suisse. Gestion, Ing\u00e9nierie, Sant\u00e9, Conservation-\u200brestauration.","publisher":{"@id":"https:\/\/www.he-arc.ch\/en\/#organization"},"potentialAction":[{"@type":"SearchAction","target":{"@type":"EntryPoint","urlTemplate":"https:\/\/www.he-arc.ch\/en\/?s={search_term_string}"},"query-input":{"@type":"PropertyValueSpecification","valueRequired":true,"valueName":"search_term_string"}}],"inLanguage":"en-US"},{"@type":"Organization","@id":"https:\/\/www.he-arc.ch\/en\/#organization","name":"Haute Ecole Arc","url":"https:\/\/www.he-arc.ch\/en\/","logo":{"@type":"ImageObject","inLanguage":"en-US","@id":"https:\/\/www.he-arc.ch\/en\/#\/schema\/logo\/image\/","url":"https:\/\/www.he-arc.ch\/wp-content\/uploads\/2022\/01\/logo-he-arc.svg","contentUrl":"https:\/\/www.he-arc.ch\/wp-content\/uploads\/2022\/01\/logo-he-arc.svg","width":140,"height":42,"caption":"Haute Ecole Arc"},"image":{"@id":"https:\/\/www.he-arc.ch\/en\/#\/schema\/logo\/image\/"}}]}},"_links":{"self":[{"href":"https:\/\/www.he-arc.ch\/en\/wp-json\/wp\/v2\/he-arc_publication\/49850","targetHints":{"allow":["GET"]}}],"collection":[{"href":"https:\/\/www.he-arc.ch\/en\/wp-json\/wp\/v2\/he-arc_publication"}],"about":[{"href":"https:\/\/www.he-arc.ch\/en\/wp-json\/wp\/v2\/types\/he-arc_publication"}],"author":[{"embeddable":true,"href":"https:\/\/www.he-arc.ch\/en\/wp-json\/wp\/v2\/users\/12"}],"version-history":[{"count":1,"href":"https:\/\/www.he-arc.ch\/en\/wp-json\/wp\/v2\/he-arc_publication\/49850\/revisions"}],"predecessor-version":[{"id":49851,"href":"https:\/\/www.he-arc.ch\/en\/wp-json\/wp\/v2\/he-arc_publication\/49850\/revisions\/49851"}],"wp:featuredmedia":[{"embeddable":true,"href":"https:\/\/www.he-arc.ch\/en\/wp-json\/wp\/v2\/media\/7646"}],"wp:attachment":[{"href":"https:\/\/www.he-arc.ch\/en\/wp-json\/wp\/v2\/media?parent=49850"}],"wp:term":[{"taxonomy":"he-arc_domain","embeddable":true,"href":"https:\/\/www.he-arc.ch\/en\/wp-json\/wp\/v2\/he-arc_domain?post=49850"}],"curies":[{"name":"wp","href":"https:\/\/api.w.org\/{rel}","templated":true}]}}

Le management de la frontière dans l’industrie des machines

<!-- This site is optimized with the Yoast SEO plugin v26.6 - https://yoast.com/wordpress/plugins/seo/ -->
<title>Le management de la frontière dans l’industrie des machines  - Haute-Ecole Arc</title>
<meta name="robots" content="index, follow, max-snippet:-1, max-image-preview:large, max-video-preview:-1" />
<link rel="canonical" href="https://www.he-arc.ch/en/publications/le-management-de-la-frontiere-dans-lindustrie-des-machines/" />
<meta property="og:locale" content="en_US" />
<meta property="og:type" content="article" />
<meta property="og:title" content="Le management de la frontière dans l’industrie des machines  - Haute-Ecole Arc" />
<meta property="og:description" content="in Ivan Sainsaulieu &amp; Jean-Philippe Leresche (dir.), C’est qui ton chef ?!. Sociologie du leadership en Suisse, Presses polytechniques et universitaires romandes (PPUR), Lausanne, pp. 211-222 Aris Martinelli" />
<meta property="og:url" content="https://www.he-arc.ch/en/publications/le-management-de-la-frontiere-dans-lindustrie-des-machines/" />
<meta property="og:site_name" content="Haute-Ecole Arc" />
<meta property="article:modified_time" content="2023-10-06T09:06:54+00:00" />
<meta property="og:image" content="https://www.he-arc.ch/wp-content/uploads/2021/11/Livres-scaled.jpg" />
	<meta property="og:image:width" content="2560" />
	<meta property="og:image:height" content="1920" />
	<meta property="og:image:type" content="image/jpeg" />
<meta name="twitter:card" content="summary_large_image" />
<meta name="twitter:label1" content="Est. reading time" />
	<meta name="twitter:data1" content="1 minute" />
<script type="application/ld+json" class="yoast-schema-graph">{"@context":"https://schema.org","@graph":[{"@type":"WebPage","@id":"https://www.he-arc.ch/en/publications/le-management-de-la-frontiere-dans-lindustrie-des-machines/","url":"https://www.he-arc.ch/en/publications/le-management-de-la-frontiere-dans-lindustrie-des-machines/","name":"Le management de la frontière dans l’industrie des machines  - Haute-Ecole Arc","isPartOf":{"@id":"https://www.he-arc.ch/en/#website"},"primaryImageOfPage":{"@id":"https://www.he-arc.ch/en/publications/le-management-de-la-frontiere-dans-lindustrie-des-machines/#primaryimage"},"image":{"@id":"https://www.he-arc.ch/en/publications/le-management-de-la-frontiere-dans-lindustrie-des-machines/#primaryimage"},"thumbnailUrl":"https://www.he-arc.ch/wp-content/uploads/2021/11/Livres-scaled.jpg","datePublished":"2023-10-06T09:06:52+00:00","dateModified":"2023-10-06T09:06:54+00:00","breadcrumb":{"@id":"https://www.he-arc.ch/en/publications/le-management-de-la-frontiere-dans-lindustrie-des-machines/#breadcrumb"},"inLanguage":"en-US","potentialAction":[{"@type":"ReadAction","target":["https://www.he-arc.ch/en/publications/le-management-de-la-frontiere-dans-lindustrie-des-machines/"]}]},{"@type":"ImageObject","inLanguage":"en-US","@id":"https://www.he-arc.ch/en/publications/le-management-de-la-frontiere-dans-lindustrie-des-machines/#primaryimage","url":"https://www.he-arc.ch/wp-content/uploads/2021/11/Livres-scaled.jpg","contentUrl":"https://www.he-arc.ch/wp-content/uploads/2021/11/Livres-scaled.jpg","width":2560,"height":1920,"caption":"Rangées de livres sur une étagère"},{"@type":"BreadcrumbList","@id":"https://www.he-arc.ch/en/publications/le-management-de-la-frontiere-dans-lindustrie-des-machines/#breadcrumb","itemListElement":[{"@type":"ListItem","position":1,"name":"Accueil","item":"https://www.he-arc.ch/en/"},{"@type":"ListItem","position":2,"name":"Publications","item":"https://www.he-arc.ch/en/publications/"},{"@type":"ListItem","position":3,"name":"Le management de la frontière dans l’industrie des machines "}]},{"@type":"WebSite","@id":"https://www.he-arc.ch/en/#website","url":"https://www.he-arc.ch/en/","name":"Haute-Ecole Arc","description":"Haute école spécialisée Suisse. Gestion, Ingénierie, Santé, Conservation-​restauration.","publisher":{"@id":"https://www.he-arc.ch/en/#organization"},"potentialAction":[{"@type":"SearchAction","target":{"@type":"EntryPoint","urlTemplate":"https://www.he-arc.ch/en/?s={search_term_string}"},"query-input":{"@type":"PropertyValueSpecification","valueRequired":true,"valueName":"search_term_string"}}],"inLanguage":"en-US"},{"@type":"Organization","@id":"https://www.he-arc.ch/en/#organization","name":"Haute Ecole Arc","url":"https://www.he-arc.ch/en/","logo":{"@type":"ImageObject","inLanguage":"en-US","@id":"https://www.he-arc.ch/en/#/schema/logo/image/","url":"https://www.he-arc.ch/wp-content/uploads/2022/01/logo-he-arc.svg","contentUrl":"https://www.he-arc.ch/wp-content/uploads/2022/01/logo-he-arc.svg","width":140,"height":42,"caption":"Haute Ecole Arc"},"image":{"@id":"https://www.he-arc.ch/en/#/schema/logo/image/"}}]}</script>
<!-- / Yoast SEO plugin. -->

Le management de la frontière dans l’industrie des machines  - Haute-Ecole Arc

Rangées de livres sur une étagère

Haute école spécialisée Suisse. Gestion, Ingénierie, Santé, Conservation-​restauration.
