{"id":64401,"date":"2024-12-09T13:57:15","date_gmt":"2024-12-09T12:57:15","guid":{"rendered":"https:\/\/www.he-arc.ch\/?post_type=he-arc_publication&#038;p=64401"},"modified":"2024-12-09T14:41:46","modified_gmt":"2024-12-09T13:41:46","slug":"la-creation-et-la-gestion-de-limage-de-marque-des-villes-via-les-reseaux-sociaux","status":"publish","type":"he-arc_publication","link":"https:\/\/www.he-arc.ch\/en\/publications\/la-creation-et-la-gestion-de-limage-de-marque-des-villes-via-les-reseaux-sociaux\/","title":{"rendered":"La cr\u00e9ation et la gestion de l\u2019image de marque des villes via les r\u00e9seaux sociaux"},"content":{"rendered":"\n<p><strong>Approche comparative des facteurs-cl\u00e9s de city branding des villes romandes<\/strong><\/p>\n\n\n\n<p>\u00a0<a href=\"https:\/\/people.he-arc.ch\/contact.php?id=646882184\" target=\"_blank\" rel=\"noreferrer noopener\">Michael Perret<\/a>, Pierre-Yves Moret, Valentine Delacrausaz, H\u00e9lo\u00efse Fortier, <a href=\"https:\/\/people.he-arc.ch\/contact.php?id=1787175679\" target=\"_blank\" rel=\"noreferrer noopener\">Suren Gunawardena<\/a>, Maria Bashutkina, <a href=\"https:\/\/people.he-arc.ch\/contact.php?id=120906597\" target=\"_blank\" rel=\"noreferrer noopener\">Alessio De Santo<\/a>, <a href=\"https:\/\/people.he-arc.ch\/contact.php?id=2837003\" target=\"_blank\" rel=\"noreferrer noopener\">Nicolas Babey<\/a> et <a href=\"https:\/\/people.he-arc.ch\/contact.php?id=367842974\">Julien Intartaglia<\/a><\/p>\n\n\n\n<ul class=\"wp-block-list\">\n<li><a href=\"https:\/\/www.he-arc.ch\/wp-content\/uploads\/2024\/12\/Rapport_scientifique_CityBrandingRS.pdf\">En savoir plus<\/a><\/li>\n<\/ul>\n\n\n\n<p><\/p>\n\n\n\n<p><\/p>\n","protected":false},"author":12,"featured_media":17685,"template":"","he-arc_domain":[2],"class_list":["post-64401","he-arc_publication","type-he-arc_publication","status-publish","has-post-thumbnail","hentry","he-arc_domain-gestion"],"acf":[],"yoast_head":"<!-- This site is optimized with the Yoast SEO plugin v26.6 - https:\/\/yoast.com\/wordpress\/plugins\/seo\/ -->\n<title>La cr\u00e9ation et la gestion de l\u2019image de marque des villes via les r\u00e9seaux sociaux - Haute-Ecole Arc<\/title>\n<meta name=\"robots\" content=\"index, follow, max-snippet:-1, max-image-preview:large, max-video-preview:-1\" \/>\n<link rel=\"canonical\" href=\"https:\/\/www.he-arc.ch\/en\/publications\/la-creation-et-la-gestion-de-limage-de-marque-des-villes-via-les-reseaux-sociaux\/\" \/>\n<meta property=\"og:locale\" content=\"en_US\" \/>\n<meta property=\"og:type\" content=\"article\" \/>\n<meta property=\"og:title\" content=\"La cr\u00e9ation et la gestion de l\u2019image de marque des villes via les r\u00e9seaux sociaux - Haute-Ecole Arc\" \/>\n<meta property=\"og:description\" content=\"Approche comparative des facteurs-cl\u00e9s de city branding des villes romandes \u00a0Michael Perret, Pierre-Yves Moret, Valentine Delacrausaz, H\u00e9lo\u00efse Fortier, Suren Gunawardena, Maria Bashutkina, Alessio De Santo, Nicolas Babey et Julien Intartaglia\" \/>\n<meta property=\"og:url\" content=\"https:\/\/www.he-arc.ch\/en\/publications\/la-creation-et-la-gestion-de-limage-de-marque-des-villes-via-les-reseaux-sociaux\/\" \/>\n<meta property=\"og:site_name\" content=\"Haute-Ecole Arc\" \/>\n<meta property=\"article:modified_time\" content=\"2024-12-09T13:41:46+00:00\" \/>\n<meta property=\"og:image\" content=\"https:\/\/www.he-arc.ch\/wp-content\/uploads\/oldsite\/publi\/publications-article.jpg\" \/>\n\t<meta property=\"og:image:width\" content=\"200\" \/>\n\t<meta property=\"og:image:height\" content=\"132\" \/>\n\t<meta property=\"og:image:type\" content=\"image\/jpeg\" \/>\n<meta name=\"twitter:card\" content=\"summary_large_image\" \/>\n<meta name=\"twitter:label1\" content=\"Est. reading time\" \/>\n\t<meta name=\"twitter:data1\" content=\"1 minute\" \/>\n<script type=\"application\/ld+json\" class=\"yoast-schema-graph\">{\"@context\":\"https:\/\/schema.org\",\"@graph\":[{\"@type\":\"WebPage\",\"@id\":\"https:\/\/www.he-arc.ch\/en\/publications\/la-creation-et-la-gestion-de-limage-de-marque-des-villes-via-les-reseaux-sociaux\/\",\"url\":\"https:\/\/www.he-arc.ch\/en\/publications\/la-creation-et-la-gestion-de-limage-de-marque-des-villes-via-les-reseaux-sociaux\/\",\"name\":\"La cr\u00e9ation et la gestion de l\u2019image de marque des villes via les r\u00e9seaux sociaux - Haute-Ecole Arc\",\"isPartOf\":{\"@id\":\"https:\/\/www.he-arc.ch\/en\/#website\"},\"primaryImageOfPage\":{\"@id\":\"https:\/\/www.he-arc.ch\/en\/publications\/la-creation-et-la-gestion-de-limage-de-marque-des-villes-via-les-reseaux-sociaux\/#primaryimage\"},\"image\":{\"@id\":\"https:\/\/www.he-arc.ch\/en\/publications\/la-creation-et-la-gestion-de-limage-de-marque-des-villes-via-les-reseaux-sociaux\/#primaryimage\"},\"thumbnailUrl\":\"https:\/\/www.he-arc.ch\/wp-content\/uploads\/oldsite\/publi\/publications-article.jpg\",\"datePublished\":\"2024-12-09T12:57:15+00:00\",\"dateModified\":\"2024-12-09T13:41:46+00:00\",\"breadcrumb\":{\"@id\":\"https:\/\/www.he-arc.ch\/en\/publications\/la-creation-et-la-gestion-de-limage-de-marque-des-villes-via-les-reseaux-sociaux\/#breadcrumb\"},\"inLanguage\":\"en-US\",\"potentialAction\":[{\"@type\":\"ReadAction\",\"target\":[\"https:\/\/www.he-arc.ch\/en\/publications\/la-creation-et-la-gestion-de-limage-de-marque-des-villes-via-les-reseaux-sociaux\/\"]}]},{\"@type\":\"ImageObject\",\"inLanguage\":\"en-US\",\"@id\":\"https:\/\/www.he-arc.ch\/en\/publications\/la-creation-et-la-gestion-de-limage-de-marque-des-villes-via-les-reseaux-sociaux\/#primaryimage\",\"url\":\"https:\/\/www.he-arc.ch\/wp-content\/uploads\/oldsite\/publi\/publications-article.jpg\",\"contentUrl\":\"https:\/\/www.he-arc.ch\/wp-content\/uploads\/oldsite\/publi\/publications-article.jpg\",\"width\":200,\"height\":132},{\"@type\":\"BreadcrumbList\",\"@id\":\"https:\/\/www.he-arc.ch\/en\/publications\/la-creation-et-la-gestion-de-limage-de-marque-des-villes-via-les-reseaux-sociaux\/#breadcrumb\",\"itemListElement\":[{\"@type\":\"ListItem\",\"position\":1,\"name\":\"Accueil\",\"item\":\"https:\/\/www.he-arc.ch\/en\/\"},{\"@type\":\"ListItem\",\"position\":2,\"name\":\"Publications\",\"item\":\"https:\/\/www.he-arc.ch\/en\/publications\/\"},{\"@type\":\"ListItem\",\"position\":3,\"name\":\"La cr\u00e9ation et la gestion de l\u2019image de marque des villes via les r\u00e9seaux sociaux\"}]},{\"@type\":\"WebSite\",\"@id\":\"https:\/\/www.he-arc.ch\/en\/#website\",\"url\":\"https:\/\/www.he-arc.ch\/en\/\",\"name\":\"Haute-Ecole Arc\",\"description\":\"Haute \u00e9cole sp\u00e9cialis\u00e9e Suisse. Gestion, Ing\u00e9nierie, Sant\u00e9, Conservation-\u200brestauration.\",\"publisher\":{\"@id\":\"https:\/\/www.he-arc.ch\/en\/#organization\"},\"potentialAction\":[{\"@type\":\"SearchAction\",\"target\":{\"@type\":\"EntryPoint\",\"urlTemplate\":\"https:\/\/www.he-arc.ch\/en\/?s={search_term_string}\"},\"query-input\":{\"@type\":\"PropertyValueSpecification\",\"valueRequired\":true,\"valueName\":\"search_term_string\"}}],\"inLanguage\":\"en-US\"},{\"@type\":\"Organization\",\"@id\":\"https:\/\/www.he-arc.ch\/en\/#organization\",\"name\":\"Haute Ecole Arc\",\"url\":\"https:\/\/www.he-arc.ch\/en\/\",\"logo\":{\"@type\":\"ImageObject\",\"inLanguage\":\"en-US\",\"@id\":\"https:\/\/www.he-arc.ch\/en\/#\/schema\/logo\/image\/\",\"url\":\"https:\/\/www.he-arc.ch\/wp-content\/uploads\/2022\/01\/logo-he-arc.svg\",\"contentUrl\":\"https:\/\/www.he-arc.ch\/wp-content\/uploads\/2022\/01\/logo-he-arc.svg\",\"width\":140,\"height\":42,\"caption\":\"Haute Ecole Arc\"},\"image\":{\"@id\":\"https:\/\/www.he-arc.ch\/en\/#\/schema\/logo\/image\/\"}}]}<\/script>\n<!-- \/ Yoast SEO plugin. -->","yoast_head_json":{"title":"La cr\u00e9ation et la gestion de l\u2019image de marque des villes via les r\u00e9seaux sociaux - Haute-Ecole Arc","robots":{"index":"index","follow":"follow","max-snippet":"max-snippet:-1","max-image-preview":"max-image-preview:large","max-video-preview":"max-video-preview:-1"},"canonical":"https:\/\/www.he-arc.ch\/en\/publications\/la-creation-et-la-gestion-de-limage-de-marque-des-villes-via-les-reseaux-sociaux\/","og_locale":"en_US","og_type":"article","og_title":"La cr\u00e9ation et la gestion de l\u2019image de marque des villes via les r\u00e9seaux sociaux - Haute-Ecole Arc","og_description":"Approche comparative des facteurs-cl\u00e9s de city branding des villes romandes \u00a0Michael Perret, Pierre-Yves Moret, Valentine Delacrausaz, H\u00e9lo\u00efse Fortier, Suren Gunawardena, Maria Bashutkina, Alessio De Santo, Nicolas Babey et Julien Intartaglia","og_url":"https:\/\/www.he-arc.ch\/en\/publications\/la-creation-et-la-gestion-de-limage-de-marque-des-villes-via-les-reseaux-sociaux\/","og_site_name":"Haute-Ecole Arc","article_modified_time":"2024-12-09T13:41:46+00:00","og_image":[{"width":200,"height":132,"url":"https:\/\/www.he-arc.ch\/wp-content\/uploads\/oldsite\/publi\/publications-article.jpg","type":"image\/jpeg"}],"twitter_card":"summary_large_image","twitter_misc":{"Est. reading time":"1 minute"},"schema":{"@context":"https:\/\/schema.org","@graph":[{"@type":"WebPage","@id":"https:\/\/www.he-arc.ch\/en\/publications\/la-creation-et-la-gestion-de-limage-de-marque-des-villes-via-les-reseaux-sociaux\/","url":"https:\/\/www.he-arc.ch\/en\/publications\/la-creation-et-la-gestion-de-limage-de-marque-des-villes-via-les-reseaux-sociaux\/","name":"La cr\u00e9ation et la gestion de l\u2019image de marque des villes via les r\u00e9seaux sociaux - Haute-Ecole Arc","isPartOf":{"@id":"https:\/\/www.he-arc.ch\/en\/#website"},"primaryImageOfPage":{"@id":"https:\/\/www.he-arc.ch\/en\/publications\/la-creation-et-la-gestion-de-limage-de-marque-des-villes-via-les-reseaux-sociaux\/#primaryimage"},"image":{"@id":"https:\/\/www.he-arc.ch\/en\/publications\/la-creation-et-la-gestion-de-limage-de-marque-des-villes-via-les-reseaux-sociaux\/#primaryimage"},"thumbnailUrl":"https:\/\/www.he-arc.ch\/wp-content\/uploads\/oldsite\/publi\/publications-article.jpg","datePublished":"2024-12-09T12:57:15+00:00","dateModified":"2024-12-09T13:41:46+00:00","breadcrumb":{"@id":"https:\/\/www.he-arc.ch\/en\/publications\/la-creation-et-la-gestion-de-limage-de-marque-des-villes-via-les-reseaux-sociaux\/#breadcrumb"},"inLanguage":"en-US","potentialAction":[{"@type":"ReadAction","target":["https:\/\/www.he-arc.ch\/en\/publications\/la-creation-et-la-gestion-de-limage-de-marque-des-villes-via-les-reseaux-sociaux\/"]}]},{"@type":"ImageObject","inLanguage":"en-US","@id":"https:\/\/www.he-arc.ch\/en\/publications\/la-creation-et-la-gestion-de-limage-de-marque-des-villes-via-les-reseaux-sociaux\/#primaryimage","url":"https:\/\/www.he-arc.ch\/wp-content\/uploads\/oldsite\/publi\/publications-article.jpg","contentUrl":"https:\/\/www.he-arc.ch\/wp-content\/uploads\/oldsite\/publi\/publications-article.jpg","width":200,"height":132},{"@type":"BreadcrumbList","@id":"https:\/\/www.he-arc.ch\/en\/publications\/la-creation-et-la-gestion-de-limage-de-marque-des-villes-via-les-reseaux-sociaux\/#breadcrumb","itemListElement":[{"@type":"ListItem","position":1,"name":"Accueil","item":"https:\/\/www.he-arc.ch\/en\/"},{"@type":"ListItem","position":2,"name":"Publications","item":"https:\/\/www.he-arc.ch\/en\/publications\/"},{"@type":"ListItem","position":3,"name":"La cr\u00e9ation et la gestion de l\u2019image de marque des villes via les r\u00e9seaux sociaux"}]},{"@type":"WebSite","@id":"https:\/\/www.he-arc.ch\/en\/#website","url":"https:\/\/www.he-arc.ch\/en\/","name":"Haute-Ecole Arc","description":"Haute \u00e9cole sp\u00e9cialis\u00e9e Suisse. Gestion, Ing\u00e9nierie, Sant\u00e9, Conservation-\u200brestauration.","publisher":{"@id":"https:\/\/www.he-arc.ch\/en\/#organization"},"potentialAction":[{"@type":"SearchAction","target":{"@type":"EntryPoint","urlTemplate":"https:\/\/www.he-arc.ch\/en\/?s={search_term_string}"},"query-input":{"@type":"PropertyValueSpecification","valueRequired":true,"valueName":"search_term_string"}}],"inLanguage":"en-US"},{"@type":"Organization","@id":"https:\/\/www.he-arc.ch\/en\/#organization","name":"Haute Ecole Arc","url":"https:\/\/www.he-arc.ch\/en\/","logo":{"@type":"ImageObject","inLanguage":"en-US","@id":"https:\/\/www.he-arc.ch\/en\/#\/schema\/logo\/image\/","url":"https:\/\/www.he-arc.ch\/wp-content\/uploads\/2022\/01\/logo-he-arc.svg","contentUrl":"https:\/\/www.he-arc.ch\/wp-content\/uploads\/2022\/01\/logo-he-arc.svg","width":140,"height":42,"caption":"Haute Ecole Arc"},"image":{"@id":"https:\/\/www.he-arc.ch\/en\/#\/schema\/logo\/image\/"}}]}},"_links":{"self":[{"href":"https:\/\/www.he-arc.ch\/en\/wp-json\/wp\/v2\/he-arc_publication\/64401","targetHints":{"allow":["GET"]}}],"collection":[{"href":"https:\/\/www.he-arc.ch\/en\/wp-json\/wp\/v2\/he-arc_publication"}],"about":[{"href":"https:\/\/www.he-arc.ch\/en\/wp-json\/wp\/v2\/types\/he-arc_publication"}],"author":[{"embeddable":true,"href":"https:\/\/www.he-arc.ch\/en\/wp-json\/wp\/v2\/users\/12"}],"version-history":[{"count":4,"href":"https:\/\/www.he-arc.ch\/en\/wp-json\/wp\/v2\/he-arc_publication\/64401\/revisions"}],"predecessor-version":[{"id":64411,"href":"https:\/\/www.he-arc.ch\/en\/wp-json\/wp\/v2\/he-arc_publication\/64401\/revisions\/64411"}],"wp:featuredmedia":[{"embeddable":true,"href":"https:\/\/www.he-arc.ch\/en\/wp-json\/wp\/v2\/media\/17685"}],"wp:attachment":[{"href":"https:\/\/www.he-arc.ch\/en\/wp-json\/wp\/v2\/media?parent=64401"}],"wp:term":[{"taxonomy":"he-arc_domain","embeddable":true,"href":"https:\/\/www.he-arc.ch\/en\/wp-json\/wp\/v2\/he-arc_domain?post=64401"}],"curies":[{"name":"wp","href":"https:\/\/api.w.org\/{rel}","templated":true}]}}

La création et la gestion de l’image de marque des villes via les réseaux sociaux

<p><strong>Approche comparative des facteurs-clés de city branding des villes romandes</strong></p>



<p> <a href="https://people.he-arc.ch/contact.php?id=646882184" target="_blank" rel="noreferrer noopener">Michael Perret</a>, Pierre-Yves Moret, Valentine Delacrausaz, Héloïse Fortier, <a href="https://people.he-arc.ch/contact.php?id=1787175679" target="_blank" rel="noreferrer noopener">Suren Gunawardena</a>, Maria Bashutkina, <a href="https://people.he-arc.ch/contact.php?id=120906597" target="_blank" rel="noreferrer noopener">Alessio De Santo</a>, <a href="https://people.he-arc.ch/contact.php?id=2837003" target="_blank" rel="noreferrer noopener">Nicolas Babey</a> et <a href="https://people.he-arc.ch/contact.php?id=367842974">Julien Intartaglia</a></p>



<ul class="wp-block-list">
<li><a href="https://www.he-arc.ch/wp-content/uploads/2024/12/Rapport_scientifique_CityBrandingRS.pdf">En savoir plus</a></li>
</ul>



<p></p>



<p></p>

<!-- This site is optimized with the Yoast SEO plugin v26.6 - https://yoast.com/wordpress/plugins/seo/ -->
<title>La création et la gestion de l’image de marque des villes via les réseaux sociaux - Haute-Ecole Arc</title>
<meta name="robots" content="index, follow, max-snippet:-1, max-image-preview:large, max-video-preview:-1" />
<link rel="canonical" href="https://www.he-arc.ch/en/publications/la-creation-et-la-gestion-de-limage-de-marque-des-villes-via-les-reseaux-sociaux/" />
<meta property="og:locale" content="en_US" />
<meta property="og:type" content="article" />
<meta property="og:title" content="La création et la gestion de l’image de marque des villes via les réseaux sociaux - Haute-Ecole Arc" />
<meta property="og:description" content="Approche comparative des facteurs-clés de city branding des villes romandes  Michael Perret, Pierre-Yves Moret, Valentine Delacrausaz, Héloïse Fortier, Suren Gunawardena, Maria Bashutkina, Alessio De Santo, Nicolas Babey et Julien Intartaglia" />
<meta property="og:url" content="https://www.he-arc.ch/en/publications/la-creation-et-la-gestion-de-limage-de-marque-des-villes-via-les-reseaux-sociaux/" />
<meta property="og:site_name" content="Haute-Ecole Arc" />
<meta property="article:modified_time" content="2024-12-09T13:41:46+00:00" />
<meta property="og:image" content="https://www.he-arc.ch/wp-content/uploads/oldsite/publi/publications-article.jpg" />
	<meta property="og:image:width" content="200" />
	<meta property="og:image:height" content="132" />
	<meta property="og:image:type" content="image/jpeg" />
<meta name="twitter:card" content="summary_large_image" />
<meta name="twitter:label1" content="Est. reading time" />
	<meta name="twitter:data1" content="1 minute" />
<script type="application/ld+json" class="yoast-schema-graph">{"@context":"https://schema.org","@graph":[{"@type":"WebPage","@id":"https://www.he-arc.ch/en/publications/la-creation-et-la-gestion-de-limage-de-marque-des-villes-via-les-reseaux-sociaux/","url":"https://www.he-arc.ch/en/publications/la-creation-et-la-gestion-de-limage-de-marque-des-villes-via-les-reseaux-sociaux/","name":"La création et la gestion de l’image de marque des villes via les réseaux sociaux - Haute-Ecole Arc","isPartOf":{"@id":"https://www.he-arc.ch/en/#website"},"primaryImageOfPage":{"@id":"https://www.he-arc.ch/en/publications/la-creation-et-la-gestion-de-limage-de-marque-des-villes-via-les-reseaux-sociaux/#primaryimage"},"image":{"@id":"https://www.he-arc.ch/en/publications/la-creation-et-la-gestion-de-limage-de-marque-des-villes-via-les-reseaux-sociaux/#primaryimage"},"thumbnailUrl":"https://www.he-arc.ch/wp-content/uploads/oldsite/publi/publications-article.jpg","datePublished":"2024-12-09T12:57:15+00:00","dateModified":"2024-12-09T13:41:46+00:00","breadcrumb":{"@id":"https://www.he-arc.ch/en/publications/la-creation-et-la-gestion-de-limage-de-marque-des-villes-via-les-reseaux-sociaux/#breadcrumb"},"inLanguage":"en-US","potentialAction":[{"@type":"ReadAction","target":["https://www.he-arc.ch/en/publications/la-creation-et-la-gestion-de-limage-de-marque-des-villes-via-les-reseaux-sociaux/"]}]},{"@type":"ImageObject","inLanguage":"en-US","@id":"https://www.he-arc.ch/en/publications/la-creation-et-la-gestion-de-limage-de-marque-des-villes-via-les-reseaux-sociaux/#primaryimage","url":"https://www.he-arc.ch/wp-content/uploads/oldsite/publi/publications-article.jpg","contentUrl":"https://www.he-arc.ch/wp-content/uploads/oldsite/publi/publications-article.jpg","width":200,"height":132},{"@type":"BreadcrumbList","@id":"https://www.he-arc.ch/en/publications/la-creation-et-la-gestion-de-limage-de-marque-des-villes-via-les-reseaux-sociaux/#breadcrumb","itemListElement":[{"@type":"ListItem","position":1,"name":"Accueil","item":"https://www.he-arc.ch/en/"},{"@type":"ListItem","position":2,"name":"Publications","item":"https://www.he-arc.ch/en/publications/"},{"@type":"ListItem","position":3,"name":"La création et la gestion de l’image de marque des villes via les réseaux sociaux"}]},{"@type":"WebSite","@id":"https://www.he-arc.ch/en/#website","url":"https://www.he-arc.ch/en/","name":"Haute-Ecole Arc","description":"Haute école spécialisée Suisse. Gestion, Ingénierie, Santé, Conservation-​restauration.","publisher":{"@id":"https://www.he-arc.ch/en/#organization"},"potentialAction":[{"@type":"SearchAction","target":{"@type":"EntryPoint","urlTemplate":"https://www.he-arc.ch/en/?s={search_term_string}"},"query-input":{"@type":"PropertyValueSpecification","valueRequired":true,"valueName":"search_term_string"}}],"inLanguage":"en-US"},{"@type":"Organization","@id":"https://www.he-arc.ch/en/#organization","name":"Haute Ecole Arc","url":"https://www.he-arc.ch/en/","logo":{"@type":"ImageObject","inLanguage":"en-US","@id":"https://www.he-arc.ch/en/#/schema/logo/image/","url":"https://www.he-arc.ch/wp-content/uploads/2022/01/logo-he-arc.svg","contentUrl":"https://www.he-arc.ch/wp-content/uploads/2022/01/logo-he-arc.svg","width":140,"height":42,"caption":"Haute Ecole Arc"},"image":{"@id":"https://www.he-arc.ch/en/#/schema/logo/image/"}}]}</script>
<!-- / Yoast SEO plugin. -->

La création et la gestion de l’image de marque des villes via les réseaux sociaux - Haute-Ecole Arc

Approche comparative des facteurs-clés de city branding des villes romandes  Michael Perret, Pierre-Yves Moret, Valentine Delacrausaz, Héloïse Fortier, Suren Gunawardena, Maria Bashutkina, Alessio De Santo, Nicolas Babey et Julien Intartaglia

Haute école spécialisée Suisse. Gestion, Ingénierie, Santé, Conservation-​restauration.
